09-18 11:00:29.489 I/python  (25081):    File "/home/asandy/noGo/.buildozer/android/app/sgfcollections.py", line 363, in save
09-18 11:00:29.489 I/python  (25081):  IOError: [Errno 22] invalid mode ('w') or filename: '/sdcard/noGo/collections/unsaved//Wed_Sep_18_11:00:28_2013.sgf.json'
09-18 11:00:29.739 I/python  (25081): Python for android ended.
09-18 11:00:29.979 I/WindowManager(298): WIN DEATH: Window{4162b980 net.inclem.nogo/org.renpy.android.PythonActivity paused=false}
09-18 11:00:29.979 I/ActivityManager(298): Process net.inclem.nogo:python (pid 25081) has died.
09-18 11:00:29.979 W/ActivityManager(298): Force removing ActivityRecord{415caaa0 net.inclem.nogo/org.renpy.android.PythonActivity}: app died, no saved state
09-18 11:00:29.989 D/memalloc(111): /dev/pmem: Freeing buffer base:0x4303c000 size:1474560 offset:24453120 fd:72
09-18 11:00:29.989 D/memalloc(111): /dev/pmem: Freeing buffer base:0x41ec6000 size:1474560 offset:6144000 fd:30
09-18 11:00:29.989 W/WindowManager(298): Force-removing child win Window{4167fed8 SurfaceView paused=false} from container Window{4162b980 net.inclem.nogo/org.renpy.android.PythonActivity paused=false}
09-18 11:00:30.000 W/WindowManager(298): updateFocusedWindowLocked newFocus=null mode=0 mCurrentFocus = Window{4162b980 net.inclem.nogo/org.renpy.android.PythonActivity paused=false}
09-18 11:00:30.000 W/WindowManager(298): updateFocusedWindowLocked newFocus=null mode=0 mCurrentFocus = null
09-18 11:00:30.030 D/memalloc(111): /dev/pmem: Freeing buffer base:0x428e9000 size:1474560 offset:16773120 fd:54
09-18 11:00:30.030 D/memalloc(111): /dev/pmem: Freeing buffer base:0x42d4e000 size:1536000 offset:21381120 fd:66
09-18 11:00:30.030 D/memalloc(111): /dev/pmem: Freeing buffer base:0x42ec5000 size:1536000 offset:22917120 fd:69
09-18 11:00:30.040 W/WindowManager(298): Failed looking up window
09-18 11:00:30.040 W/WindowManager(298): java.lang.IllegalArgumentException: Requested window android.os.BinderProxy@4152eaa8 does not exist
09-18 11:00:30.040 W/WindowManager(298): 	at com.android.server.wm.WindowManagerService.windowForClientLocked(WindowManagerService.java:7243)
09-18 11:00:30.040 W/WindowManager(298): 	at com.android.server.wm.WindowManagerService.windowForClientLocked(WindowManagerService.java:7234)
09-18 11:00:30.040 W/WindowManager(298): 	at com.android.server.wm.WindowState$DeathRecipient.binderDied(WindowState.java:1545)
09-18 11:00:30.040 W/WindowManager(298): 	at android.os.BinderProxy.sendDeathNotice(Binder.java:417)
09-18 11:00:30.040 W/WindowManager(298): 	at dalvik.system.NativeStart.run(Native Method)
09-18 11:00:30.040 I/WindowManager(298): SCREENLAYOUT_SIZE (1:small, 2:normal, 3:large, 4:xlarge) 2
09-18 11:00:30.040 I/WindowManager(298): WIN DEATH: null
09-18 11:00:30.040 W/WindowManager(298): updateFocusedWindowLocked newFocus=null mode=0 mCurrentFocus = null
09-18 11:00:30.050 W/WindowManager(298): updateFocusedWindowLocked newFocus=null mode=3 mCurrentFocus = null
09-18 11:00:30.060 E/Launcher(25057): onResume
09-18 11:00:30.290 I/ONCRPC  (110): rpc_handle_rpc_call: for Xid: 48be, Prog: 31000000, Vers: fc37ad5c, Proc: 00000012
09-18 11:00:30.290 I/ONCRPC  (110): rpc_handle_rpc_call: Find Status: 0 Xid: 48be
09-18 11:00:30.290 I/ONCRPC  (110): oncrpc_proxy_handle_cmd_rpc_call: Dispatching xid: 48be
09-18 11:00:30.320 W/SignalStrength(2041): SignalStrength before validate=SignalStrength: 10 255 -1 -1 -1 -1 -1 99 -32767 -32767 -32767 -32767 cdma
09-18 11:00:30.320 W/SignalStrength(2041): SignalStrength after validate=SignalStrength: 10 255 -120 -160 -120 -1 -1 99 2147483647 2147483647 2147483647 -32767 cdma
09-18 11:00:30.330 W/SignalStrength(298): getLTELevel - rsrp:2147483647 snr:2147483647 rsrpIconLevel:-1 snrIconLevel:-1
09-18 11:00:30.330 W/SignalStrength(298): getLTELevel - rssi:99 rssiIconLevel:0
09-18 11:00:30.330 W/SignalStrength(298): getLevel=2
09-18 11:00:30.340 W/SignalStrength(2171): getLTELevel - rsrp:2147483647 snr:2147483647 rsrpIconLevel:-1 snrIconLevel:-1
09-18 11:00:30.340 W/SignalStrength(2171): getLTELevel - rssi:99 rssiIconLevel:0
09-18 11:00:30.340 W/SignalStrength(2171): getLevel=2
09-18 11:00:30.340 D/StatusBar.NetworkController(2171): updateTelephonySignalStrength.... 
09-18 11:00:30.340 D/StatusBar.NetworkController(2171): updateTelephonySignalStrength==>mDataServiceState0
09-18 11:00:30.340 W/SignalStrength(2171): getLTELevel - rsrp:2147483647 snr:2147483647 rsrpIconLevel:-1 snrIconLevel:-1
09-18 11:00:30.340 W/SignalStrength(2171): getLTELevel - rssi:99 rssiIconLevel:0
09-18 11:00:30.340 W/SignalStrength(2171): getLevel=2
09-18 11:00:30.340 D/StatusBar.NetworkController(2171): updateTelephonySignalStrength==>isCDMA = false
09-18 11:00:30.340 D/StatusBar.NetworkController(2171): updateTelephonySignalStrength==>isNetworkRoaming = false
09-18 11:00:30.340 D/StatusBar.NetworkController(2171): onSignalStrengthsChanged signalStrength=SignalStrength: 10 255 -120 -160 -120 -1 -1 99 2147483647 2147483647 2147483647 -32767 gsm|lte level=2
09-18 11:00:30.350 D/StatusBar.NetworkController(2171): checkDataConnected-mDataConnected=false
09-18 11:00:30.350 D/StatusBar.NetworkController(2171): checkDataConnected unknown 2 mDataTypeIconId=2130837671
09-18 11:00:30.350 D/StatusBar.NetworkController(2171): refreshViews==>mHasMobileDataFeature = true
09-18 11:00:30.350 D/StatusBar.NetworkController(2171): refreshViews==>mDataTypeIconId = 2130837671
09-18 11:00:30.350 W/SignalStrength(2171): getLTELevel - rsrp:2147483647 snr:2147483647 rsrpIconLevel:-1 snrIconLevel:-1
09-18 11:00:30.350 W/SignalStrength(2171): getLTELevel - rssi:99 rssiIconLevel:0
09-18 11:00:30.350 W/SignalStrength(2171): getLevel=2
09-18 11:00:30.350 D/StatusBar.NetworkController(2171): refreshSignalCluster....
09-18 11:00:30.350 D/StatusBar.NetworkController(2171): refreshViews connected={ } level=2 combinedSignalIconId=0x7f0200fa/com.android.systemui:drawable/stat_sys_signal_2 combinedActivityIconId=0x0 mAirplaneMode=false mDataActivity=0 mPhoneSignalIconId=0x7f0200fa mDataDirectionIconId=0x0 mDataSignalIconId=0x7f0200fa mDataTypeIconId=0x7f0200a7 mNoSimIconId=0x0 mWifiIconId=0x0 mBluetoothTetherIconId=0x10805b2
09-18 11:00:30.360 D/StatusBar.NetworkController(2171): refreshViews==>mPhoneSignalIconViews.size = 0
09-18 11:00:30.360 D/StatusBar.NetworkController(2171): refreshViews==>mCombinedSignalIconViews.size = 0
09-18 11:00:30.480 D/Debug   (25057): LayoutParams(writeToParcel) false
09-18 11:00:30.480 D/Debug   (298): LayoutParams(Parcel in) false
09-18 11:00:30.480 W/WindowManager(298): updateFocusedWindowLocked newFocus=Window{41575a50 com.android.launcher/com.android.launcher2.Launcher paused=false} mode=3 mCurrentFocus = null
09-18 11:00:30.550 I/Adreno200-EGLSUB(25057): <ConfigWindowMatch:2081>: Format RGBA_8888.
09-18 11:00:30.550 D/memalloc(111): /dev/pmem: Allocated buffer base:0x418ea000 size:1536000 offset:6144000 fd:30
09-18 11:00:30.560 D/memalloc(25057): /dev/pmem: Mapped buffer base:0x5cb48000 size:7680000 offset:6144000 fd:61
09-18 11:00:30.580 I/AppsCustomizePagedView(25057): Run__FmLayIsTransitioning___mContentType== Applications
09-18 11:00:30.580 I/AppsCustomizePagedView(25057): showAllAppsCling__mHasShownAllAppsClingfalse
09-18 11:00:30.580 I/AppsCustomizePagedView(25057): showAllAppsCling__isDataReady()true
09-18 11:00:30.580 I/AppsCustomizePagedView(25057): showAllAppsCling__testDataReady()true
09-18 11:00:30.600 W/InputManagerService(298): Got RemoteException sending setActive(false) notification to pid 25081 uid 10005
09-18 11:00:30.730 D/memalloc(111): /dev/pmem: Allocated buffer base:0x418ea000 size:1536000 offset:16773120 fd:54
09-18 11:00:30.740 D/memalloc(25057): /dev/pmem: Mapped buffer base:0x5e36b000 size:18309120 offset:16773120 fd:64
09-18 11:00:30.740 I/Adreno200-EGLSUB(111): <CreateImage:896>: Android Image
09-18 11:00:30.740 I/Adreno200-EGLSUB(111): <GetImageAttributes:1105>: RGBA_8888
09-18 11:00:30.750 W/WindowManager(298): updateFocusedWindowLocked newFocus=Window{41575a50 com.android.launcher/com.android.launcher2.Launcher paused=false} mode=2 mCurrentFocus = Window{41575a50 com.android.launcher/com.android.launcher2.Launcher paused=false}
09-18 11:00:30.750 W/WindowManager(298): updateFocusedWindowLocked newFocus=Window{41575a50 com.android.launcher/com.android.launcher2.Launcher paused=false} mode=2 mCurrentFocus = Window{41575a50 com.android.launcher/com.android.launcher2.Launcher paused=false}
09-18 11:00:36.276 D/memalloc(111): /dev/pmem: Allocated buffer base:0x418ea000 size:1536000 offset:18309120 fd:60
09-18 11:00:36.306 D/memalloc(25057): /dev/pmem: Mapped buffer base:0x5ffce000 size:19845120 offset:18309120 fd:67
09-18 11:00:36.306 I/Adreno200-EGLSUB(111): <CreateImage:896>: Android Image
09-18 11:00:36.306 I/Adreno200-EGLSUB(111): <GetImageAttributes:1105>: RGBA_8888
09-18 11:00:36.306 E/Launcher(25057): wjx __startActivitySafely___intent.com=ComponentInfo{net.inclem.nogo/org.renpy.android.PythonActivity}
09-18 11:00:36.316 I/ActivityManager(298): START {act=android.intent.action.MAIN cat=[android.intent.category.LAUNCHER] flg=0x10000000 pkg=net.inclem.nogo cmp=net.inclem.nogo/org.renpy.android.PythonActivity bnds=[0,98][120,248]} from pid 25057
09-18 11:00:36.396 W/WindowManager(298): updateFocusedWindowLocked newFocus=Window{41575a50 com.android.launcher/com.android.launcher2.Launcher paused=true} mode=3 mCurrentFocus = Window{41575a50 com.android.launcher/com.android.launcher2.Launcher paused=true}
09-18 11:00:36.436 D/memalloc(111): /dev/pmem: Allocated buffer base:0x418ea000 size:1536000 offset:19845120 fd:63
09-18 11:00:36.436 I/ActivityManager(298): Start proc net.inclem.nogo:python for activity net.inclem.nogo/org.renpy.android.PythonActivity: pid=25113 uid=10005 gids={1015}
09-18 11:00:36.446 D/memalloc(298): /dev/pmem: Mapped buffer base:0x621a5000 size:21381120 offset:19845120 fd:270
09-18 11:00:36.446 I/Adreno200-EGLSUB(111): <CreateImage:896>: Android Image
09-18 11:00:36.446 I/Adreno200-EGLSUB(111): <GetImageAttributes:1105>: RGBA_8888
09-18 11:00:36.476 I/Adreno200-EGLSUB(111): <CreateImage:896>: Android Image
09-18 11:00:36.476 I/Adreno200-EGLSUB(111): <GetImageAttributes:1161>: RGBX_8888
09-18 11:00:36.496 I/WindowManager(298): SCREENLAYOUT_SIZE (1:small, 2:normal, 3:large, 4:xlarge) 2
09-18 11:00:36.506 W/WindowManager(298): updateFocusedWindowLocked newFocus=null mode=0 mCurrentFocus = Window{41575a50 com.android.launcher/com.android.launcher2.Launcher paused=false}
09-18 11:00:36.516 W/WindowManager(298): updateFocusedWindowLocked newFocus=null mode=2 mCurrentFocus = null
09-18 11:00:36.516 W/WindowManager(298): updateFocusedWindowLocked newFocus=null mode=2 mCurrentFocus = null
09-18 11:00:36.576 W/ResourceType(25113): No package identifier when getting value for resource number 0x00000000
09-18 11:00:36.586 V/python  (25113): metadata fullscreen is0
09-18 11:00:36.646 D/Debug   (25113): LayoutParams(writeToParcel) false
09-18 11:00:36.646 W/ResourceType(25113): No package identifier when getting value for resource number 0x00000000
09-18 11:00:36.646 D/Debug   (298): LayoutParams(Parcel in) false
09-18 11:00:36.656 D/Debug   (25113): LayoutParams(writeToParcel) false
09-18 11:00:36.666 D/Debug   (298): LayoutParams(Parcel in) false
09-18 11:00:36.676 W/WindowManager(298): updateFocusedWindowLocked newFocus=Window{4199afb0 net.inclem.nogo/org.renpy.android.PythonActivity paused=false} mode=3 mCurrentFocus = null
09-18 11:00:36.706 D/Debug   (25113): LayoutParams(writeToParcel) false
09-18 11:00:36.706 D/Debug   (298): LayoutParams(Parcel in) false
09-18 11:00:36.716 D/Debug   (25113): LayoutParams(writeToParcel) false
09-18 11:00:36.716 D/Debug   (298): LayoutParams(Parcel in) false
09-18 11:00:36.716 W/WindowManager(298): updateFocusedWindowLocked newFocus=Window{4199afb0 net.inclem.nogo/org.renpy.android.PythonActivity paused=false} mode=3 mCurrentFocus = Window{4199afb0 net.inclem.nogo/org.renpy.android.PythonActivity paused=false}
09-18 11:00:36.726 I/SDLSurface(25113): surfaceCreated() is not handled :|
09-18 11:00:36.736 D/Debug   (25113): LayoutParams(writeToParcel) false
09-18 11:00:36.736 D/Debug   (298): LayoutParams(Parcel in) false
09-18 11:00:36.736 D/Debug   (25113): LayoutParams(writeToParcel) false
09-18 11:00:36.736 D/Debug   (298): LayoutParams(Parcel in) false
09-18 11:00:36.746 D/memalloc(111): /dev/pmem: Allocated buffer base:0x418ea000 size:1536000 offset:21381120 fd:66
09-18 11:00:36.756 D/memalloc(25057): /dev/pmem: Unmapping buffer base:0x5cb48000 size:7680000 offset:6144000
09-18 11:00:36.766 D/memalloc(25057): /dev/pmem: Unmapping buffer base:0x5e36b000 size:18309120 offset:16773120
09-18 11:00:36.766 D/memalloc(25057): /dev/pmem: Unmapping buffer base:0x5ffce000 size:19845120 offset:18309120
09-18 11:00:36.766 D/memalloc(111): /dev/pmem: Freeing buffer base:0x41ec6000 size:1536000 offset:6144000 fd:30
09-18 11:00:36.766 D/memalloc(111): /dev/pmem: Freeing buffer base:0x428e9000 size:1536000 offset:16773120 fd:54
09-18 11:00:36.766 W/WindowManager(298): updateFocusedWindowLocked newFocus=Window{4199afb0 net.inclem.nogo/org.renpy.android.PythonActivity paused=false} mode=3 mCurrentFocus = Window{4199afb0 net.inclem.nogo/org.renpy.android.PythonActivity paused=false}
09-18 11:00:36.786 I/python  (25113): Starting audio thread
09-18 11:00:36.816 D/memalloc(25113): /dev/pmem: Mapped buffer base:0x5b9e2000 size:22917120 offset:21381120 fd:42
09-18 11:00:36.856 I/ActivityManager(298): Displayed net.inclem.nogo/org.renpy.android.PythonActivity: +489ms
09-18 11:00:36.866 I/Adreno200-EGLSUB(111): <CreateImage:896>: Android Image
09-18 11:00:36.866 I/Adreno200-EGLSUB(111): <GetImageAttributes:1105>: RGBA_8888
09-18 11:00:36.866 W/WindowManager(298): updateFocusedWindowLocked newFocus=Window{4199afb0 net.inclem.nogo/org.renpy.android.PythonActivity paused=false} mode=3 mCurrentFocus = Window{4199afb0 net.inclem.nogo/org.renpy.android.PythonActivity paused=false}
09-18 11:00:36.886 D/memalloc(111): /dev/pmem: Allocated buffer base:0x418ea000 size:1536000 offset:6144000 fd:30
09-18 11:00:36.896 W/SDLSurface(25113): Choose egl configuration
09-18 11:00:36.906 I/SDLSurface(25113): Try to use graphics config R8G8B8A8S8
09-18 11:00:36.906 D/memalloc(25113): /dev/pmem: Mapped buffer base:0x5d118000 size:7680000 offset:6144000 fd:51
09-18 11:00:36.906 W/SDLSurface(25113): Create egl context
09-18 11:00:36.946 W/SDLSurface(25113): Create egl surface
09-18 11:00:36.956 W/InputMethodManager(25113): Ignoring onBind: cur seq=1178, given seq=1177
09-18 11:00:36.966 I/Adreno200-EGLSUB(111): <CreateImage:896>: Android Image
09-18 11:00:36.966 I/Adreno200-EGLSUB(111): <GetImageAttributes:1105>: RGBA_8888
09-18 11:00:36.966 I/Adreno200-EGLSUB(25113): <ConfigWindowMatch:2081>: Format RGBA_8888.
09-18 11:00:36.976 D/memalloc(111): /dev/pmem: Allocated buffer base:0x418ea000 size:1474560 offset:16773120 fd:54
09-18 11:00:36.986 D/memalloc(25113): /dev/pmem: Mapped buffer base:0x5dba3000 size:18247680 offset:16773120 fd:54
09-18 11:00:37.006 I/libSDL  (25113): Physical screen resolution is 480x762
09-18 11:00:37.006 W/SDLSurface(25113): Done
09-18 11:00:37.046 D/memalloc(298): /dev/pmem: Unmapping buffer base:0x621a5000 size:21381120 offset:19845120
09-18 11:00:37.066 D/memalloc(111): /dev/pmem: Freeing buffer base:0x42bd7000 size:1536000 offset:19845120 fd:63
09-18 11:00:37.146 D/memalloc(111): /dev/pmem: Freeing buffer base:0x42a60000 size:1536000 offset:18309120 fd:60
09-18 11:00:37.257 D/memalloc(111): /dev/pmem: Allocated buffer base:0x418ea000 size:1474560 offset:18247680 fd:60
09-18 11:00:37.257 D/memalloc(25113): /dev/pmem: Mapped buffer base:0x5f112000 size:19722240 offset:18247680 fd:57
09-18 11:00:37.267 I/Adreno200-EGLSUB(111): <CreateImage:896>: Android Image
09-18 11:00:37.267 I/Adreno200-EGLSUB(111): <GetImageAttributes:1105>: RGBA_8888
09-18 11:00:37.267 I/libSDL  (25113): Physical screen resolution is 480x762
09-18 11:00:37.267 I/python  (25113): Initialize Python for Android
09-18 11:00:37.517 I/python  (25113): ['/data/data/net.inclem.nogo/files/lib/python2.7/site-packages', '/data/data/net.inclem.nogo/files/lib/site-python']
09-18 11:00:37.517 I/python  (25113): Android path ['/data/data/net.inclem.nogo/files/lib/python27.zip', '/data/data/net.inclem.nogo/files/lib/python2.7', '/data/data/net.inclem.nogo/files/lib/python2.7/lib-dynload', '/data/data/net.inclem.nogo/files/lib/python2.7/site-packages', '/data/data/net.inclem.nogo/files', '/data/data/net.inclem.nogo/files/lib/python2.7/site-packages/PIL']
09-18 11:00:37.527 I/python  (25113): Android kivy bootstrap done. __name__ is __main__
09-18 11:00:37.527 I/python  (25113): Run user program, change dir and execute main.py
09-18 11:00:37.807 I/python  (25113): [[1;32mINFO[0m   ] Kivy v1.7.1
09-18 11:00:37.927 I/python  (25113): [[1;32mINFO[0m   ] [Logger      ] Record log in /data/data/net.inclem.nogo/files/.kivy/logs/kivy_13-09-18_8.txt
09-18 11:00:37.927 I/python  (25113): [[1;32mINFO[0m   ] [Factory     ] 144 symbols loaded
09-18 11:00:37.937 I/python  (25113): [[1;36mDEBUG[0m  ] [Cache       ] register <kv.lang> with limit=None, timeout=Nones
09-18 11:00:38.498 I/python  (25113): [[1;36mDEBUG[0m  ] [Cache       ] register <kv.image> with limit=None, timeout=60s
09-18 11:00:38.498 I/python  (25113): [[1;36mDEBUG[0m  ] [Cache       ] register <kv.atlas> with limit=None, timeout=Nones
09-18 11:00:38.538 I/python  (25113):  /data/data/net.inclem.nogo/files/lib/python2.7/site-packages/kivy/core/image/img_pygame.py:11: RuntimeWarning: import cdrom: No module named cdrom
09-18 11:00:38.548 I/python  (25113):  (ImportError: No module named cdrom)
09-18 11:00:38.598 I/python  (25113): [[1;32mINFO[0m   ] [Image       ] Providers: img_tex, img_dds, img_pygame, img_pil, img_gif 
09-18 11:00:38.598 I/python  (25113): [[1;36mDEBUG[0m  ] [Cache       ] register <kv.texture> with limit=1000, timeout=60s
09-18 11:00:38.608 I/python  (25113): [[1;36mDEBUG[0m  ] [Cache       ] register <kv.shader> with limit=1000, timeout=3600s
09-18 11:00:38.628 I/python  (25113): [[1;36mDEBUG[0m  ] [Window      ] Ignored <egl_rpi> (import error)
09-18 11:00:38.678 I/python  (25113): [[1;32mINFO[0m   ] [Window      ] Provider: pygame(['window_egl_rpi'] ignored)
09-18 11:00:38.688 I/python  (25113): [[1;36mDEBUG[0m  ] [WinPygame   ] Set window to fullscreen mode
09-18 11:00:38.698 I/libSDL  (25113): SDL_SetVideoMode(): application requested mode 480x762
09-18 11:00:38.698 I/python  (25113): [[1;36mDEBUG[0m  ] [Window      ] Display driver android
09-18 11:00:38.698 I/python  (25113): [[1;36mDEBUG[0m  ] [Window      ] Actual window size: 480x762
09-18 11:00:38.698 I/python  (25113): [[1;32mINFO[0m   ] [GL          ] OpenGL version <OpenGL ES 2.0 2184622>
09-18 11:00:38.698 I/python  (25113): [[1;32mINFO[0m   ] [GL          ] OpenGL vendor <Qualcomm>
09-18 11:00:38.698 I/python  (25113): [[1;32mINFO[0m   ] [GL          ] OpenGL renderer <Adreno (TM) 200>
09-18 11:00:38.708 I/python  (25113): [[1;32mINFO[0m   ] [GL          ] OpenGL parsed version: 2, 0
09-18 11:00:38.708 I/python  (25113): [[1;32mINFO[0m   ] [GL          ] Texture max size <4096>
09-18 11:00:38.708 I/python  (25113): [[1;32mINFO[0m   ] [GL          ] Texture max units <16>
09-18 11:00:38.748 I/python  (25113): [[1;36mDEBUG[0m  ] [Shader      ] Fragment compiled successfully
09-18 11:00:38.748 I/python  (25113): [[1;36mDEBUG[0m  ] [Shader      ] Vertex compiled successfully
09-18 11:00:38.778 I/python  (25113): [[1;32mINFO[0m   ] [Shader      ] program: <--From Fragment Shader:
09-18 11:00:38.778 I/python  (25113): --From Vertex Shader:
09-18 11:00:38.778 I/python  (25113): Link was successful.>
09-18 11:00:38.788 I/python  (25113): [[1;36mDEBUG[0m  ] [ImagePygame ] Load </data/data/net.inclem.nogo/files/lib/python2.7/site-packages/kivy/data/glsl/default.png>
09-18 11:00:38.798 I/python  (25113): [[1;32mINFO[0m   ] [Support     ] Android install hooks
09-18 11:00:38.798 I/python  (25113): [[1;32mINFO[0m   ] [Window      ] virtual keyboard not allowed, single mode, not docked
09-18 11:00:38.828 I/python  (25113): [[1;32mINFO[0m   ] [Text        ] Provider: pygame
09-18 11:00:39.219 I/python  (25113): [[1;36mDEBUG[0m  ] [Cache       ] register <kv.loader> with limit=500, timeout=60s
09-18 11:00:39.219 I/python  (25113): [[1;32mINFO[0m   ] [Loader      ] using a thread pool of 2 workers
09-18 11:00:39.289 I/python  (25113): [[1;36mDEBUG[0m  ] [Audio       ] register SoundPygame
09-18 11:00:39.289 I/python  (25113): [[1;32mINFO[0m   ] [Audio       ] Providers: audio_pygame (audio_gstreamer, audio_sdl ignored)
09-18 11:00:39.449 I/python  (25113): [[1;32mINFO[0m   ] [OSC         ] using <thread> for socket
09-18 11:00:39.509 I/python  (25113): [[1;36mDEBUG[0m  ] [Cache       ] register <textinput.label> with limit=None, timeout=60.0s
09-18 11:00:39.509 I/python  (25113): [[1;36mDEBUG[0m  ] [Cache       ] register <textinput.width> with limit=None, timeout=60.0s
09-18 11:00:39.539 I/python  (25113): [[1;36mDEBUG[0m  ] [App         ] Loading configuration </sdcard/noGo/nogo.ini>
09-18 11:00:39.539 I/python  (25113): [[1;36mDEBUG[0m  ] [App         ] Loading kv <./goban.kv>
09-18 11:00:40.490 I/python  (25113): ENTERED BUILD()
09-18 11:00:40.520 I/python  (25113): CONSTRUCTED manager and home 0.0337529182434
09-18 11:00:40.530 I/python  (25113): board file is ./media/boards/plain_light.png
09-18 11:00:40.530 I/python  (25113): propagating boardtype plain dark ./media/boards/plain_light.png
09-18 11:00:40.530 I/python  (25113): PROPAGATING VIEW MODE phone
09-18 11:00:40.550 I/python  (25113): [[1;36mDEBUG[0m  ] [Atlas       ] Load </data/data/net.inclem.nogo/files/lib/python2.7/site-packages/kivy/data/../data/images/defaulttheme.atlas>
09-18 11:00:40.570 I/python  (25113): [[1;36mDEBUG[0m  ] [Atlas       ] Need to load 1 images
09-18 11:00:40.570 I/python  (25113): [[1;36mDEBUG[0m  ] [Atlas       ] Load </data/data/net.inclem.nogo/files/lib/python2.7/site-packages/kivy/data/../data/images/defaulttheme-0.png>
09-18 11:00:40.570 I/python  (25113): [[1;36mDEBUG[0m  ] [ImagePygame ] Load </data/data/net.inclem.nogo/files/lib/python2.7/site-packages/kivy/data/../data/images/defaulttheme-0.png>
09-18 11:00:40.840 I/python  (25113): [[1;36mDEBUG[0m  ] [Atlas       ] Load <media/mainimages/mainatlas.atlas>
09-18 11:00:40.850 I/python  (25113): [[1;36mDEBUG[0m  ] [Atlas       ] Need to load 1 images
09-18 11:00:40.850 I/python  (25113): [[1;36mDEBUG[0m  ] [Atlas       ] Load <media/mainimages/mainatlas-0.png>
09-18 11:00:40.860 I/python  (25113): [[1;36mDEBUG[0m  ] [ImagePygame ] Load <media/mainimages/mainatlas-0.png>
09-18 11:00:43.653 I/ActivityManager(298): Process com.google.process.gapps (pid 22169) has died.
09-18 11:00:43.653 W/ActivityManager(298): Scheduling restart of crashed service com.google.android.gsf/.gtalkservice.service.GTalkService in 5000ms
09-18 11:00:43.653 W/ActivityManager(298): Scheduling restart of crashed service com.google.android.gms/.gcm.GcmService in 5000ms
09-18 11:00:43.803 I/ActivityManager(298): Process com.android.qualcomm (pid 24981) has died.
09-18 11:00:43.803 W/ActivityManager(298): Scheduling restart of crashed service com.android.qualcomm/.DunService in 5000ms
09-18 11:00:44.113 I/ActivityManager(298): Process com.android.launcher (pid 25057) has died.
09-18 11:00:44.123 W/InputDispatcher(298): channel '41575a50 com.android.launcher/com.android.launcher2.Launcher (server)' ~ Consumer closed input channel or an error occurred.  events=0x8
09-18 11:00:44.123 E/InputDispatcher(298): channel '41575a50 com.android.launcher/com.android.launcher2.Launcher (server)' ~ Channel is unrecoverably broken and will be disposed!
09-18 11:00:44.123 W/InputDispatcher(298): Attempted to unregister already unregistered input channel '41575a50 com.android.launcher/com.android.launcher2.Launcher (server)'
09-18 11:00:44.123 I/WindowManager(298): WIN DEATH: Window{41575a50 com.android.launcher/com.android.launcher2.Launcher paused=false}
09-18 11:00:44.143 W/WindowManager(298): updateFocusedWindowLocked newFocus=Window{4199afb0 net.inclem.nogo/org.renpy.android.PythonActivity paused=false} mode=0 mCurrentFocus = Window{4199afb0 net.inclem.nogo/org.renpy.android.PythonActivity paused=false}
09-18 11:00:44.143 I/WindowManager(298): WINDOW DIED Window{41575a50 com.android.launcher/com.android.launcher2.Launcher paused=false}
09-18 11:00:44.143 W/WindowManager(298): updateFocusedWindowLocked newFocus=Window{4199afb0 net.inclem.nogo/org.renpy.android.PythonActivity paused=false} mode=0 mCurrentFocus = Window{4199afb0 net.inclem.nogo/org.renpy.android.PythonActivity paused=false}
09-18 11:00:44.374 I/python  (25113): [[1;36mDEBUG[0m  ] [ImagePygame ] Load <media/logo_big.png>
09-18 11:00:44.794 I/python  (25113): RETURNING SM 4.26760792732 4.30136084557
09-18 11:00:44.804 I/python  (25113): ON_START () {} 
09-18 11:00:44.804 I/python  (25113): environment None
09-18 11:00:44.804 I/python  (25113): open_file is 
09-18 11:00:44.804 I/python  (25113): [[1;36mDEBUG[0m  ] [Base        ] Create provider from android
09-18 11:00:44.804 I/python  (25113): [[1;32mINFO[0m   ] [Base        ] Start application main loop
09-18 11:00:44.804 I/python  (25113): [[1;32mINFO[0m   ] [Android     ] found 17 joystick
09-18 11:00:44.804 I/python  (25113): [[1;32mINFO[0m   ] [Android     ] create joystick <0>
09-18 11:00:44.814 I/python  (25113): [[1;32mINFO[0m   ] [Android     ] discard joystick <0> cause no button
09-18 11:00:44.814 I/python  (25113): [[1;32mINFO[0m   ] [Android     ] create joystick <1>
09-18 11:00:44.814 I/python  (25113): [[1;32mINFO[0m   ] [Android     ] create joystick <2>
09-18 11:00:44.814 I/python  (25113): [[1;32mINFO[0m   ] [Android     ] create joystick <3>
09-18 11:00:44.814 I/python  (25113): [[1;32mINFO[0m   ] [Android     ] create joystick <4>
09-18 11:00:44.814 I/python  (25113): [[1;32mINFO[0m   ] [Android     ] create joystick <5>
09-18 11:00:44.824 I/python  (25113): [[1;32mINFO[0m   ] [Android     ] create joystick <6>
09-18 11:00:44.824 I/python  (25113): [[1;32mINFO[0m   ] [Android     ] create joystick <7>
09-18 11:00:44.824 I/python  (25113): [[1;32mINFO[0m   ] [Android     ] create joystick <8>
09-18 11:00:44.824 I/python  (25113): [[1;32mINFO[0m   ] [Android     ] create joystick <9>
09-18 11:00:44.824 I/python  (25113): [[1;32mINFO[0m   ] [Android     ] create joystick <10>
09-18 11:00:44.824 I/python  (25113): [[1;32mINFO[0m   ] [Android     ] create joystick <11>
09-18 11:00:44.824 I/python  (25113): [[1;32mINFO[0m   ] [Android     ] create joystick <12>
09-18 11:00:44.834 I/python  (25113): [[1;32mINFO[0m   ] [Android     ] create joystick <13>
09-18 11:00:44.834 I/python  (25113): [[1;32mINFO[0m   ] [Android     ] create joystick <14>
09-18 11:00:44.834 I/python  (25113): [[1;32mINFO[0m   ] [Android     ] create joystick <15>
09-18 11:00:44.834 I/python  (25113): [[1;32mINFO[0m   ] [Android     ] create joystick <16>
09-18 11:00:44.874 I/python  (25113): [[1;32mINFO[0m   ] [GL          ] NPOT texture support is available
09-18 11:00:44.924 I/python  (25113): [[1;36mDEBUG[0m  ] [ImagePygame ] Load <media/black_pixel.png>
09-18 11:00:45.124 D/memalloc(111): /dev/pmem: Allocated buffer base:0x418ea000 size:1474560 offset:19722240 fd:63
09-18 11:00:45.144 D/memalloc(25113): /dev/pmem: Mapped buffer base:0x65319000 size:21196800 offset:19722240 fd:69
09-18 11:00:45.144 I/Adreno200-EGLSUB(111): <CreateImage:896>: Android Image
09-18 11:00:45.144 I/Adreno200-EGLSUB(111): <GetImageAttributes:1105>: RGBA_8888
09-18 11:00:45.184 I/Adreno200-EGLSUB(111): <CreateImage:896>: Android Image
09-18 11:00:45.184 I/Adreno200-EGLSUB(111): <GetImageAttributes:1105>: RGBA_8888
09-18 11:00:46.636 I/python  (25113): [[1;36mDEBUG[0m  ] [ImagePygame ] Load <media/blue_press_pixel.png>
09-18 11:00:46.686 I/python  (25113): Opening new_board_dialog
09-18 11:00:47.166 I/python  (25113): [[1;36mDEBUG[0m  ] [ImagePygame ] Load <./media/white_pixel.png>
09-18 11:00:47.947 W/AlarmManager(298): in the set:mDescriptor  alarm.type  alarmSeconds   alarmNanoseconds=93  3  240591   302000000
09-18 11:00:48.027 W/AlarmManager(298): in the set:type  triggerAtTime  operation=3  240639334  PendingIntent{41961dc8: PendingIntentRecord{4162e8e8 com.android.phone broadcastIntent}}
09-18 11:00:48.688 I/ActivityManager(298): Start proc com.google.process.gapps for service com.google.android.gsf/.gtalkservice.service.GTalkService: pid=25129 uid=10011 gids={3003, 1015, 1007, 1006, 2001, 3006}
09-18 11:00:48.778 I/ActivityThread(25129): Pub com.google.settings: com.google.android.gsf.settings.GoogleSettingsProvider
09-18 11:00:48.818 I/ActivityThread(25129): Pub subscribedfeeds: com.google.android.gsf.subscribedfeeds.SubscribedFeedsProvider
09-18 11:00:48.838 I/ActivityManager(298): Start proc com.android.qualcomm for service com.android.qualcomm/.DunService: pid=25141 uid=1000 gids={1015, 3002, 3001, 3003, 3007}
09-18 11:00:48.908 W/dalvikvm(25141): Refusing to reopen boot DEX '/system/framework/qcrilhook.jar'
09-18 11:00:48.908 W/dalvikvm(25141): Refusing to reopen boot DEX '/system/framework/qcnvitems.jar'
09-18 11:00:48.948 I/ActivityThread(25129): Pub com.google.contacts.gal.provider: com.google.android.syncadapters.contacts.GalProvider
09-18 11:00:49.008 I/Dun Service(25141): Dun Service Created Successfully
09-18 11:00:49.008 I/Dun Service(25141): /data/dun File Not Found - port_bridge App Not Running
09-18 11:00:49.008 E/Dun Service(25141): Background Service Not Started Successfully ...
09-18 11:00:49.038 E/Adreno200-ES20(25113): <__load_uniform_float:547>: GL_INVALID_OPERATION
09-18 11:00:49.058 I/ActivityThread(25129): Pub com.google.android.gsf.gservices: com.google.android.gsf.gservices.GservicesProvider
09-18 11:00:49.058 I/GservicesProvider(25129): Gservices pushing to system: true; secure: true
09-18 11:00:49.058 I/ActivityThread(25129): Pub com.google.android.providers.talk: com.google.android.gsf.talk.TalkProvider
09-18 11:00:49.108 D/ConnectivityService(298): reportNetworkCondition(0, 0)
09-18 11:00:49.108 D/ConnectivityService(298): handleInetConditionChange: no active default network - ignore
09-18 11:00:49.348 D/SyncManager(298): setSyncAutomatically: , provider subscribedfeeds -> true
09-18 11:00:49.348 D/SyncManager(298): setSyncAutomatically: already set to true, doing nothing
09-18 11:00:49.348 D/SyncManager(298): setSyncAutomatically: , provider subscribedfeeds -> true
09-18 11:00:49.348 D/SyncManager(298): setSyncAutomatically: already set to true, doing nothing
09-18 11:00:49.358 D/ConnectivityService(298): reportNetworkCondition(-1, 0)
09-18 11:00:49.368 D/ConnectivityService(298): handleInetConditionChange: no active default network - ignore
09-18 11:00:49.719 I/ActivityManager(298): Start proc com.google.android.gms for broadcast com.google.android.gms/.init.InitializeGmsReceiver: pid=25165 uid=10011 gids={3003, 1015, 1007, 1006, 2001, 3006}
09-18 11:00:49.809 W/GCM     (25129): DIR: /data/data/com.google.android.gms/app_APP /data/data/com.google.android.gsf
09-18 11:00:49.839 D/GCM     (25129): GcmService start Intent { act=com.google.android.talk.MCS_CONNECTION_SERVICE_STARTED flg=0x10 cmp=com.google.android.gms/.gcm.GcmService } com.google.android.talk.MCS_CONNECTION_SERVICE_STARTED
09-18 11:00:49.859 I/ActivityThread(25165): Pub com.google.android.gms.games.background: com.google.android.gms.games.provider.GamesContentProvider
09-18 11:00:49.889 I/ActivityThread(25165): Pub com.google.android.gms.people: com.google.android.gms.people.service.PeopleContentProvider
09-18 11:00:49.889 I/ActivityThread(25165): Pub com.google.android.gms.appstate: com.google.android.gms.appstate.provider.AppStateContentProvider
09-18 11:00:49.899 I/ActivityThread(25165): Pub com.google.android.gms.people.export: com.google.android.gms.people.debug.PeopleExportProvider
09-18 11:00:49.899 I/ActivityThread(25165): Pub com.google.android.gms.plus;com.google.android.gms.plus.action: com.google.android.gms.plus.provider.PlusProvider
09-18 11:00:49.909 I/ActivityThread(25165): Pub com.google.android.gms.games: com.google.android.gms.games.provider.NotificationStubContentProvider
09-18 11:00:49.969 I/Recovery(25165): Received: Intent { act=com.google.android.gms.INITIALIZE flg=0x10 pkg=com.google.android.gms cmp=com.google.android.gms/.auth.be.recovery.AccountRecoveryBackgroundService$Receiver }
09-18 11:00:49.999 I/ActivityManager(298): Start proc com.google.android.gsf.login for service com.google.android.gms/.auth.be.recovery.AccountRecoveryBackgroundService: pid=25189 uid=10011 gids={3003, 1015, 1007, 1006, 2001, 3006}
09-18 11:00:50.029 D/GCM     (25129): GcmService start Intent { act=com.google.android.gms.INITIALIZE flg=0x10 pkg=com.google.android.gms cmp=com.google.android.gms/.gcm.GcmService } com.google.android.gms.INITIALIZE
09-18 11:00:50.109 I/Recovery(25165): Received: Intent { act=com.google.android.gms.INITIALIZE flg=0x10 pkg=com.google.android.gms cmp=com.google.android.gms/.auth.be.recovery.AccountRecoveryBackgroundService$Receiver }
09-18 11:00:50.119 D/GCM     (25129): GcmService start Intent { act=com.google.android.gms.INITIALIZE flg=0x10 pkg=com.google.android.gms cmp=com.google.android.gms/.gcm.GcmService } com.google.android.gms.INITIALIZE
09-18 11:00:50.229 I/Recovery(25165): Received: Intent { act=com.google.android.gms.INITIALIZE flg=0x10 pkg=com.google.android.gms cmp=com.google.android.gms/.auth.be.recovery.AccountRecoveryBackgroundService$Receiver }
09-18 11:00:50.229 D/GCM     (25129): GcmService start Intent { act=com.google.android.gms.INITIALIZE flg=0x10 pkg=com.google.android.gms cmp=com.google.android.gms/.gcm.GcmService } com.google.android.gms.INITIALIZE
09-18 11:00:50.299 E/dalvikvm(25189): Could not find class 'android.os.UserManager', referenced from method xg.b
09-18 11:00:50.299 W/dalvikvm(25189): VFY: unable to resolve check-cast 598 (Landroid/os/UserManager;) in Lxg;
09-18 11:00:50.299 W/dalvikvm(25189): VFY: unable to resolve virtual method 2421: Landroid/accounts/AccountManager;.getAccountsByTypeForPackage (Ljava/lang/String;Ljava/lang/String;)[Landroid/accounts/Account;
09-18 11:00:50.299 E/dalvikvm(25189): Could not find class 'android.os.UserManager', referenced from method xg.c
09-18 11:00:50.299 W/dalvikvm(25189): VFY: unable to resolve check-cast 598 (Landroid/os/UserManager;) in Lxg;
09-18 11:00:50.319 W/AlarmManager(298): in the set:type  triggerAtTime  operation=0  1379525119735  PendingIntent{415a6b90: PendingIntentRecord{41e05680 com.google.android.gms broadcastIntent}}
09-18 11:00:50.319 D/AlarmManager(298): +++Alarm set:type=0 com.google.android.gms  Trigger after:30269403ms
09-18 11:00:50.319 W/AlarmManager(298): in the set:type  triggerAtTime  operation=0  1379525119735  PendingIntent{41644460: PendingIntentRecord{41e05680 com.google.android.gms broadcastIntent}}
09-18 11:00:50.319 D/AlarmManager(298): +++Alarm set:type=0 com.google.android.gms  Trigger after:30269400ms
09-18 11:00:50.329 W/AlarmManager(298): in the set:type  triggerAtTime  operation=0  1379525119735  PendingIntent{415e06d8: PendingIntentRecord{41e05680 com.google.android.gms broadcastIntent}}
09-18 11:00:50.329 D/AlarmManager(298): +++Alarm set:type=0 com.google.android.gms  Trigger after:30269397ms
09-18 11:00:51.230 I/python  (25113): %% NEW BOARD
09-18 11:00:51.230 I/python  (25113): None SGF collection unsaved with 1 games 
09-18 11:00:51.240 I/python  (25113): <type 'str'>
09-18 11:00:51.240 I/python  (25113): Finishing lazy loading
09-18 11:00:51.240 I/python  (25113): need to load 1
09-18 11:00:51.240 I/python  (25113): currently doing /sdcard/noGo/collections/unsaved//Wed_Sep_18_11:00:28_2013.sgf.json
09-18 11:00:51.240 I/python  (25113): (lazy) Tried to load sgf that doesn't seem to exist. Skipping.
09-18 11:00:51.240 I/python  (25113): game was /sdcard/noGo/collections/unsaved//Wed_Sep_18_11:00:28_2013.sgf.json
09-18 11:00:51.240 I/python  (25113): Finishing lazy loading
09-18 11:00:51.240 I/python  (25113): Finishing lazy loading
09-18 11:00:51.240 I/python  (25113): Finishing lazy loading
09-18 11:00:51.240 I/python  (25113): t2 - t1 is... 0.0080258846283
09-18 11:00:51.350 I/python  (25113): GuiBoard init, making abstractboard with gridsize 19
09-18 11:00:51.350 I/python  (25113): abstractboard initialised with size 19 19
09-18 11:00:51.370 I/python  (25113): result is 
09-18 11:00:51.380 I/python  (25113): self.display_markers is True
09-18 11:00:51.380 I/python  (25113): ### instructions are {'nodeindex': (0, 1), 'variations': (1, 1), 'nextplayer': 'b'}
09-18 11:00:51.380 I/python  (25113): next_to_play from e
09-18 11:00:51.380 I/python  (25113): --> b
09-18 11:00:51.380 I/python  (25113): result is 
09-18 11:00:51.380 I/python  (25113): Tried to set collectionsgf info when it doesn't exist yet.
09-18 11:00:51.380 I/python  (25113): Trying to remind
09-18 11:00:51.380 I/python  (25113): <__main__.NogoManager object at 0x60b7a8b8>
09-18 11:00:51.380 I/python  (25113): []
09-18 11:00:51.380 I/python  (25113): Tried to refresh collectionsgf before it was created?
09-18 11:00:51.921 I/python  (25113): mysize = [100, 480] -> boardsize-20 =  80
09-18 11:00:51.921 I/python  (25113): mypos =  [0, 0]
09-18 11:00:51.921 I/python  (25113): window size (480, 762)
09-18 11:00:51.921 I/python  (25113): parent <boardview.PhoneBoardView object at 0x64ed0880>
09-18 11:00:52.121 I/python  (25113): abstractboard initialised with size 19 19
09-18 11:00:52.131 I/python  (25113): New gridsize is 19
09-18 11:00:52.131 I/python  (25113): New abstractboard gridsize 19
09-18 11:00:52.131 I/python  (25113): time_start called
09-18 11:00:52.131 I/python  (25113): new self.ld_markers {}
09-18 11:00:52.131 I/python  (25113): result is 
09-18 11:00:52.151 I/python  (25113): [[1;32mINFO[0m   ] [Base        ] Leaving application in progress...
09-18 11:00:52.151 I/python  (25113):  Traceback (most recent call last):
09-18 11:00:52.161 I/python  (25113):    File "/home/asandy/noGo/.buildozer/android/app/main.py", line 1136, in <module>
09-18 11:00:52.161 I/python  (25113):    File "/home/asandy/noGo/.buildozer/android/platform/python-for-android/build/python-install/lib/python2.7/site-packages/kivy/app.py", line 600, in run
09-18 11:00:52.161 I/python  (25113):    File "/home/asandy/noGo/.buildozer/android/platform/python-for-android/build/python-install/lib/python2.7/site-packages/kivy/base.py", line 454, in runTouchApp
09-18 11:00:52.161 I/python  (25113):    File "/home/asandy/noGo/.buildozer/android/platform/python-for-android/build/python-install/lib/python2.7/site-packages/kivy/core/window/window_pygame.py", line 325, in mainloop
09-18 11:00:52.161 I/python  (25113):    File "/home/asandy/noGo/.buildozer/android/platform/python-for-android/build/python-install/lib/python2.7/site-packages/kivy/core/window/window_pygame.py", line 231, in _mainloop
09-18 11:00:52.161 I/python  (25113):    File "/home/asandy/noGo/.buildozer/android/platform/python-for-android/build/python-install/lib/python2.7/site-packages/kivy/base.py", line 297, in idle
09-18 11:00:52.171 I/python  (25113):    File "/home/asandy/noGo/.buildozer/android/platform/python-for-android/build/python-install/lib/python2.7/site-packages/kivy/base.py", line 284, in dispatch_input
09-18 11:00:52.171 I/python  (25113):    File "/home/asandy/noGo/.buildozer/android/platform/python-for-android/build/python-install/lib/python2.7/site-packages/kivy/base.py", line 209, in post_dispatch_input
09-18 11:00:52.171 I/python  (25113):    File "_event.pyx", line 285, in kivy._event.EventDispatcher.dispatch (kivy/_event.c:4203)
09-18 11:00:52.171 I/python  (25113):    File "/home/asandy/noGo/.buildozer/android/platform/python-for-android/build/python-install/lib/python2.7/site-packages/kivy/core/window/__init__.py", line 630, in on_motion
09-18 11:00:52.171 I/python  (25113):    File "_event.pyx", line 285, in kivy._event.EventDispatcher.dispatch (kivy/_event.c:4203)
09-18 11:00:52.171 I/python  (25113):    File "/home/asandy/noGo/.buildozer/android/platform/python-for-android/build/python-install/lib/python2.7/site-packages/kivy/core/window/__init__.py", line 642, in on_touch_down
09-18 11:00:52.171 I/python  (25113):    File "_event.pyx", line 285, in kivy._event.EventDispatcher.dispatch (kivy/_event.c:4203)
09-18 11:00:52.181 I/python  (25113):    File "/home/asandy/noGo/.buildozer/android/platform/python-for-android/build/python-install/lib/python2.7/site-packages/kivy/uix/modalview.py", line 239, in on_touch_down
09-18 11:00:52.181 I/python  (25113):    File "/home/asandy/noGo/.buildozer/android/platform/python-for-android/build/python-install/lib/python2.7/site-packages/kivy/uix/widget.py", line 266, in on_touch_down
09-18 11:00:52.181 I/python  (25113):    File "_event.pyx", line 285, in kivy._event.EventDispatcher.dispatch (kivy/_event.c:4203)
09-18 11:00:52.181 I/python  (25113):    File "/home/asandy/noGo/.buildozer/android/platform/python-for-android/build/python-install/lib/python2.7/site-packages/kivy/uix/widget.py", line 266, in on_touch_down
09-18 11:00:52.181 I/python  (25113):    File "_event.pyx", line 285, in kivy._event.EventDispatcher.dispatch (kivy/_event.c:4203)
09-18 11:00:52.181 I/python  (25113):    File "/home/asandy/noGo/.buildozer/android/platform/python-for-android/build/python-install/lib/python2.7/site-packages/kivy/uix/widget.py", line 266, in on_touch_down
09-18 11:00:52.191 I/python  (25113):    File "_event.pyx", line 285, in kivy._event.EventDispatcher.dispatch (kivy/_event.c:4203)
09-18 11:00:52.191 I/python  (25113):    File "/home/asandy/noGo/.buildozer/android/platform/python-for-android/build/python-install/lib/python2.7/site-packages/kivy/uix/widget.py", line 266, in on_touch_down
09-18 11:00:52.191 I/python  (25113):    File "_event.pyx", line 285, in kivy._event.EventDispatcher.dispatch (kivy/_event.c:4203)
09-18 11:00:52.191 I/python  (25113):    File "/home/asandy/noGo/.buildozer/android/platform/python-for-android/build/python-install/lib/python2.7/site-packages/kivy/uix/widget.py", line 266, in on_touch_down
09-18 11:00:52.191 I/python  (25113):    File "_event.pyx", line 285, in kivy._event.EventDispatcher.dispatch (kivy/_event.c:4203)
09-18 11:00:52.191 I/python  (25113):    File "/home/asandy/noGo/.buildozer/android/platform/python-for-android/build/python-install/lib/python2.7/site-packages/kivy/uix/button.py", line 124, in on_touch_down
09-18 11:00:52.201 I/python  (25113):    File "_event.pyx", line 281, in kivy._event.EventDispatcher.dispatch (kivy/_event.c:4152)
09-18 11:00:52.201 I/python  (25113):    File "./goban.kv", line 1, in <module>
09-18 11:00:52.201 I/python  (25113):      #:kivy 1.6.0
09-18 11:00:52.201 I/python  (25113):    File "/home/asandy/noGo/.buildozer/android/app/main.py", line 471, in new_board_from_selection
09-18 11:00:52.201 I/python  (25113):    File "/home/asandy/noGo/.buildozer/android/app/main.py", line 578, in new_board
09-18 11:00:52.211 I/python  (25113):    File "/home/asandy/noGo/.buildozer/android/app/boardview.py", line 612, in get_game_info
09-18 11:00:52.211 I/python  (25113):    File "/home/asandy/noGo/.buildozer/android/app/sgfcollections.py", line 363, in save
09-18 11:00:52.211 I/python  (25113):  IOError: [Errno 22] invalid mode ('w') or filename: '/sdcard/noGo/collections/unsaved//Wed_Sep_18_11:00:51_2013.sgf.json'
09-18 11:00:52.461 I/python  (25113): Python for android ended.
09-18 11:00:52.662 I/ActivityManager(298): Process net.inclem.nogo:python (pid 25113) has died.
09-18 11:00:52.662 W/ActivityManager(298): Force removing ActivityRecord{41631810 net.inclem.nogo/org.renpy.android.PythonActivity}: app died, no saved state
09-18 11:00:52.662 D/memalloc(111): /dev/pmem: Freeing buffer base:0x428e9000 size:1474560 offset:16773120 fd:54
09-18 11:00:52.662 D/memalloc(111): /dev/pmem: Freeing buffer base:0x42bb9000 size:1474560 offset:19722240 fd:63
09-18 11:00:52.662 I/WindowManager(298): WIN DEATH: Window{419ef1b0 SurfaceView paused=false}
09-18 11:00:52.672 W/WindowManager(298): updateFocusedWindowLocked newFocus=Window{4199afb0 net.inclem.nogo/org.renpy.android.PythonActivity paused=false} mode=0 mCurrentFocus = Window{4199afb0 net.inclem.nogo/org.renpy.android.PythonActivity paused=false}
09-18 11:00:52.672 D/memalloc(111): /dev/pmem: Freeing buffer base:0x42a51000 size:1474560 offset:18247680 fd:60
09-18 11:00:52.672 W/WindowManager(298): updateFocusedWindowLocked newFocus=null mode=3 mCurrentFocus = Window{4199afb0 net.inclem.nogo/org.renpy.android.PythonActivity paused=false}
09-18 11:00:52.672 W/WindowManager(298): updateFocusedWindowLocked newFocus=null mode=0 mCurrentFocus = null
09-18 11:00:52.672 I/WindowManager(298): WIN DEATH: Window{4199afb0 net.inclem.nogo/org.renpy.android.PythonActivity paused=false}
09-18 11:00:52.682 D/memalloc(111): /dev/pmem: Freeing buffer base:0x42d4e000 size:1536000 offset:21381120 fd:66
09-18 11:00:52.682 D/memalloc(111): /dev/pmem: Freeing buffer base:0x41ec6000 size:1536000 offset:6144000 fd:30
09-18 11:00:52.682 W/WindowManager(298): updateFocusedWindowLocked newFocus=null mode=0 mCurrentFocus = null
09-18 11:00:52.702 I/ActivityManager(298): Start proc com.android.launcher for activity com.android.launcher/com.android.launcher2.Launcher: pid=25215 uid=10035 gids={3003}
09-18 11:00:52.702 W/WindowManager(298): updateFocusedWindowLocked newFocus=null mode=3 mCurrentFocus = null
09-18 11:00:52.722 W/WindowManager(298): updateFocusedWindowLocked newFocus=null mode=3 mCurrentFocus = null
09-18 11:00:52.732 D/memalloc(111): /dev/pmem: Allocated buffer base:0x418ea000 size:1536000 offset:6144000 fd:30
09-18 11:00:52.742 I/WindowManager(298): SCREENLAYOUT_SIZE (1:small, 2:normal, 3:large, 4:xlarge) 2
09-18 11:00:52.742 D/memalloc(298): /dev/pmem: Mapped buffer base:0x621a5000 size:7680000 offset:6144000 fd:268
09-18 11:00:52.752 I/Adreno200-EGLSUB(111): <CreateImage:896>: Android Image
09-18 11:00:52.752 I/Adreno200-EGLSUB(111): <GetImageAttributes:1105>: RGBA_8888
09-18 11:00:52.752 W/WindowManager(298): updateFocusedWindowLocked newFocus=null mode=0 mCurrentFocus = null
09-18 11:00:52.762 W/WindowManager(298): updateFocusedWindowLocked newFocus=null mode=2 mCurrentFocus = null
09-18 11:00:52.762 W/WindowManager(298): updateFocusedWindowLocked newFocus=null mode=2 mCurrentFocus = null
09-18 11:00:52.852 I/ActivityThread(25215): Pub com.android.launcher2.settings: com.android.launcher2.LauncherProvider
09-18 11:00:52.942 E/Launcher(25215): onCreate
09-18 11:00:52.942 D/ExtendConfigHelper(25215): CheckScreenExtendCustom() ExtendedCustomEnable =  false
09-18 11:00:52.952 D/ExtendConfigHelper(25215): file is not exist!
09-18 11:00:53.062 I/Launcher.Workspace(25215): setHardWareAccEnable enable=true
09-18 11:00:53.072 I/Launcher.Workspace(25215): __test wallpaper11111 :is not a single wallpaper
09-18 11:00:53.132 D/Hotseat (25215): Hotseat3
09-18 11:00:53.132 D/Hotseat (25215): Hotseat2
09-18 11:00:53.132 I/Hotseat (25215): wjx getHotseatInfo_111___mCellCountX=5
09-18 11:00:53.142 I/Hotseat (25215): wjx getHotseatInfo_222___mCellCountX=5
09-18 11:00:53.142 E/Hotseat (25215): onFinishInflate__setGridSize
09-18 11:00:53.292 I/AppsCustomizePagedView(25215): AppsCustomizePagedView___WigClingFocusedX = 0
09-18 11:00:53.292 I/AppsCustomizePagedView(25215): AppsCustomizePagedView___WigClingFocusedY = 0
09-18 11:00:53.302 I/AppsCustomizePagedView(25215): AppsCustomizePagedView___WigClingFocusedX = 0
09-18 11:00:53.302 I/AppsCustomizePagedView(25215): AppsCustomizePagedView___WigClingFocusedY = 1
09-18 11:00:53.302 I/AppsCustomizePagedView(25215): AppsCustomizePagedView___WigClingFocusedX = 0
09-18 11:00:53.302 I/AppsCustomizePagedView(25215): AppsCustomizePagedView___WigClingFocusedY = 0
09-18 11:00:53.332 E/Launcher(25215): setupViews
09-18 11:00:53.432 E/Launcher.Model(25215): loadWorkspace________info = ShortcutInfo(title=Phone)____info.container = -101
09-18 11:00:53.442 E/Launcher.Model(25215): loadWorkspace________info.id = 11____info.screen = 0
09-18 11:00:53.442 E/Launcher.Model(25215): loadWorkspace________info.cellX = 0____info.cellY = 0
09-18 11:00:53.442 E/Launcher.Model(25215): sItemsIdMap.put___info.id=11___info=ShortcutInfo(title=Phone)
09-18 11:00:53.462 E/Launcher.Model(25215): loadWorkspace________info = ShortcutInfo(title=People)____info.container = -101
09-18 11:00:53.472 E/Launcher.Model(25215): loadWorkspace________info.id = 13____info.screen = 1
09-18 11:00:53.472 E/Launcher.Model(25215): loadWorkspace________info.cellX = 1____info.cellY = 0
09-18 11:00:53.472 E/Launcher.Model(25215): sItemsIdMap.put___info.id=13___info=ShortcutInfo(title=People)
09-18 11:00:53.472 E/Launcher.Model(25215): loadWorkspace________itemType = ITEM_TYPE_ALLAPPSBUTOON
09-18 11:00:53.472 E/Launcher.Model(25215): getShortcutInfo_allApps 
09-18 11:00:53.482 E/Launcher.Model(25215): getShortcutInfo_allApps____icon= android.graphics.Bitmap@415a2b20
09-18 11:00:53.482 E/Launcher.Model(25215): loadWorkspace________info = ShortcutInfo(title=AppsButton)____info.container = -101
09-18 11:00:53.482 E/Launcher.Model(25215): loadWorkspace________info.id = 15____info.screen = 2
09-18 11:00:53.482 E/Launcher.Model(25215): loadWorkspace________info.cellX = 2____info.cellY = 0
09-18 11:00:53.482 E/Launcher.Model(25215): sItemsIdMap.put___info.id=15___info=ShortcutInfo(title=AppsButton)
09-18 11:00:53.512 E/Launcher(25215): onResume
09-18 11:00:53.522 D/Debug   (25215): LayoutParams(writeToParcel) false
09-18 11:00:53.522 E/Launcher.Model(25215): loadWorkspace________info = ShortcutInfo(title=Messaging)____info.container = -101
09-18 11:00:53.522 E/Launcher.Model(25215): loadWorkspace________info.id = 17____info.screen = 3
09-18 11:00:53.522 E/Launcher.Model(25215): loadWorkspace________info.cellX = 3____info.cellY = 0
