09-18 11:00:06.056 I/python  (24945): None SGF collection unsaved with 1 games 
09-18 11:00:06.056 I/python  (24945): <type 'str'>
09-18 11:00:06.056 I/python  (24945): Finishing lazy loading
09-18 11:00:06.056 I/python  (24945): need to load 1
09-18 11:00:06.056 I/python  (24945): currently doing /sdcard/noGo/collections/unsaved//Wed_Sep_18_10:40:40_2013.sgf.json
09-18 11:00:06.066 I/python  (24945): (lazy) Tried to load sgf that doesn't seem to exist. Skipping.
09-18 11:00:06.066 I/python  (24945): game was /sdcard/noGo/collections/unsaved//Wed_Sep_18_10:40:40_2013.sgf.json
09-18 11:00:06.066 I/python  (24945): Finishing lazy loading
09-18 11:00:06.066 I/python  (24945): Finishing lazy loading
09-18 11:00:06.066 I/python  (24945): Finishing lazy loading
09-18 11:00:06.076 I/python  (24945): t2 - t1 is... 0.0146789550781
09-18 11:00:06.146 I/python  (24945): GuiBoard init, making abstractboard with gridsize 19
09-18 11:00:06.146 I/python  (24945): abstractboard initialised with size 19 19
09-18 11:00:06.156 I/python  (24945): result is 
09-18 11:00:06.156 I/python  (24945): self.display_markers is True
09-18 11:00:06.156 I/python  (24945): ### instructions are {'nodeindex': (0, 1), 'variations': (1, 1), 'nextplayer': 'b'}
09-18 11:00:06.156 I/python  (24945): next_to_play from e
09-18 11:00:06.156 I/python  (24945): --> b
09-18 11:00:06.156 I/python  (24945): result is 
09-18 11:00:06.156 I/python  (24945): Tried to set collectionsgf info when it doesn't exist yet.
09-18 11:00:06.156 I/python  (24945): Trying to remind
09-18 11:00:06.156 I/python  (24945): <__main__.NogoManager object at 0x60a7e8b8>
09-18 11:00:06.156 I/python  (24945): [SGF collection Pro10 with 8 games]
09-18 11:00:06.156 I/python  (24945): Tried to refresh collectionsgf before it was created?
09-18 11:00:06.276 I/ONCRPC  (110): rpc_handle_rpc_call: for Xid: 48b0, Prog: 31000000, Vers: fc37ad5c, Proc: 00000012
09-18 11:00:06.276 I/ONCRPC  (110): rpc_handle_rpc_call: Find Status: 0 Xid: 48b0
09-18 11:00:06.286 I/ONCRPC  (110): oncrpc_proxy_handle_cmd_rpc_call: Dispatching xid: 48b0
09-18 11:00:06.316 W/SignalStrength(2041): SignalStrength before validate=SignalStrength: 13 255 -1 -1 -1 -1 -1 99 -32767 -32767 -32767 -32767 cdma
09-18 11:00:06.316 W/SignalStrength(2041): SignalStrength after validate=SignalStrength: 13 255 -120 -160 -120 -1 -1 99 2147483647 2147483647 2147483647 -32767 cdma
09-18 11:00:06.326 W/SignalStrength(298): getLTELevel - rsrp:2147483647 snr:2147483647 rsrpIconLevel:-1 snrIconLevel:-1
09-18 11:00:06.326 W/SignalStrength(298): getLTELevel - rssi:99 rssiIconLevel:0
09-18 11:00:06.326 W/SignalStrength(298): getLevel=3
09-18 11:00:06.326 W/SignalStrength(2171): getLTELevel - rsrp:2147483647 snr:2147483647 rsrpIconLevel:-1 snrIconLevel:-1
09-18 11:00:06.326 W/SignalStrength(2171): getLTELevel - rssi:99 rssiIconLevel:0
09-18 11:00:06.326 W/SignalStrength(2171): getLevel=3
09-18 11:00:06.326 D/StatusBar.NetworkController(2171): updateTelephonySignalStrength.... 
09-18 11:00:06.326 D/StatusBar.NetworkController(2171): updateTelephonySignalStrength==>mDataServiceState0
09-18 11:00:06.326 W/SignalStrength(2171): getLTELevel - rsrp:2147483647 snr:2147483647 rsrpIconLevel:-1 snrIconLevel:-1
09-18 11:00:06.326 W/SignalStrength(2171): getLTELevel - rssi:99 rssiIconLevel:0
09-18 11:00:06.326 W/SignalStrength(2171): getLevel=3
09-18 11:00:06.326 D/StatusBar.NetworkController(2171): updateTelephonySignalStrength==>isCDMA = false
09-18 11:00:06.326 D/StatusBar.NetworkController(2171): updateTelephonySignalStrength==>isNetworkRoaming = false
09-18 11:00:06.326 D/StatusBar.NetworkController(2171): checkDataConnected-mDataConnected=false
09-18 11:00:06.326 D/StatusBar.NetworkController(2171): checkDataConnected unknown 2 mDataTypeIconId=2130837671
09-18 11:00:06.326 D/StatusBar.NetworkController(2171): refreshViews==>mHasMobileDataFeature = true
09-18 11:00:06.326 D/StatusBar.NetworkController(2171): refreshViews==>mDataTypeIconId = 2130837671
09-18 11:00:06.326 W/SignalStrength(2171): getLTELevel - rsrp:2147483647 snr:2147483647 rsrpIconLevel:-1 snrIconLevel:-1
09-18 11:00:06.326 W/SignalStrength(2171): getLTELevel - rssi:99 rssiIconLevel:0
09-18 11:00:06.326 W/SignalStrength(2171): getLevel=3
09-18 11:00:06.326 D/StatusBar.NetworkController(2171): refreshSignalCluster....
09-18 11:00:06.326 D/StatusBar.NetworkController(2171): onSignalStrengthsChanged signalStrength=SignalStrength: 13 255 -120 -160 -120 -1 -1 99 2147483647 2147483647 2147483647 -32767 gsm|lte level=3
09-18 11:00:06.326 D/StatusBar.NetworkController(2171): refreshViews connected={ } level=3 combinedSignalIconId=0x7f020114/com.android.systemui:drawable/stat_sys_signal_3 combinedActivityIconId=0x0 mAirplaneMode=false mDataActivity=0 mPhoneSignalIconId=0x7f020114 mDataDirectionIconId=0x0 mDataSignalIconId=0x7f020114 mDataTypeIconId=0x7f0200a7 mNoSimIconId=0x0 mWifiIconId=0x0 mBluetoothTetherIconId=0x10805b2
09-18 11:00:06.336 D/StatusBar.NetworkController(2171): refreshViews==>mPhoneSignalIconViews.size = 0
09-18 11:00:06.336 D/StatusBar.NetworkController(2171): refreshViews==>mCombinedSignalIconViews.size = 0
09-18 11:00:06.747 I/python  (24945): mysize = [100, 480] -> boardsize-20 =  80
09-18 11:00:06.747 I/python  (24945): mypos =  [0, 0]
09-18 11:00:06.747 I/python  (24945): window size (480, 762)
09-18 11:00:06.747 I/python  (24945): parent <boardview.PhoneBoardView object at 0x666cea40>
09-18 11:00:06.937 I/python  (24945): abstractboard initialised with size 19 19
09-18 11:00:06.947 I/python  (24945): New gridsize is 19
09-18 11:00:06.947 I/python  (24945): New abstractboard gridsize 19
09-18 11:00:06.947 I/python  (24945): time_start called
09-18 11:00:06.947 I/python  (24945): new self.ld_markers {}
09-18 11:00:06.947 I/python  (24945): result is 
09-18 11:00:06.957 I/python  (24945): [[1;32mINFO[0m   ] [Base        ] Leaving application in progress...
09-18 11:00:06.957 I/python  (24945):  Traceback (most recent call last):
09-18 11:00:06.957 I/python  (24945):    File "/home/asandy/noGo/.buildozer/android/app/main.py", line 1136, in <module>
09-18 11:00:06.967 I/python  (24945):    File "/home/asandy/noGo/.buildozer/android/platform/python-for-android/build/python-install/lib/python2.7/site-packages/kivy/app.py", line 600, in run
09-18 11:00:06.967 I/python  (24945):    File "/home/asandy/noGo/.buildozer/android/platform/python-for-android/build/python-install/lib/python2.7/site-packages/kivy/base.py", line 454, in runTouchApp
09-18 11:00:06.967 I/python  (24945):    File "/home/asandy/noGo/.buildozer/android/platform/python-for-android/build/python-install/lib/python2.7/site-packages/kivy/core/window/window_pygame.py", line 325, in mainloop
09-18 11:00:06.967 I/python  (24945):    File "/home/asandy/noGo/.buildozer/android/platform/python-for-android/build/python-install/lib/python2.7/site-packages/kivy/core/window/window_pygame.py", line 231, in _mainloop
09-18 11:00:06.967 I/python  (24945):    File "/home/asandy/noGo/.buildozer/android/platform/python-for-android/build/python-install/lib/python2.7/site-packages/kivy/base.py", line 297, in idle
09-18 11:00:06.977 I/python  (24945):    File "/home/asandy/noGo/.buildozer/android/platform/python-for-android/build/python-install/lib/python2.7/site-packages/kivy/base.py", line 284, in dispatch_input
09-18 11:00:06.977 I/python  (24945):    File "/home/asandy/noGo/.buildozer/android/platform/python-for-android/build/python-install/lib/python2.7/site-packages/kivy/base.py", line 209, in post_dispatch_input
09-18 11:00:06.977 I/python  (24945):    File "_event.pyx", line 285, in kivy._event.EventDispatcher.dispatch (kivy/_event.c:4203)
09-18 11:00:06.977 I/python  (24945):    File "/home/asandy/noGo/.buildozer/android/platform/python-for-android/build/python-install/lib/python2.7/site-packages/kivy/core/window/__init__.py", line 630, in on_motion
09-18 11:00:06.977 I/python  (24945):    File "_event.pyx", line 285, in kivy._event.EventDispatcher.dispatch (kivy/_event.c:4203)
09-18 11:00:06.977 I/python  (24945):    File "/home/asandy/noGo/.buildozer/android/platform/python-for-android/build/python-install/lib/python2.7/site-packages/kivy/core/window/__init__.py", line 642, in on_touch_down
09-18 11:00:06.977 I/python  (24945):    File "_event.pyx", line 285, in kivy._event.EventDispatcher.dispatch (kivy/_event.c:4203)
09-18 11:00:06.987 I/python  (24945):    File "/home/asandy/noGo/.buildozer/android/platform/python-for-android/build/python-install/lib/python2.7/site-packages/kivy/uix/modalview.py", line 239, in on_touch_down
09-18 11:00:06.987 I/python  (24945):    File "/home/asandy/noGo/.buildozer/android/platform/python-for-android/build/python-install/lib/python2.7/site-packages/kivy/uix/widget.py", line 266, in on_touch_down
09-18 11:00:06.987 I/python  (24945):    File "_event.pyx", line 285, in kivy._event.EventDispatcher.dispatch (kivy/_event.c:4203)
09-18 11:00:06.987 I/python  (24945):    File "/home/asandy/noGo/.buildozer/android/platform/python-for-android/build/python-install/lib/python2.7/site-packages/kivy/uix/widget.py", line 266, in on_touch_down
09-18 11:00:06.987 I/python  (24945):    File "_event.pyx", line 285, in kivy._event.EventDispatcher.dispatch (kivy/_event.c:4203)
09-18 11:00:06.987 I/python  (24945):    File "/home/asandy/noGo/.buildozer/android/platform/python-for-android/build/python-install/lib/python2.7/site-packages/kivy/uix/widget.py", line 266, in on_touch_down
09-18 11:00:06.997 I/python  (24945):    File "_event.pyx", line 285, in kivy._event.EventDispatcher.dispatch (kivy/_event.c:4203)
09-18 11:00:06.997 I/python  (24945):    File "/home/asandy/noGo/.buildozer/android/platform/python-for-android/build/python-install/lib/python2.7/site-packages/kivy/uix/widget.py", line 266, in on_touch_down
09-18 11:00:06.997 I/python  (24945):    File "_event.pyx", line 285, in kivy._event.EventDispatcher.dispatch (kivy/_event.c:4203)
09-18 11:00:06.997 I/python  (24945):    File "/home/asandy/noGo/.buildozer/android/platform/python-for-android/build/python-install/lib/python2.7/site-packages/kivy/uix/widget.py", line 266, in on_touch_down
09-18 11:00:06.997 I/python  (24945):    File "_event.pyx", line 285, in kivy._event.EventDispatcher.dispatch (kivy/_event.c:4203)
09-18 11:00:06.997 I/python  (24945):    File "/home/asandy/noGo/.buildozer/android/platform/python-for-android/build/python-install/lib/python2.7/site-packages/kivy/uix/button.py", line 124, in on_touch_down
09-18 11:00:06.997 I/python  (24945):    File "_event.pyx", line 281, in kivy._event.EventDispatcher.dispatch (kivy/_event.c:4152)
09-18 11:00:07.007 I/python  (24945):    File "./goban.kv", line 1, in <module>
09-18 11:00:07.007 I/python  (24945):      #:kivy 1.6.0
09-18 11:00:07.007 I/python  (24945):    File "/home/asandy/noGo/.buildozer/android/app/main.py", line 471, in new_board_from_selection
09-18 11:00:07.007 I/python  (24945):    File "/home/asandy/noGo/.buildozer/android/app/main.py", line 578, in new_board
09-18 11:00:07.007 I/python  (24945):    File "/home/asandy/noGo/.buildozer/android/app/boardview.py", line 612, in get_game_info
09-18 11:00:07.017 I/python  (24945):    File "/home/asandy/noGo/.buildozer/android/app/sgfcollections.py", line 363, in save
09-18 11:00:07.017 I/python  (24945):  IOError: [Errno 22] invalid mode ('w') or filename: '/sdcard/noGo/collections/unsaved//Wed_Sep_18_11:00:06_2013.sgf.json'
09-18 11:00:07.347 I/python  (24945): Python for android ended.
09-18 11:00:07.598 I/WindowManager(298): WIN DEATH: Window{4265a448 SurfaceView paused=false}
09-18 11:00:07.598 I/ActivityManager(298): Process net.inclem.nogo:python (pid 24945) has died.
09-18 11:00:07.598 D/memalloc(111): /dev/pmem: Freeing buffer base:0x42d4e000 size:1474560 offset:21381120 fd:66
09-18 11:00:07.598 W/ActivityManager(298): Force removing ActivityRecord{41e02b78 net.inclem.nogo/org.renpy.android.PythonActivity}: app died, no saved state
09-18 11:00:07.608 D/memalloc(111): /dev/pmem: Freeing buffer base:0x41ec6000 size:1474560 offset:6144000 fd:30
09-18 11:00:07.608 D/memalloc(111): /dev/pmem: Freeing buffer base:0x42bd7000 size:1474560 offset:19845120 fd:54
09-18 11:00:07.608 W/WindowManager(298): updateFocusedWindowLocked newFocus=Window{423da008 net.inclem.nogo/org.renpy.android.PythonActivity paused=false} mode=0 mCurrentFocus = Window{423da008 net.inclem.nogo/org.renpy.android.PythonActivity paused=false}
09-18 11:00:07.608 W/WindowManager(298): updateFocusedWindowLocked newFocus=null mode=3 mCurrentFocus = Window{423da008 net.inclem.nogo/org.renpy.android.PythonActivity paused=false}
09-18 11:00:07.618 D/memalloc(111): /dev/pmem: Freeing buffer base:0x428e9000 size:1536000 offset:16773120 fd:60
09-18 11:00:07.618 D/memalloc(111): /dev/pmem: Freeing buffer base:0x42a60000 size:1536000 offset:18309120 fd:63
09-18 11:00:07.618 W/WindowManager(298): updateFocusedWindowLocked newFocus=null mode=0 mCurrentFocus = null
09-18 11:00:07.618 I/WindowManager(298): WIN DEATH: Window{423da008 net.inclem.nogo/org.renpy.android.PythonActivity paused=false}
09-18 11:00:07.618 W/WindowManager(298): updateFocusedWindowLocked newFocus=null mode=0 mCurrentFocus = null
09-18 11:00:07.638 I/ActivityManager(298): Start proc com.android.launcher for activity com.android.launcher/com.android.launcher2.Launcher: pid=25057 uid=10035 gids={3003}
09-18 11:00:07.668 W/WindowManager(298): updateFocusedWindowLocked newFocus=null mode=3 mCurrentFocus = null
09-18 11:00:07.678 I/WindowManager(298): SCREENLAYOUT_SIZE (1:small, 2:normal, 3:large, 4:xlarge) 2
09-18 11:00:07.688 W/WindowManager(298): updateFocusedWindowLocked newFocus=null mode=3 mCurrentFocus = null
09-18 11:00:07.698 D/memalloc(111): /dev/pmem: Allocated buffer base:0x418ea000 size:1536000 offset:6144000 fd:30
09-18 11:00:07.698 D/memalloc(298): /dev/pmem: Mapped buffer base:0x621a5000 size:7680000 offset:6144000 fd:268
09-18 11:00:07.708 I/Adreno200-EGLSUB(111): <CreateImage:896>: Android Image
09-18 11:00:07.708 I/Adreno200-EGLSUB(111): <GetImageAttributes:1105>: RGBA_8888
09-18 11:00:07.708 W/WindowManager(298): updateFocusedWindowLocked newFocus=null mode=0 mCurrentFocus = null
09-18 11:00:07.718 W/WindowManager(298): updateFocusedWindowLocked newFocus=null mode=2 mCurrentFocus = null
09-18 11:00:07.718 W/WindowManager(298): updateFocusedWindowLocked newFocus=null mode=2 mCurrentFocus = null
09-18 11:00:07.808 I/ActivityThread(25057): Pub com.android.launcher2.settings: com.android.launcher2.LauncherProvider
09-18 11:00:07.898 E/Launcher(25057): onCreate
09-18 11:00:07.898 D/ExtendConfigHelper(25057): CheckScreenExtendCustom() ExtendedCustomEnable =  false
09-18 11:00:07.908 D/ExtendConfigHelper(25057): file is not exist!
09-18 11:00:07.968 I/Launcher.Workspace(25057): setHardWareAccEnable enable=true
09-18 11:00:07.978 I/Launcher.Workspace(25057): __test wallpaper11111 :is not a single wallpaper
09-18 11:00:08.038 D/Hotseat (25057): Hotseat3
09-18 11:00:08.038 D/Hotseat (25057): Hotseat2
09-18 11:00:08.038 I/Hotseat (25057): wjx getHotseatInfo_111___mCellCountX=5
09-18 11:00:08.048 I/Hotseat (25057): wjx getHotseatInfo_222___mCellCountX=5
09-18 11:00:08.048 E/Hotseat (25057): onFinishInflate__setGridSize
09-18 11:00:08.158 I/AppsCustomizePagedView(25057): AppsCustomizePagedView___WigClingFocusedX = 0
09-18 11:00:08.158 I/AppsCustomizePagedView(25057): AppsCustomizePagedView___WigClingFocusedY = 0
09-18 11:00:08.168 I/AppsCustomizePagedView(25057): AppsCustomizePagedView___WigClingFocusedX = 0
09-18 11:00:08.168 I/AppsCustomizePagedView(25057): AppsCustomizePagedView___WigClingFocusedY = 1
09-18 11:00:08.178 I/AppsCustomizePagedView(25057): AppsCustomizePagedView___WigClingFocusedX = 0
09-18 11:00:08.178 I/AppsCustomizePagedView(25057): AppsCustomizePagedView___WigClingFocusedY = 0
09-18 11:00:08.228 E/Launcher(25057): setupViews
09-18 11:00:08.298 E/Launcher.Model(25057): loadWorkspace________info = ShortcutInfo(title=Phone)____info.container = -101
09-18 11:00:08.298 E/Launcher.Model(25057): loadWorkspace________info.id = 11____info.screen = 0
09-18 11:00:08.298 E/Launcher.Model(25057): loadWorkspace________info.cellX = 0____info.cellY = 0
09-18 11:00:08.298 E/Launcher.Model(25057): sItemsIdMap.put___info.id=11___info=ShortcutInfo(title=Phone)
09-18 11:00:08.308 E/Launcher.Model(25057): loadWorkspace________info = ShortcutInfo(title=People)____info.container = -101
09-18 11:00:08.308 E/Launcher.Model(25057): loadWorkspace________info.id = 13____info.screen = 1
09-18 11:00:08.308 E/Launcher.Model(25057): loadWorkspace________info.cellX = 1____info.cellY = 0
09-18 11:00:08.308 E/Launcher.Model(25057): sItemsIdMap.put___info.id=13___info=ShortcutInfo(title=People)
09-18 11:00:08.308 E/Launcher.Model(25057): loadWorkspace________itemType = ITEM_TYPE_ALLAPPSBUTOON
09-18 11:00:08.308 E/Launcher.Model(25057): getShortcutInfo_allApps 
09-18 11:00:08.318 E/Launcher.Model(25057): getShortcutInfo_allApps____icon= android.graphics.Bitmap@415a4ef8
09-18 11:00:08.318 E/Launcher.Model(25057): loadWorkspace________info = ShortcutInfo(title=AppsButton)____info.container = -101
09-18 11:00:08.318 E/Launcher.Model(25057): loadWorkspace________info.id = 15____info.screen = 2
09-18 11:00:08.318 E/Launcher.Model(25057): loadWorkspace________info.cellX = 2____info.cellY = 0
09-18 11:00:08.318 E/Launcher.Model(25057): sItemsIdMap.put___info.id=15___info=ShortcutInfo(title=AppsButton)
09-18 11:00:08.348 E/Launcher.Model(25057): loadWorkspace________info = ShortcutInfo(title=Messaging)____info.container = -101
09-18 11:00:08.348 E/Launcher.Model(25057): loadWorkspace________info.id = 17____info.screen = 3
09-18 11:00:08.348 E/Launcher.Model(25057): loadWorkspace________info.cellX = 3____info.cellY = 0
09-18 11:00:08.348 E/Launcher.Model(25057): sItemsIdMap.put___info.id=17___info=ShortcutInfo(title=Messaging)
09-18 11:00:08.378 E/Launcher(25057): onResume
09-18 11:00:08.388 D/Debug   (25057): LayoutParams(writeToParcel) false
09-18 11:00:08.388 D/Debug   (298): LayoutParams(Parcel in) false
09-18 11:00:08.408 E/Launcher.Model(25057): loadWorkspace________info = ShortcutInfo(title=Adobe Reader)____info.container = -101
09-18 11:00:08.408 E/Launcher.Model(25057): loadWorkspace________info.id = 146____info.screen = 4
09-18 11:00:08.408 E/Launcher.Model(25057): loadWorkspace________info.cellX = 4____info.cellY = 0
09-18 11:00:08.408 E/Launcher.Model(25057): sItemsIdMap.put___info.id=146___info=ShortcutInfo(title=Adobe Reader)
09-18 11:00:08.438 E/Launcher.Model(25057): loadWorkspace________info = ShortcutInfo(title=noGo)____info.container = -100
09-18 11:00:08.438 E/Launcher.Model(25057): loadWorkspace________info.id = 216____info.screen = 1
09-18 11:00:08.438 E/Launcher.Model(25057): loadWorkspace________info.cellX = 0____info.cellY = 0
09-18 11:00:08.438 E/Launcher.Model(25057): sItemsIdMap.put___info.id=216___info=ShortcutInfo(title=noGo)
09-18 11:00:08.448 D/Debug   (25057): LayoutParams(writeToParcel) false
09-18 11:00:08.448 D/Debug   (298): LayoutParams(Parcel in) false
09-18 11:00:08.458 W/WindowManager(298): updateFocusedWindowLocked newFocus=Window{41575a50 com.android.launcher/com.android.launcher2.Launcher paused=false} mode=3 mCurrentFocus = null
09-18 11:00:08.469 E/Launcher.Model(25057): loadWorkspace________info = ShortcutInfo(title=CatLog)____info.container = -100
09-18 11:00:08.479 E/Launcher.Model(25057): loadWorkspace________info.id = 224____info.screen = 1
09-18 11:00:08.479 E/Launcher.Model(25057): loadWorkspace________info.cellX = 1____info.cellY = 0
09-18 11:00:08.479 E/Launcher.Model(25057): sItemsIdMap.put___info.id=224___info=ShortcutInfo(title=CatLog)
09-18 11:00:08.559 I/Adreno200-EGLSUB(25057): <ConfigWindowMatch:2081>: Format RGBA_8888.
09-18 11:00:08.559 D/memalloc(111): /dev/pmem: Allocated buffer base:0x418ea000 size:1536000 offset:16773120 fd:54
09-18 11:00:08.569 D/memalloc(25057): /dev/pmem: Mapped buffer base:0x5be08000 size:18309120 offset:16773120 fd:59
09-18 11:00:08.589 W/InputManagerService(298): Got RemoteException sending setActive(false) notification to pid 24945 uid 10005
09-18 11:00:08.599 I/Launcher(25057): startBinding___resetLayout
09-18 11:00:08.679 D/memalloc(111): /dev/pmem: Allocated buffer base:0x418ea000 size:1536000 offset:18309120 fd:60
09-18 11:00:08.689 D/memalloc(25057): /dev/pmem: Mapped buffer base:0x5cf7e000 size:19845120 offset:18309120 fd:62
09-18 11:00:08.689 I/Adreno200-EGLSUB(111): <CreateImage:896>: Android Image
09-18 11:00:08.689 I/Adreno200-EGLSUB(111): <GetImageAttributes:1105>: RGBA_8888
09-18 11:00:08.699 I/ActivityManager(298): Displayed com.android.launcher/com.android.launcher2.Launcher: +1s71ms
09-18 11:00:08.699 W/WindowManager(298): updateFocusedWindowLocked newFocus=Window{41575a50 com.android.launcher/com.android.launcher2.Launcher paused=false} mode=3 mCurrentFocus = Window{41575a50 com.android.launcher/com.android.launcher2.Launcher paused=false}
09-18 11:00:08.729 D/memalloc(111): /dev/pmem: Allocated buffer base:0x418ea000 size:1536000 offset:19845120 fd:63
09-18 11:00:08.739 D/memalloc(25057): /dev/pmem: Mapped buffer base:0x5e36b000 size:21381120 offset:19845120 fd:65
09-18 11:00:08.759 I/Launcher(25057): createShortcut2____info.title.toString() = Phone
09-18 11:00:08.769 I/Launcher(25057): createShortcut2____info.title.toString() = People
09-18 11:00:08.779 I/Launcher(25057): createShortcut2____info.title.toString() = AppsButton
09-18 11:00:08.779 I/Launcher(25057): createShortcut2______zhuxu
09-18 11:00:08.779 I/Adreno200-EGLSUB(111): <CreateImage:896>: Android Image
09-18 11:00:08.779 I/Adreno200-EGLSUB(111): <GetImageAttributes:1105>: RGBA_8888
09-18 11:00:08.789 I/Launcher(25057): createShortcut2____info.title.toString() = Messaging
09-18 11:00:08.799 I/Launcher(25057): createShortcut2____info.title.toString() = Adobe Reader
09-18 11:00:08.809 I/Launcher(25057): createShortcut2____info.title.toString() = noGo
09-18 11:00:08.839 I/Launcher(25057): createShortcut2____info.title.toString() = CatLog
09-18 11:00:08.889 D/memalloc(298): /dev/pmem: Unmapping buffer base:0x621a5000 size:7680000 offset:6144000
09-18 11:00:08.909 D/memalloc(111): /dev/pmem: Freeing buffer base:0x41ec6000 size:1536000 offset:6144000 fd:30
09-18 11:00:08.949 I/Adreno200-EGLSUB(111): <CreateImage:896>: Android Image
09-18 11:00:08.949 I/Adreno200-EGLSUB(111): <GetImageAttributes:1105>: RGBA_8888
09-18 11:00:09.459 D/android.widget.GridLayout(25057): horizontal constraints: x1 - x0 > 217, x2 - x1 > 247, x2 - x0 < 462 are inconsistent; permanently removing: x2 - x0 < 462. 
09-18 11:00:09.459 D/android.widget.GridLayout(25057): horizontal constraints: x1 - x0 > 217, x2 - x1 > 247, x2 - x0 < 462 are inconsistent; permanently removing: x2 - x0 < 462. 
09-18 11:00:09.469 D/android.widget.GridLayout(25057): horizontal constraints: x1 - x0 > 217, x2 - x1 > 247, x2 - x0 < 462 are inconsistent; permanently removing: x2 - x0 < 462. 
09-18 11:00:09.469 D/android.widget.GridLayout(25057): horizontal constraints: x1 - x0 > 217, x2 - x1 > 247, x2 - x0 < 462 are inconsistent; permanently removing: x2 - x0 < 462. 
09-18 11:00:09.469 D/android.widget.GridLayout(25057): horizontal constraints: x1 - x0 > 217, x2 - x1 > 247, x2 - x0 < 462 are inconsistent; permanently removing: x2 - x0 < 462. 
09-18 11:00:10.561 E/Launcher(25057): wjx __startActivitySafely___intent.com=ComponentInfo{net.inclem.nogo/org.renpy.android.PythonActivity}
09-18 11:00:10.561 I/ActivityManager(298): START {act=android.intent.action.MAIN cat=[android.intent.category.LAUNCHER] flg=0x10000000 pkg=net.inclem.nogo cmp=net.inclem.nogo/org.renpy.android.PythonActivity bnds=[0,98][120,248]} from pid 25057
09-18 11:00:10.641 W/WindowManager(298): updateFocusedWindowLocked newFocus=Window{41575a50 com.android.launcher/com.android.launcher2.Launcher paused=true} mode=3 mCurrentFocus = Window{41575a50 com.android.launcher/com.android.launcher2.Launcher paused=true}
09-18 11:00:10.661 I/ActivityManager(298): Start proc net.inclem.nogo:python for activity net.inclem.nogo/org.renpy.android.PythonActivity: pid=25081 uid=10005 gids={1015}
09-18 11:00:10.681 D/memalloc(111): /dev/pmem: Allocated buffer base:0x418ea000 size:1536000 offset:6144000 fd:30
09-18 11:00:10.691 D/memalloc(298): /dev/pmem: Mapped buffer base:0x621a5000 size:7680000 offset:6144000 fd:270
09-18 11:00:10.721 I/Adreno200-EGLSUB(111): <CreateImage:896>: Android Image
09-18 11:00:10.721 I/Adreno200-EGLSUB(111): <GetImageAttributes:1161>: RGBX_8888
09-18 11:00:10.741 I/WindowManager(298): SCREENLAYOUT_SIZE (1:small, 2:normal, 3:large, 4:xlarge) 2
09-18 11:00:10.761 W/WindowManager(298): updateFocusedWindowLocked newFocus=null mode=0 mCurrentFocus = Window{41575a50 com.android.launcher/com.android.launcher2.Launcher paused=false}
09-18 11:00:10.771 W/WindowManager(298): updateFocusedWindowLocked newFocus=null mode=2 mCurrentFocus = null
09-18 11:00:10.771 W/WindowManager(298): updateFocusedWindowLocked newFocus=null mode=2 mCurrentFocus = null
09-18 11:00:10.841 W/ResourceType(25081): No package identifier when getting value for resource number 0x00000000
09-18 11:00:10.841 V/python  (25081): metadata fullscreen is0
09-18 11:00:10.891 W/ResourceType(25081): No package identifier when getting value for resource number 0x00000000
09-18 11:00:10.911 D/Debug   (25081): LayoutParams(writeToParcel) false
09-18 11:00:10.911 D/Debug   (298): LayoutParams(Parcel in) false
09-18 11:00:10.921 D/Debug   (25081): LayoutParams(writeToParcel) false
09-18 11:00:10.921 D/Debug   (298): LayoutParams(Parcel in) false
09-18 11:00:10.931 W/WindowManager(298): updateFocusedWindowLocked newFocus=Window{4162b980 net.inclem.nogo/org.renpy.android.PythonActivity paused=false} mode=3 mCurrentFocus = null
09-18 11:00:10.961 D/Debug   (25081): LayoutParams(writeToParcel) false
09-18 11:00:10.961 D/Debug   (298): LayoutParams(Parcel in) false
09-18 11:00:10.961 D/Debug   (25081): LayoutParams(writeToParcel) false
09-18 11:00:10.961 D/Debug   (298): LayoutParams(Parcel in) false
09-18 11:00:10.961 W/WindowManager(298): updateFocusedWindowLocked newFocus=Window{4162b980 net.inclem.nogo/org.renpy.android.PythonActivity paused=false} mode=3 mCurrentFocus = Window{4162b980 net.inclem.nogo/org.renpy.android.PythonActivity paused=false}
09-18 11:00:10.981 I/SDLSurface(25081): surfaceCreated() is not handled :|
09-18 11:00:10.981 D/Debug   (25081): LayoutParams(writeToParcel) false
09-18 11:00:10.981 D/Debug   (298): LayoutParams(Parcel in) false
09-18 11:00:10.991 D/Debug   (25081): LayoutParams(writeToParcel) false
09-18 11:00:10.991 D/Debug   (298): LayoutParams(Parcel in) false
09-18 11:00:11.001 D/memalloc(111): /dev/pmem: Allocated buffer base:0x418ea000 size:1536000 offset:21381120 fd:66
09-18 11:00:11.011 D/memalloc(25081): /dev/pmem: Mapped buffer base:0x5b98a000 size:22917120 offset:21381120 fd:42
09-18 11:00:11.031 I/python  (25081): Starting audio thread
09-18 11:00:11.051 I/Adreno200-EGLSUB(111): <CreateImage:896>: Android Image
09-18 11:00:11.051 I/Adreno200-EGLSUB(111): <GetImageAttributes:1105>: RGBA_8888
09-18 11:00:11.061 I/ActivityManager(298): Displayed net.inclem.nogo/org.renpy.android.PythonActivity: +438ms
09-18 11:00:11.061 W/WindowManager(298): updateFocusedWindowLocked newFocus=Window{4162b980 net.inclem.nogo/org.renpy.android.PythonActivity paused=false} mode=3 mCurrentFocus = Window{4162b980 net.inclem.nogo/org.renpy.android.PythonActivity paused=false}
09-18 11:00:11.091 D/memalloc(111): /dev/pmem: Allocated buffer base:0x418ea000 size:1536000 offset:22917120 fd:69
09-18 11:00:11.101 W/SDLSurface(25081): Choose egl configuration
09-18 11:00:11.121 D/memalloc(25081): /dev/pmem: Mapped buffer base:0x5d146000 size:24453120 offset:22917120 fd:51
09-18 11:00:11.131 I/SDLSurface(25081): Try to use graphics config R8G8B8A8S8
09-18 11:00:11.131 W/SDLSurface(25081): Create egl context
09-18 11:00:11.191 I/Adreno200-EGLSUB(111): <CreateImage:896>: Android Image
09-18 11:00:11.191 I/Adreno200-EGLSUB(111): <GetImageAttributes:1105>: RGBA_8888
09-18 11:00:11.201 W/InputMethodManager(25081): Ignoring onBind: cur seq=1175, given seq=1174
09-18 11:00:11.211 W/SDLSurface(25081): Create egl surface
09-18 11:00:11.231 I/Adreno200-EGLSUB(25081): <ConfigWindowMatch:2081>: Format RGBA_8888.
09-18 11:00:11.241 D/memalloc(111): /dev/pmem: Allocated buffer base:0x418ea000 size:1474560 offset:24453120 fd:72
09-18 11:00:11.261 D/memalloc(298): /dev/pmem: Unmapping buffer base:0x621a5000 size:7680000 offset:6144000
09-18 11:00:11.281 D/memalloc(25081): /dev/pmem: Mapped buffer base:0x5eb97000 size:25927680 offset:24453120 fd:54
09-18 11:00:11.291 D/memalloc(111): /dev/pmem: Freeing buffer base:0x41ec6000 size:1536000 offset:6144000 fd:30
09-18 11:00:11.331 I/libSDL  (25081): Physical screen resolution is 480x762
09-18 11:00:11.331 W/SDLSurface(25081): Done
09-18 11:00:11.511 D/memalloc(111): /dev/pmem: Allocated buffer base:0x418ea000 size:1474560 offset:6144000 fd:30
09-18 11:00:11.521 D/memalloc(25081): /dev/pmem: Mapped buffer base:0x60759000 size:7618560 offset:6144000 fd:57
09-18 11:00:11.521 I/Adreno200-EGLSUB(111): <CreateImage:896>: Android Image
09-18 11:00:11.521 I/Adreno200-EGLSUB(111): <GetImageAttributes:1105>: RGBA_8888
09-18 11:00:11.531 I/libSDL  (25081): Physical screen resolution is 480x762
09-18 11:00:11.531 I/python  (25081): Initialize Python for Android
09-18 11:00:11.642 D/memalloc(25057): /dev/pmem: Unmapping buffer base:0x5be08000 size:18309120 offset:16773120
09-18 11:00:11.642 D/memalloc(25057): /dev/pmem: Unmapping buffer base:0x5cf7e000 size:19845120 offset:18309120
09-18 11:00:11.662 D/memalloc(25057): /dev/pmem: Unmapping buffer base:0x5e36b000 size:21381120 offset:19845120
09-18 11:00:11.672 D/memalloc(111): /dev/pmem: Freeing buffer base:0x428e9000 size:1536000 offset:16773120 fd:54
09-18 11:00:11.672 D/memalloc(111): /dev/pmem: Freeing buffer base:0x42bd7000 size:1536000 offset:19845120 fd:63
09-18 11:00:11.672 W/WindowManager(298): updateFocusedWindowLocked newFocus=Window{4162b980 net.inclem.nogo/org.renpy.android.PythonActivity paused=false} mode=3 mCurrentFocus = Window{4162b980 net.inclem.nogo/org.renpy.android.PythonActivity paused=false}
09-18 11:00:11.692 D/memalloc(111): /dev/pmem: Freeing buffer base:0x42a60000 size:1536000 offset:18309120 fd:60
09-18 11:00:11.792 I/python  (25081): ['/data/data/net.inclem.nogo/files/lib/python2.7/site-packages', '/data/data/net.inclem.nogo/files/lib/site-python']
09-18 11:00:11.792 I/python  (25081): Android path ['/data/data/net.inclem.nogo/files/lib/python27.zip', '/data/data/net.inclem.nogo/files/lib/python2.7', '/data/data/net.inclem.nogo/files/lib/python2.7/lib-dynload', '/data/data/net.inclem.nogo/files/lib/python2.7/site-packages', '/data/data/net.inclem.nogo/files', '/data/data/net.inclem.nogo/files/lib/python2.7/site-packages/PIL']
09-18 11:00:11.792 I/python  (25081): Android kivy bootstrap done. __name__ is __main__
09-18 11:00:11.792 I/python  (25081): Run user program, change dir and execute main.py
09-18 11:00:12.142 I/python  (25081): [[1;32mINFO[0m   ] Kivy v1.7.1
09-18 11:00:12.302 I/python  (25081): [[1;32mINFO[0m   ] [Logger      ] Record log in /data/data/net.inclem.nogo/files/.kivy/logs/kivy_13-09-18_7.txt
09-18 11:00:12.302 I/python  (25081): [[1;32mINFO[0m   ] [Factory     ] 144 symbols loaded
09-18 11:00:12.332 I/python  (25081): [[1;36mDEBUG[0m  ] [Cache       ] register <kv.lang> with limit=None, timeout=Nones
09-18 11:00:13.023 I/python  (25081): [[1;36mDEBUG[0m  ] [Cache       ] register <kv.image> with limit=None, timeout=60s
09-18 11:00:13.023 I/python  (25081): [[1;36mDEBUG[0m  ] [Cache       ] register <kv.atlas> with limit=None, timeout=Nones
09-18 11:00:13.063 I/python  (25081):  /data/data/net.inclem.nogo/files/lib/python2.7/site-packages/kivy/core/image/img_pygame.py:11: RuntimeWarning: import cdrom: No module named cdrom
09-18 11:00:13.063 I/python  (25081):  (ImportError: No module named cdrom)
09-18 11:00:13.133 I/python  (25081): [[1;32mINFO[0m   ] [Image       ] Providers: img_tex, img_dds, img_pygame, img_pil, img_gif 
09-18 11:00:13.143 I/python  (25081): [[1;36mDEBUG[0m  ] [Cache       ] register <kv.texture> with limit=1000, timeout=60s
09-18 11:00:13.143 I/python  (25081): [[1;36mDEBUG[0m  ] [Cache       ] register <kv.shader> with limit=1000, timeout=3600s
09-18 11:00:13.173 I/python  (25081): [[1;36mDEBUG[0m  ] [Window      ] Ignored <egl_rpi> (import error)
09-18 11:00:13.223 I/python  (25081): [[1;32mINFO[0m   ] [Window      ] Provider: pygame(['window_egl_rpi'] ignored)
09-18 11:00:13.243 I/python  (25081): [[1;36mDEBUG[0m  ] [WinPygame   ] Set window to fullscreen mode
09-18 11:00:13.253 I/libSDL  (25081): SDL_SetVideoMode(): application requested mode 480x762
09-18 11:00:13.253 I/python  (25081): [[1;36mDEBUG[0m  ] [Window      ] Display driver android
09-18 11:00:13.253 I/python  (25081): [[1;36mDEBUG[0m  ] [Window      ] Actual window size: 480x762
09-18 11:00:13.253 I/python  (25081): [[1;32mINFO[0m   ] [GL          ] OpenGL version <OpenGL ES 2.0 2184622>
09-18 11:00:13.253 I/python  (25081): [[1;32mINFO[0m   ] [GL          ] OpenGL vendor <Qualcomm>
09-18 11:00:13.253 I/python  (25081): [[1;32mINFO[0m   ] [GL          ] OpenGL renderer <Adreno (TM) 200>
09-18 11:00:13.263 I/python  (25081): [[1;32mINFO[0m   ] [GL          ] OpenGL parsed version: 2, 0
09-18 11:00:13.263 I/python  (25081): [[1;32mINFO[0m   ] [GL          ] Texture max size <4096>
09-18 11:00:13.263 I/python  (25081): [[1;32mINFO[0m   ] [GL          ] Texture max units <16>
09-18 11:00:13.303 I/python  (25081): [[1;36mDEBUG[0m  ] [Shader      ] Fragment compiled successfully
09-18 11:00:13.303 I/python  (25081): [[1;36mDEBUG[0m  ] [Shader      ] Vertex compiled successfully
09-18 11:00:13.333 I/python  (25081): [[1;32mINFO[0m   ] [Shader      ] program: <--From Fragment Shader:
09-18 11:00:13.333 I/python  (25081): --From Vertex Shader:
09-18 11:00:13.333 I/python  (25081): Link was successful.>
09-18 11:00:13.343 I/python  (25081): [[1;36mDEBUG[0m  ] [ImagePygame ] Load </data/data/net.inclem.nogo/files/lib/python2.7/site-packages/kivy/data/glsl/default.png>
09-18 11:00:13.353 I/python  (25081): [[1;32mINFO[0m   ] [Support     ] Android install hooks
09-18 11:00:13.353 I/python  (25081): [[1;32mINFO[0m   ] [Window      ] virtual keyboard not allowed, single mode, not docked
09-18 11:00:13.383 I/python  (25081): [[1;32mINFO[0m   ] [Text        ] Provider: pygame
09-18 11:00:13.814 I/python  (25081): [[1;36mDEBUG[0m  ] [Cache       ] register <kv.loader> with limit=500, timeout=60s
09-18 11:00:13.814 I/python  (25081): [[1;32mINFO[0m   ] [Loader      ] using a thread pool of 2 workers
09-18 11:00:13.884 I/python  (25081): [[1;36mDEBUG[0m  ] [Audio       ] register SoundPygame
09-18 11:00:13.894 I/python  (25081): [[1;32mINFO[0m   ] [Audio       ] Providers: audio_pygame (audio_gstreamer, audio_sdl ignored)
09-18 11:00:14.224 I/python  (25081): [[1;32mINFO[0m   ] [OSC         ] using <thread> for socket
09-18 11:00:14.304 I/python  (25081): [[1;36mDEBUG[0m  ] [Cache       ] register <textinput.label> with limit=None, timeout=60.0s
09-18 11:00:14.314 I/python  (25081): [[1;36mDEBUG[0m  ] [Cache       ] register <textinput.width> with limit=None, timeout=60.0s
09-18 11:00:14.334 I/python  (25081): [[1;36mDEBUG[0m  ] [App         ] Loading configuration </sdcard/noGo/nogo.ini>
09-18 11:00:14.344 I/python  (25081): [[1;36mDEBUG[0m  ] [App         ] Loading kv <./goban.kv>
09-18 11:00:15.365 I/python  (25081): ENTERED BUILD()
09-18 11:00:15.395 I/python  (25081): CONSTRUCTED manager and home 0.02392578125
09-18 11:00:15.395 I/python  (25081): board file is ./media/boards/plain_light.png
09-18 11:00:15.395 I/python  (25081): propagating boardtype plain dark ./media/boards/plain_light.png
09-18 11:00:15.395 I/python  (25081): PROPAGATING VIEW MODE phone
09-18 11:00:15.415 I/python  (25081): [[1;36mDEBUG[0m  ] [Atlas       ] Load </data/data/net.inclem.nogo/files/lib/python2.7/site-packages/kivy/data/../data/images/defaulttheme.atlas>
09-18 11:00:15.435 I/python  (25081): [[1;36mDEBUG[0m  ] [Atlas       ] Need to load 1 images
09-18 11:00:15.445 I/python  (25081): [[1;36mDEBUG[0m  ] [Atlas       ] Load </data/data/net.inclem.nogo/files/lib/python2.7/site-packages/kivy/data/../data/images/defaulttheme-0.png>
09-18 11:00:15.445 I/python  (25081): [[1;36mDEBUG[0m  ] [ImagePygame ] Load </data/data/net.inclem.nogo/files/lib/python2.7/site-packages/kivy/data/../data/images/defaulttheme-0.png>
09-18 11:00:15.736 I/python  (25081): [[1;36mDEBUG[0m  ] [Atlas       ] Load <media/mainimages/mainatlas.atlas>
09-18 11:00:15.746 I/python  (25081): [[1;36mDEBUG[0m  ] [Atlas       ] Need to load 1 images
09-18 11:00:15.746 I/python  (25081): [[1;36mDEBUG[0m  ] [Atlas       ] Load <media/mainimages/mainatlas-0.png>
09-18 11:00:15.746 I/python  (25081): [[1;36mDEBUG[0m  ] [ImagePygame ] Load <media/mainimages/mainatlas-0.png>
09-18 11:00:18.498 I/ActivityManager(298): Process com.google.android.gms (pid 24996) has died.
09-18 11:00:18.678 I/ActivityManager(298): Process com.google.android.gsf.login (pid 25027) has died.
09-18 11:00:18.899 I/ActivityManager(298): Process com.amazon.venezia (pid 24261) has died.
09-18 11:00:18.899 W/ActivityManager(298): Scheduling restart of crashed service com.amazon.venezia/com.amazon.mas.client.framework.UpdateService in 5000ms
09-18 11:00:19.199 I/ActivityManager(298): Process com.zte.okb.service:remote (pid 24970) has died.
09-18 11:00:19.199 W/ActivityManager(298): Scheduling restart of crashed service com.zte.okb.service/.RestoreAppService in 5000ms
09-18 11:00:19.469 I/python  (25081): [[1;36mDEBUG[0m  ] [ImagePygame ] Load <media/logo_big.png>
09-18 11:00:20.020 I/python  (25081): RETURNING SM 4.63497900963 4.65890479088
09-18 11:00:20.030 I/python  (25081): ON_START () {} 
09-18 11:00:20.030 I/python  (25081): environment None
09-18 11:00:20.030 I/python  (25081): open_file is 
09-18 11:00:20.030 I/python  (25081): [[1;36mDEBUG[0m  ] [Base        ] Create provider from android
09-18 11:00:20.030 I/python  (25081): [[1;32mINFO[0m   ] [Base        ] Start application main loop
09-18 11:00:20.030 I/python  (25081): [[1;32mINFO[0m   ] [Android     ] found 17 joystick
09-18 11:00:20.030 I/python  (25081): [[1;32mINFO[0m   ] [Android     ] create joystick <0>
09-18 11:00:20.040 I/python  (25081): [[1;32mINFO[0m   ] [Android     ] discard joystick <0> cause no button
09-18 11:00:20.040 I/python  (25081): [[1;32mINFO[0m   ] [Android     ] create joystick <1>
09-18 11:00:20.040 I/python  (25081): [[1;32mINFO[0m   ] [Android     ] create joystick <2>
09-18 11:00:20.040 I/python  (25081): [[1;32mINFO[0m   ] [Android     ] create joystick <3>
09-18 11:00:20.040 I/python  (25081): [[1;32mINFO[0m   ] [Android     ] create joystick <4>
09-18 11:00:20.040 I/python  (25081): [[1;32mINFO[0m   ] [Android     ] create joystick <5>
09-18 11:00:20.040 I/python  (25081): [[1;32mINFO[0m   ] [Android     ] create joystick <6>
09-18 11:00:20.050 I/python  (25081): [[1;32mINFO[0m   ] [Android     ] create joystick <7>
09-18 11:00:20.050 I/python  (25081): [[1;32mINFO[0m   ] [Android     ] create joystick <8>
09-18 11:00:20.050 I/python  (25081): [[1;32mINFO[0m   ] [Android     ] create joystick <9>
09-18 11:00:20.050 I/python  (25081): [[1;32mINFO[0m   ] [Android     ] create joystick <10>
09-18 11:00:20.050 I/python  (25081): [[1;32mINFO[0m   ] [Android     ] create joystick <11>
09-18 11:00:20.050 I/python  (25081): [[1;32mINFO[0m   ] [Android     ] create joystick <12>
09-18 11:00:20.060 I/python  (25081): [[1;32mINFO[0m   ] [Android     ] create joystick <13>
09-18 11:00:20.060 I/python  (25081): [[1;32mINFO[0m   ] [Android     ] create joystick <14>
09-18 11:00:20.060 I/python  (25081): [[1;32mINFO[0m   ] [Android     ] create joystick <15>
09-18 11:00:20.060 I/python  (25081): [[1;32mINFO[0m   ] [Android     ] create joystick <16>
09-18 11:00:20.110 I/python  (25081): [[1;32mINFO[0m   ] [GL          ] NPOT texture support is available
09-18 11:00:20.180 I/python  (25081): [[1;36mDEBUG[0m  ] [ImagePygame ] Load <media/black_pixel.png>
09-18 11:00:20.430 D/memalloc(111): /dev/pmem: Allocated buffer base:0x418ea000 size:1474560 offset:16773120 fd:54
09-18 11:00:20.450 D/memalloc(25081): /dev/pmem: Mapped buffer base:0x65dd5000 size:18247680 offset:16773120 fd:69
09-18 11:00:20.460 I/Adreno200-EGLSUB(111): <CreateImage:896>: Android Image
09-18 11:00:20.460 I/Adreno200-EGLSUB(111): <GetImageAttributes:1105>: RGBA_8888
09-18 11:00:20.500 I/Adreno200-EGLSUB(111): <CreateImage:896>: Android Image
09-18 11:00:20.500 I/Adreno200-EGLSUB(111): <GetImageAttributes:1105>: RGBA_8888
09-18 11:00:22.112 I/python  (25081): [[1;36mDEBUG[0m  ] [ImagePygame ] Load <media/blue_press_pixel.png>
09-18 11:00:22.222 I/python  (25081): Opening new_board_dialog
09-18 11:00:22.853 I/python  (25081): [[1;36mDEBUG[0m  ] [ImagePygame ] Load <./media/white_pixel.png>
09-18 11:00:23.143 I/AppsCustomizePagedView(25057): setApps__mContentType = Applications
09-18 11:00:24.284 I/ActivityManager(298): Start proc com.zte.okb.service:remote for service com.zte.okb.service/.RestoreAppService: pid=25097 uid=1000 gids={1015, 3002, 3001, 3003, 3007}
09-18 11:00:24.594 I/RestoreAppService(25097): RestoreAppService onCreate 
09-18 11:00:28.458 I/python  (25081): current collections are [SGF collection unsaved with 1 games, SGF collection Pro10 with 8 games, SGF collection IMeijin with 17 games, SGF collection Kisei with 143 games, SGF collection ITengen with 13 games, SGF collection Gosei with 94 games, SGF collection Honinbo with 305 games, SGF collection Shusaku with 59 games, SGF collection Meijin with 238 games, SGF collection CJSuperGo with 115 games, SGF collection Tengen with 107 games, SGF collection Judan with 158 games, SGF collection Oza with 47 games, SGF collection NihonKiin with 10 games]
09-18 11:00:28.458 I/python  (25081): found name unsaved [SGF collection unsaved with 1 games]
09-18 11:00:28.468 I/python  (25081): %% NEW BOARD
09-18 11:00:28.468 I/python  (25081): None SGF collection unsaved with 1 games 
09-18 11:00:28.468 I/python  (25081): <type 'str'>
09-18 11:00:28.468 I/python  (25081): Finishing lazy loading
09-18 11:00:28.468 I/python  (25081): need to load 1
09-18 11:00:28.468 I/python  (25081): currently doing /sdcard/noGo/collections/unsaved//Wed_Sep_18_11:00:06_2013.sgf.json
09-18 11:00:28.478 I/python  (25081): (lazy) Tried to load sgf that doesn't seem to exist. Skipping.
09-18 11:00:28.478 I/python  (25081): game was /sdcard/noGo/collections/unsaved//Wed_Sep_18_11:00:06_2013.sgf.json
09-18 11:00:28.478 I/python  (25081): Finishing lazy loading
09-18 11:00:28.478 I/python  (25081): Finishing lazy loading
09-18 11:00:28.478 I/python  (25081): Finishing lazy loading
09-18 11:00:28.478 I/python  (25081): t2 - t1 is... 0.0173950195312
09-18 11:00:28.578 I/python  (25081): GuiBoard init, making abstractboard with gridsize 19
09-18 11:00:28.578 I/python  (25081): abstractboard initialised with size 19 19
09-18 11:00:28.598 I/python  (25081): result is 
09-18 11:00:28.598 I/python  (25081): self.display_markers is True
09-18 11:00:28.598 I/python  (25081): ### instructions are {'nodeindex': (0, 1), 'variations': (1, 1), 'nextplayer': 'b'}
09-18 11:00:28.598 I/python  (25081): next_to_play from e
09-18 11:00:28.598 I/python  (25081): --> b
09-18 11:00:28.608 I/python  (25081): result is 
09-18 11:00:28.608 I/python  (25081): Tried to set collectionsgf info when it doesn't exist yet.
09-18 11:00:28.608 I/python  (25081): Trying to remind
09-18 11:00:28.608 I/python  (25081): <__main__.NogoManager object at 0x616368b8>
09-18 11:00:28.608 I/python  (25081): []
09-18 11:00:28.608 I/python  (25081): Tried to refresh collectionsgf before it was created?
09-18 11:00:29.149 I/python  (25081): mysize = [100, 480] -> boardsize-20 =  80
09-18 11:00:29.149 I/python  (25081): mypos =  [0, 0]
09-18 11:00:29.149 I/python  (25081): window size (480, 762)
09-18 11:00:29.149 I/python  (25081): parent <boardview.PhoneBoardView object at 0x659938b8>
09-18 11:00:29.409 I/python  (25081): abstractboard initialised with size 19 19
09-18 11:00:29.419 I/python  (25081): New gridsize is 19
09-18 11:00:29.419 I/python  (25081): New abstractboard gridsize 19
09-18 11:00:29.419 I/python  (25081): time_start called
09-18 11:00:29.419 I/python  (25081): new self.ld_markers {}
09-18 11:00:29.419 I/python  (25081): result is 
09-18 11:00:29.429 I/python  (25081): [[1;32mINFO[0m   ] [Base        ] Leaving application in progress...
09-18 11:00:29.429 I/python  (25081):  Traceback (most recent call last):
09-18 11:00:29.429 I/python  (25081):    File "/home/asandy/noGo/.buildozer/android/app/main.py", line 1136, in <module>
09-18 11:00:29.439 I/python  (25081):    File "/home/asandy/noGo/.buildozer/android/platform/python-for-android/build/python-install/lib/python2.7/site-packages/kivy/app.py", line 600, in run
09-18 11:00:29.439 I/python  (25081):    File "/home/asandy/noGo/.buildozer/android/platform/python-for-android/build/python-install/lib/python2.7/site-packages/kivy/base.py", line 454, in runTouchApp
09-18 11:00:29.439 I/python  (25081):    File "/home/asandy/noGo/.buildozer/android/platform/python-for-android/build/python-install/lib/python2.7/site-packages/kivy/core/window/window_pygame.py", line 325, in mainloop
09-18 11:00:29.439 I/python  (25081):    File "/home/asandy/noGo/.buildozer/android/platform/python-for-android/build/python-install/lib/python2.7/site-packages/kivy/core/window/window_pygame.py", line 231, in _mainloop
09-18 11:00:29.439 I/python  (25081):    File "/home/asandy/noGo/.buildozer/android/platform/python-for-android/build/python-install/lib/python2.7/site-packages/kivy/base.py", line 297, in idle
09-18 11:00:29.449 I/python  (25081):    File "/home/asandy/noGo/.buildozer/android/platform/python-for-android/build/python-install/lib/python2.7/site-packages/kivy/base.py", line 284, in dispatch_input
09-18 11:00:29.449 I/python  (25081):    File "/home/asandy/noGo/.buildozer/android/platform/python-for-android/build/python-install/lib/python2.7/site-packages/kivy/base.py", line 209, in post_dispatch_input
09-18 11:00:29.449 I/python  (25081):    File "_event.pyx", line 285, in kivy._event.EventDispatcher.dispatch (kivy/_event.c:4203)
09-18 11:00:29.449 I/python  (25081):    File "/home/asandy/noGo/.buildozer/android/platform/python-for-android/build/python-install/lib/python2.7/site-packages/kivy/core/window/__init__.py", line 630, in on_motion
09-18 11:00:29.449 I/python  (25081):    File "_event.pyx", line 285, in kivy._event.EventDispatcher.dispatch (kivy/_event.c:4203)
09-18 11:00:29.449 I/python  (25081):    File "/home/asandy/noGo/.buildozer/android/platform/python-for-android/build/python-install/lib/python2.7/site-packages/kivy/core/window/__init__.py", line 642, in on_touch_down
09-18 11:00:29.449 I/python  (25081):    File "_event.pyx", line 285, in kivy._event.EventDispatcher.dispatch (kivy/_event.c:4203)
09-18 11:00:29.459 I/python  (25081):    File "/home/asandy/noGo/.buildozer/android/platform/python-for-android/build/python-install/lib/python2.7/site-packages/kivy/uix/modalview.py", line 239, in on_touch_down
09-18 11:00:29.459 I/python  (25081):    File "/home/asandy/noGo/.buildozer/android/platform/python-for-android/build/python-install/lib/python2.7/site-packages/kivy/uix/widget.py", line 266, in on_touch_down
09-18 11:00:29.459 I/python  (25081):    File "_event.pyx", line 285, in kivy._event.EventDispatcher.dispatch (kivy/_event.c:4203)
09-18 11:00:29.459 I/python  (25081):    File "/home/asandy/noGo/.buildozer/android/platform/python-for-android/build/python-install/lib/python2.7/site-packages/kivy/uix/widget.py", line 266, in on_touch_down
09-18 11:00:29.459 I/python  (25081):    File "_event.pyx", line 285, in kivy._event.EventDispatcher.dispatch (kivy/_event.c:4203)
09-18 11:00:29.469 I/python  (25081):    File "/home/asandy/noGo/.buildozer/android/platform/python-for-android/build/python-install/lib/python2.7/site-packages/kivy/uix/widget.py", line 266, in on_touch_down
09-18 11:00:29.469 I/python  (25081):    File "_event.pyx", line 285, in kivy._event.EventDispatcher.dispatch (kivy/_event.c:4203)
09-18 11:00:29.469 I/python  (25081):    File "/home/asandy/noGo/.buildozer/android/platform/python-for-android/build/python-install/lib/python2.7/site-packages/kivy/uix/widget.py", line 266, in on_touch_down
09-18 11:00:29.469 I/python  (25081):    File "_event.pyx", line 285, in kivy._event.EventDispatcher.dispatch (kivy/_event.c:4203)
09-18 11:00:29.469 I/python  (25081):    File "/home/asandy/noGo/.buildozer/android/platform/python-for-android/build/python-install/lib/python2.7/site-packages/kivy/uix/widget.py", line 266, in on_touch_down
09-18 11:00:29.469 I/python  (25081):    File "_event.pyx", line 285, in kivy._event.EventDispatcher.dispatch (kivy/_event.c:4203)
09-18 11:00:29.469 I/python  (25081):    File "/home/asandy/noGo/.buildozer/android/platform/python-for-android/build/python-install/lib/python2.7/site-packages/kivy/uix/button.py", line 124, in on_touch_down
09-18 11:00:29.479 I/python  (25081):    File "_event.pyx", line 281, in kivy._event.EventDispatcher.dispatch (kivy/_event.c:4152)
09-18 11:00:29.479 I/python  (25081):    File "./goban.kv", line 1, in <module>
09-18 11:00:29.479 I/python  (25081):      #:kivy 1.6.0
09-18 11:00:29.479 I/python  (25081):    File "/home/asandy/noGo/.buildozer/android/app/main.py", line 471, in new_board_from_selection
09-18 11:00:29.479 I/python  (25081):    File "/home/asandy/noGo/.buildozer/android/app/main.py", line 578, in new_board
09-18 11:00:29.489 I/python  (25081):    File "/home/asandy/noGo/.buildozer/android/app/boardview.py", line 612, in get_game_info
