09-18 11:00:53.522 E/Launcher.Model(25215): sItemsIdMap.put___info.id=17___info=ShortcutInfo(title=Messaging)
09-18 11:00:53.522 D/Debug   (298): LayoutParams(Parcel in) false
09-18 11:00:53.552 D/Debug   (25215): LayoutParams(writeToParcel) false
09-18 11:00:53.552 D/Debug   (298): LayoutParams(Parcel in) false
09-18 11:00:53.562 W/WindowManager(298): updateFocusedWindowLocked newFocus=Window{424075b8 com.android.launcher/com.android.launcher2.Launcher paused=false} mode=3 mCurrentFocus = null
09-18 11:00:53.593 E/Launcher.Model(25215): loadWorkspace________info = ShortcutInfo(title=Adobe Reader)____info.container = -101
09-18 11:00:53.593 E/Launcher.Model(25215): loadWorkspace________info.id = 146____info.screen = 4
09-18 11:00:53.593 E/Launcher.Model(25215): loadWorkspace________info.cellX = 4____info.cellY = 0
09-18 11:00:53.603 E/Launcher.Model(25215): sItemsIdMap.put___info.id=146___info=ShortcutInfo(title=Adobe Reader)
09-18 11:00:53.613 E/Launcher.Model(25215): loadWorkspace________info = ShortcutInfo(title=noGo)____info.container = -100
09-18 11:00:53.613 E/Launcher.Model(25215): loadWorkspace________info.id = 216____info.screen = 1
09-18 11:00:53.613 E/Launcher.Model(25215): loadWorkspace________info.cellX = 0____info.cellY = 0
09-18 11:00:53.613 E/Launcher.Model(25215): sItemsIdMap.put___info.id=216___info=ShortcutInfo(title=noGo)
09-18 11:00:53.663 I/Adreno200-EGLSUB(25215): <ConfigWindowMatch:2081>: Format RGBA_8888.
09-18 11:00:53.683 D/memalloc(111): /dev/pmem: Allocated buffer base:0x418ea000 size:1536000 offset:16773120 fd:54
09-18 11:00:53.683 D/memalloc(25215): /dev/pmem: Mapped buffer base:0x5bfb5000 size:18309120 offset:16773120 fd:60
09-18 11:00:53.693 E/Launcher.Model(25215): loadWorkspace________info = ShortcutInfo(title=CatLog)____info.container = -100
09-18 11:00:53.693 E/Launcher.Model(25215): loadWorkspace________info.id = 224____info.screen = 1
09-18 11:00:53.693 E/Launcher.Model(25215): loadWorkspace________info.cellX = 1____info.cellY = 0
09-18 11:00:53.693 E/Launcher.Model(25215): sItemsIdMap.put___info.id=224___info=ShortcutInfo(title=CatLog)
09-18 11:00:53.713 W/InputManagerService(298): Got RemoteException sending setActive(false) notification to pid 25113 uid 10005
09-18 11:00:53.713 I/Launcher(25215): startBinding___resetLayout
09-18 11:00:53.773 D/memalloc(111): /dev/pmem: Allocated buffer base:0x418ea000 size:1536000 offset:18309120 fd:60
09-18 11:00:53.783 D/memalloc(25215): /dev/pmem: Mapped buffer base:0x5d13b000 size:19845120 offset:18309120 fd:59
09-18 11:00:53.783 I/Adreno200-EGLSUB(111): <CreateImage:896>: Android Image
09-18 11:00:53.783 I/Adreno200-EGLSUB(111): <GetImageAttributes:1105>: RGBA_8888
09-18 11:00:53.803 I/ActivityManager(298): Displayed com.android.launcher/com.android.launcher2.Launcher: +1s114ms
09-18 11:00:53.803 W/WindowManager(298): updateFocusedWindowLocked newFocus=Window{424075b8 com.android.launcher/com.android.launcher2.Launcher paused=false} mode=3 mCurrentFocus = Window{424075b8 com.android.launcher/com.android.launcher2.Launcher paused=false}
09-18 11:00:53.833 D/memalloc(111): /dev/pmem: Allocated buffer base:0x418ea000 size:1536000 offset:19845120 fd:63
09-18 11:00:53.843 D/memalloc(25215): /dev/pmem: Mapped buffer base:0x5e428000 size:21381120 offset:19845120 fd:65
09-18 11:00:53.853 I/Launcher(25215): createShortcut2____info.title.toString() = Phone
09-18 11:00:53.863 I/Launcher(25215): createShortcut2____info.title.toString() = People
09-18 11:00:53.873 I/Launcher(25215): createShortcut2____info.title.toString() = AppsButton
09-18 11:00:53.883 I/Launcher(25215): createShortcut2______zhuxu
09-18 11:00:53.883 I/Launcher(25215): createShortcut2____info.title.toString() = Messaging
09-18 11:00:53.883 I/Adreno200-EGLSUB(111): <CreateImage:896>: Android Image
09-18 11:00:53.883 I/Adreno200-EGLSUB(111): <GetImageAttributes:1105>: RGBA_8888
09-18 11:00:53.903 I/Launcher(25215): createShortcut2____info.title.toString() = Adobe Reader
09-18 11:00:53.913 I/Launcher(25215): createShortcut2____info.title.toString() = noGo
09-18 11:00:53.943 I/Launcher(25215): createShortcut2____info.title.toString() = CatLog
09-18 11:00:53.983 D/memalloc(298): /dev/pmem: Unmapping buffer base:0x621a5000 size:7680000 offset:6144000
09-18 11:00:54.013 D/memalloc(111): /dev/pmem: Freeing buffer base:0x41ec6000 size:1536000 offset:6144000 fd:30
09-18 11:00:54.073 I/Adreno200-EGLSUB(111): <CreateImage:896>: Android Image
09-18 11:00:54.073 I/Adreno200-EGLSUB(111): <GetImageAttributes:1105>: RGBA_8888
09-18 11:00:54.583 D/android.widget.GridLayout(25215): horizontal constraints: x1 - x0 > 217, x2 - x1 > 247, x2 - x0 < 462 are inconsistent; permanently removing: x2 - x0 < 462. 
09-18 11:00:54.583 D/android.widget.GridLayout(25215): horizontal constraints: x1 - x0 > 217, x2 - x1 > 247, x2 - x0 < 462 are inconsistent; permanently removing: x2 - x0 < 462. 
09-18 11:00:54.594 D/android.widget.GridLayout(25215): horizontal constraints: x1 - x0 > 217, x2 - x1 > 247, x2 - x0 < 462 are inconsistent; permanently removing: x2 - x0 < 462. 
09-18 11:00:54.594 D/android.widget.GridLayout(25215): horizontal constraints: x1 - x0 > 217, x2 - x1 > 247, x2 - x0 < 462 are inconsistent; permanently removing: x2 - x0 < 462. 
09-18 11:00:54.604 D/android.widget.GridLayout(25215): horizontal constraints: x1 - x0 > 217, x2 - x1 > 247, x2 - x0 < 462 are inconsistent; permanently removing: x2 - x0 < 462. 
09-18 11:00:56.776 E/Launcher(25215): wjx __startActivitySafely___intent.com=ComponentInfo{net.inclem.nogo/org.renpy.android.PythonActivity}
09-18 11:00:56.786 I/ActivityManager(298): START {act=android.intent.action.MAIN cat=[android.intent.category.LAUNCHER] flg=0x10000000 pkg=net.inclem.nogo cmp=net.inclem.nogo/org.renpy.android.PythonActivity bnds=[0,98][120,248]} from pid 25215
09-18 11:00:56.836 W/WindowManager(298): updateFocusedWindowLocked newFocus=Window{424075b8 com.android.launcher/com.android.launcher2.Launcher paused=true} mode=3 mCurrentFocus = Window{424075b8 com.android.launcher/com.android.launcher2.Launcher paused=true}
09-18 11:00:56.846 I/ActivityManager(298): Start proc net.inclem.nogo:python for activity net.inclem.nogo/org.renpy.android.PythonActivity: pid=25239 uid=10005 gids={1015}
09-18 11:00:56.876 D/memalloc(111): /dev/pmem: Allocated buffer base:0x418ea000 size:1536000 offset:6144000 fd:30
09-18 11:00:56.876 D/memalloc(298): /dev/pmem: Mapped buffer base:0x621a5000 size:7680000 offset:6144000 fd:270
09-18 11:00:56.886 I/Adreno200-EGLSUB(111): <CreateImage:896>: Android Image
09-18 11:00:56.886 I/Adreno200-EGLSUB(111): <GetImageAttributes:1161>: RGBX_8888
09-18 11:00:56.906 I/WindowManager(298): SCREENLAYOUT_SIZE (1:small, 2:normal, 3:large, 4:xlarge) 2
09-18 11:00:56.916 W/WindowManager(298): updateFocusedWindowLocked newFocus=null mode=0 mCurrentFocus = Window{424075b8 com.android.launcher/com.android.launcher2.Launcher paused=false}
09-18 11:00:56.926 W/WindowManager(298): updateFocusedWindowLocked newFocus=null mode=2 mCurrentFocus = null
09-18 11:00:56.926 W/WindowManager(298): updateFocusedWindowLocked newFocus=null mode=2 mCurrentFocus = null
09-18 11:00:56.976 W/ResourceType(25239): No package identifier when getting value for resource number 0x00000000
09-18 11:00:56.976 V/python  (25239): metadata fullscreen is0
09-18 11:00:57.006 W/ResourceType(25239): No package identifier when getting value for resource number 0x00000000
09-18 11:00:57.016 D/Debug   (25239): LayoutParams(writeToParcel) false
09-18 11:00:57.026 D/Debug   (298): LayoutParams(Parcel in) false
09-18 11:00:57.036 D/Debug   (25239): LayoutParams(writeToParcel) false
09-18 11:00:57.036 D/Debug   (298): LayoutParams(Parcel in) false
09-18 11:00:57.046 W/WindowManager(298): updateFocusedWindowLocked newFocus=Window{427649c0 net.inclem.nogo/org.renpy.android.PythonActivity paused=false} mode=3 mCurrentFocus = null
09-18 11:00:57.076 D/Debug   (25239): LayoutParams(writeToParcel) false
09-18 11:00:57.086 D/Debug   (298): LayoutParams(Parcel in) false
09-18 11:00:57.096 D/Debug   (25239): LayoutParams(writeToParcel) false
09-18 11:00:57.096 D/Debug   (298): LayoutParams(Parcel in) false
09-18 11:00:57.116 W/WindowManager(298): updateFocusedWindowLocked newFocus=Window{427649c0 net.inclem.nogo/org.renpy.android.PythonActivity paused=false} mode=3 mCurrentFocus = Window{427649c0 net.inclem.nogo/org.renpy.android.PythonActivity paused=false}
09-18 11:00:57.116 I/python  (25239): Starting audio thread
09-18 11:00:57.126 I/SDLSurface(25239): surfaceCreated() is not handled :|
09-18 11:00:57.136 D/Debug   (25239): LayoutParams(writeToParcel) false
09-18 11:00:57.136 D/Debug   (298): LayoutParams(Parcel in) false
09-18 11:00:57.146 D/Debug   (25239): LayoutParams(writeToParcel) false
09-18 11:00:57.146 D/Debug   (298): LayoutParams(Parcel in) false
09-18 11:00:57.156 D/memalloc(111): /dev/pmem: Allocated buffer base:0x418ea000 size:1536000 offset:21381120 fd:66
09-18 11:00:57.176 D/memalloc(25239): /dev/pmem: Mapped buffer base:0x5b8ce000 size:22917120 offset:21381120 fd:44
09-18 11:00:57.186 I/Adreno200-EGLSUB(111): <CreateImage:896>: Android Image
09-18 11:00:57.186 I/Adreno200-EGLSUB(111): <GetImageAttributes:1105>: RGBA_8888
09-18 11:00:57.186 I/ActivityManager(298): Displayed net.inclem.nogo/org.renpy.android.PythonActivity: +365ms
09-18 11:00:57.196 W/WindowManager(298): updateFocusedWindowLocked newFocus=Window{427649c0 net.inclem.nogo/org.renpy.android.PythonActivity paused=false} mode=3 mCurrentFocus = Window{427649c0 net.inclem.nogo/org.renpy.android.PythonActivity paused=false}
09-18 11:00:57.216 W/SDLSurface(25239): Choose egl configuration
09-18 11:00:57.216 D/memalloc(111): /dev/pmem: Allocated buffer base:0x418ea000 size:1536000 offset:22917120 fd:69
09-18 11:00:57.226 D/memalloc(25239): /dev/pmem: Mapped buffer base:0x5d10c000 size:24453120 offset:22917120 fd:51
09-18 11:00:57.226 I/SDLSurface(25239): Try to use graphics config R8G8B8A8S8
09-18 11:00:57.226 W/SDLSurface(25239): Create egl context
09-18 11:00:57.256 I/Adreno200-EGLSUB(111): <CreateImage:896>: Android Image
09-18 11:00:57.256 I/Adreno200-EGLSUB(111): <GetImageAttributes:1105>: RGBA_8888
09-18 11:00:57.266 W/InputMethodManager(25239): Ignoring onBind: cur seq=1181, given seq=1180
09-18 11:00:57.266 W/SDLSurface(25239): Create egl surface
09-18 11:00:57.286 I/Adreno200-EGLSUB(25239): <ConfigWindowMatch:2081>: Format RGBA_8888.
09-18 11:00:57.286 D/memalloc(111): /dev/pmem: Allocated buffer base:0x418ea000 size:1474560 offset:24453120 fd:72
09-18 11:00:57.306 D/memalloc(25239): /dev/pmem: Mapped buffer base:0x5eb96000 size:25927680 offset:24453120 fd:54
09-18 11:00:57.336 I/libSDL  (25239): Physical screen resolution is 480x762
09-18 11:00:57.336 W/SDLSurface(25239): Done
09-18 11:00:57.376 D/memalloc(298): /dev/pmem: Unmapping buffer base:0x621a5000 size:7680000 offset:6144000
09-18 11:00:57.386 D/memalloc(111): /dev/pmem: Freeing buffer base:0x41ec6000 size:1536000 offset:6144000 fd:30
09-18 11:00:57.586 D/memalloc(111): /dev/pmem: Allocated buffer base:0x418ea000 size:1474560 offset:6144000 fd:30
09-18 11:00:57.596 D/memalloc(25239): /dev/pmem: Mapped buffer base:0x60758000 size:7618560 offset:6144000 fd:57
09-18 11:00:57.596 I/Adreno200-EGLSUB(111): <CreateImage:896>: Android Image
09-18 11:00:57.596 I/Adreno200-EGLSUB(111): <GetImageAttributes:1105>: RGBA_8888
09-18 11:00:57.596 I/libSDL  (25239): Physical screen resolution is 480x762
09-18 11:00:57.596 I/python  (25239): Initialize Python for Android
09-18 11:00:57.616 D/memalloc(25215): /dev/pmem: Unmapping buffer base:0x5bfb5000 size:18309120 offset:16773120
09-18 11:00:57.626 D/memalloc(25215): /dev/pmem: Unmapping buffer base:0x5d13b000 size:19845120 offset:18309120
09-18 11:00:57.656 D/memalloc(25215): /dev/pmem: Unmapping buffer base:0x5e428000 size:21381120 offset:19845120
09-18 11:00:57.656 D/memalloc(111): /dev/pmem: Freeing buffer base:0x428e9000 size:1536000 offset:16773120 fd:54
09-18 11:00:57.656 D/memalloc(111): /dev/pmem: Freeing buffer base:0x42bd7000 size:1536000 offset:19845120 fd:63
09-18 11:00:57.667 W/WindowManager(298): updateFocusedWindowLocked newFocus=Window{427649c0 net.inclem.nogo/org.renpy.android.PythonActivity paused=false} mode=3 mCurrentFocus = Window{427649c0 net.inclem.nogo/org.renpy.android.PythonActivity paused=false}
09-18 11:00:57.677 D/memalloc(111): /dev/pmem: Freeing buffer base:0x42a60000 size:1536000 offset:18309120 fd:60
09-18 11:00:57.867 I/python  (25239): ['/data/data/net.inclem.nogo/files/lib/python2.7/site-packages', '/data/data/net.inclem.nogo/files/lib/site-python']
09-18 11:00:57.867 I/python  (25239): Android path ['/data/data/net.inclem.nogo/files/lib/python27.zip', '/data/data/net.inclem.nogo/files/lib/python2.7', '/data/data/net.inclem.nogo/files/lib/python2.7/lib-dynload', '/data/data/net.inclem.nogo/files/lib/python2.7/site-packages', '/data/data/net.inclem.nogo/files', '/data/data/net.inclem.nogo/files/lib/python2.7/site-packages/PIL']
09-18 11:00:57.867 I/python  (25239): Android kivy bootstrap done. __name__ is __main__
09-18 11:00:57.867 I/python  (25239): Run user program, change dir and execute main.py
09-18 11:00:58.177 I/python  (25239): [[1;32mINFO[0m   ] Kivy v1.7.1
09-18 11:00:58.287 I/python  (25239): [[1;32mINFO[0m   ] [Logger      ] Record log in /data/data/net.inclem.nogo/files/.kivy/logs/kivy_13-09-18_9.txt
09-18 11:00:58.297 I/python  (25239): [[1;32mINFO[0m   ] [Factory     ] 144 symbols loaded
09-18 11:00:58.307 I/python  (25239): [[1;36mDEBUG[0m  ] [Cache       ] register <kv.lang> with limit=None, timeout=Nones
09-18 11:00:58.948 I/python  (25239): [[1;36mDEBUG[0m  ] [Cache       ] register <kv.image> with limit=None, timeout=60s
09-18 11:00:58.948 I/python  (25239): [[1;36mDEBUG[0m  ] [Cache       ] register <kv.atlas> with limit=None, timeout=Nones
09-18 11:00:58.978 I/python  (25239):  /data/data/net.inclem.nogo/files/lib/python2.7/site-packages/kivy/core/image/img_pygame.py:11: RuntimeWarning: import cdrom: No module named cdrom
09-18 11:00:58.988 I/python  (25239):  (ImportError: No module named cdrom)
09-18 11:00:59.048 I/python  (25239): [[1;32mINFO[0m   ] [Image       ] Providers: img_tex, img_dds, img_pygame, img_pil, img_gif 
09-18 11:00:59.058 I/python  (25239): [[1;36mDEBUG[0m  ] [Cache       ] register <kv.texture> with limit=1000, timeout=60s
09-18 11:00:59.058 I/python  (25239): [[1;36mDEBUG[0m  ] [Cache       ] register <kv.shader> with limit=1000, timeout=3600s
09-18 11:00:59.088 I/python  (25239): [[1;36mDEBUG[0m  ] [Window      ] Ignored <egl_rpi> (import error)
09-18 11:00:59.148 I/python  (25239): [[1;32mINFO[0m   ] [Window      ] Provider: pygame(['window_egl_rpi'] ignored)
09-18 11:00:59.158 I/python  (25239): [[1;36mDEBUG[0m  ] [WinPygame   ] Set window to fullscreen mode
09-18 11:00:59.168 I/libSDL  (25239): SDL_SetVideoMode(): application requested mode 480x762
09-18 11:00:59.168 I/python  (25239): [[1;36mDEBUG[0m  ] [Window      ] Display driver android
09-18 11:00:59.168 I/python  (25239): [[1;36mDEBUG[0m  ] [Window      ] Actual window size: 480x762
09-18 11:00:59.168 I/python  (25239): [[1;32mINFO[0m   ] [GL          ] OpenGL version <OpenGL ES 2.0 2184622>
09-18 11:00:59.168 I/python  (25239): [[1;32mINFO[0m   ] [GL          ] OpenGL vendor <Qualcomm>
09-18 11:00:59.168 I/python  (25239): [[1;32mINFO[0m   ] [GL          ] OpenGL renderer <Adreno (TM) 200>
09-18 11:00:59.168 I/python  (25239): [[1;32mINFO[0m   ] [GL          ] OpenGL parsed version: 2, 0
09-18 11:00:59.178 I/python  (25239): [[1;32mINFO[0m   ] [GL          ] Texture max size <4096>
09-18 11:00:59.178 I/python  (25239): [[1;32mINFO[0m   ] [GL          ] Texture max units <16>
09-18 11:00:59.218 I/python  (25239): [[1;36mDEBUG[0m  ] [Shader      ] Fragment compiled successfully
09-18 11:00:59.228 I/python  (25239): [[1;36mDEBUG[0m  ] [Shader      ] Vertex compiled successfully
09-18 11:00:59.248 I/python  (25239): [[1;32mINFO[0m   ] [Shader      ] program: <--From Fragment Shader:
09-18 11:00:59.248 I/python  (25239): --From Vertex Shader:
09-18 11:00:59.248 I/python  (25239): Link was successful.>
09-18 11:00:59.258 I/python  (25239): [[1;36mDEBUG[0m  ] [ImagePygame ] Load </data/data/net.inclem.nogo/files/lib/python2.7/site-packages/kivy/data/glsl/default.png>
09-18 11:00:59.268 I/python  (25239): [[1;32mINFO[0m   ] [Support     ] Android install hooks
09-18 11:00:59.268 I/python  (25239): [[1;32mINFO[0m   ] [Window      ] virtual keyboard not allowed, single mode, not docked
09-18 11:00:59.298 I/python  (25239): [[1;32mINFO[0m   ] [Text        ] Provider: pygame
09-18 11:00:59.719 I/python  (25239): [[1;36mDEBUG[0m  ] [Cache       ] register <kv.loader> with limit=500, timeout=60s
09-18 11:00:59.719 I/python  (25239): [[1;32mINFO[0m   ] [Loader      ] using a thread pool of 2 workers
09-18 11:00:59.789 I/python  (25239): [[1;36mDEBUG[0m  ] [Audio       ] register SoundPygame
09-18 11:00:59.799 I/python  (25239): [[1;32mINFO[0m   ] [Audio       ] Providers: audio_pygame (audio_gstreamer, audio_sdl ignored)
09-18 11:00:59.989 W/AlarmManager(298): in the set:mDescriptor  alarm.type  alarmSeconds   alarmNanoseconds=93  3  240639   334000000
09-18 11:00:59.989 D/AlarmManager(298): scheduleTimeTickEvent calendar=Wed Sep 18 11:02:00 CEST 2013
09-18 11:00:59.989 D/AlarmManager(298): calendar.getTimeInMillis()1379494920000
09-18 11:00:59.989 W/AlarmManager(298): in the set:type  triggerAtTime  operation=3  240651301  PendingIntent{416b46c8: PendingIntentRecord{416bb7a8 android broadcastIntent}}
09-18 11:00:59.999 I/python  (25239): [[1;32mINFO[0m   ] [OSC         ] using <thread> for socket
09-18 11:01:00.009 D/Clock   (2171): Clock.mIntentReceiver.onReceive - received broadcast: android.intent.action.TIME_TICK
09-18 11:01:00.009 D/Clock   (2171): Clock.updateClock - System.currentTimeMillis: 1379494860019
09-18 11:01:00.149 I/python  (25239): [[1;36mDEBUG[0m  ] [Cache       ] register <textinput.label> with limit=None, timeout=60.0s
09-18 11:01:00.149 I/python  (25239): [[1;36mDEBUG[0m  ] [Cache       ] register <textinput.width> with limit=None, timeout=60.0s
09-18 11:01:00.189 I/python  (25239): [[1;36mDEBUG[0m  ] [App         ] Loading configuration </sdcard/noGo/nogo.ini>
09-18 11:01:00.199 I/python  (25239): [[1;36mDEBUG[0m  ] [App         ] Loading kv <./goban.kv>
09-18 11:01:01.280 I/python  (25239): ENTERED BUILD()
09-18 11:01:01.320 I/python  (25239): CONSTRUCTED manager and home 0.0355229377747
09-18 11:01:01.320 I/python  (25239): board file is ./media/boards/plain_light.png
09-18 11:01:01.320 I/python  (25239): propagating boardtype plain dark ./media/boards/plain_light.png
09-18 11:01:01.320 I/python  (25239): PROPAGATING VIEW MODE phone
09-18 11:01:01.340 I/python  (25239): [[1;36mDEBUG[0m  ] [Atlas       ] Load </data/data/net.inclem.nogo/files/lib/python2.7/site-packages/kivy/data/../data/images/defaulttheme.atlas>
09-18 11:01:01.360 I/python  (25239): [[1;36mDEBUG[0m  ] [Atlas       ] Need to load 1 images
09-18 11:01:01.370 I/python  (25239): [[1;36mDEBUG[0m  ] [Atlas       ] Load </data/data/net.inclem.nogo/files/lib/python2.7/site-packages/kivy/data/../data/images/defaulttheme-0.png>
09-18 11:01:01.370 I/python  (25239): [[1;36mDEBUG[0m  ] [ImagePygame ] Load </data/data/net.inclem.nogo/files/lib/python2.7/site-packages/kivy/data/../data/images/defaulttheme-0.png>
09-18 11:01:01.650 I/python  (25239): [[1;36mDEBUG[0m  ] [Atlas       ] Load <media/mainimages/mainatlas.atlas>
09-18 11:01:01.660 I/python  (25239): [[1;36mDEBUG[0m  ] [Atlas       ] Need to load 1 images
09-18 11:01:01.670 I/python  (25239): [[1;36mDEBUG[0m  ] [Atlas       ] Load <media/mainimages/mainatlas-0.png>
09-18 11:01:01.670 I/python  (25239): [[1;36mDEBUG[0m  ] [ImagePygame ] Load <media/mainimages/mainatlas-0.png>
09-18 11:01:04.403 I/ActivityManager(298): Process com.google.android.gsf.login (pid 25189) has died.
09-18 11:01:04.573 I/ActivityManager(298): Process com.google.android.gms (pid 25165) has died.
09-18 11:01:04.763 I/ActivityManager(298): Process com.google.process.location (pid 24960) has died.
09-18 11:01:04.773 W/ActivityManager(298): Scheduling restart of crashed service com.google.android.gms/com.google.android.location.internal.GoogleLocationManagerService in 5000ms
09-18 11:01:04.773 W/ActivityManager(298): Scheduling restart of crashed service com.google.android.gms/com.google.android.location.fused.NlpLocationReceiverService in 5000ms
09-18 11:01:05.214 I/python  (25239): [[1;36mDEBUG[0m  ] [ImagePygame ] Load <media/logo_big.png>
09-18 11:01:05.885 I/python  (25239): RETURNING SM 4.5550839901 4.59060692787
09-18 11:01:05.885 I/python  (25239): ON_START () {} 
09-18 11:01:05.885 I/python  (25239): environment None
09-18 11:01:05.885 I/python  (25239): open_file is 
09-18 11:01:05.885 I/python  (25239): [[1;36mDEBUG[0m  ] [Base        ] Create provider from android
09-18 11:01:05.885 I/python  (25239): [[1;32mINFO[0m   ] [Base        ] Start application main loop
09-18 11:01:05.895 I/python  (25239): [[1;32mINFO[0m   ] [Android     ] found 17 joystick
09-18 11:01:05.895 I/python  (25239): [[1;32mINFO[0m   ] [Android     ] create joystick <0>
09-18 11:01:05.895 I/python  (25239): [[1;32mINFO[0m   ] [Android     ] discard joystick <0> cause no button
09-18 11:01:05.895 I/python  (25239): [[1;32mINFO[0m   ] [Android     ] create joystick <1>
09-18 11:01:05.895 I/python  (25239): [[1;32mINFO[0m   ] [Android     ] create joystick <2>
09-18 11:01:05.895 I/python  (25239): [[1;32mINFO[0m   ] [Android     ] create joystick <3>
09-18 11:01:05.895 I/python  (25239): [[1;32mINFO[0m   ] [Android     ] create joystick <4>
09-18 11:01:05.905 I/python  (25239): [[1;32mINFO[0m   ] [Android     ] create joystick <5>
09-18 11:01:05.905 I/python  (25239): [[1;32mINFO[0m   ] [Android     ] create joystick <6>
09-18 11:01:05.905 I/python  (25239): [[1;32mINFO[0m   ] [Android     ] create joystick <7>
09-18 11:01:05.905 I/python  (25239): [[1;32mINFO[0m   ] [Android     ] create joystick <8>
09-18 11:01:05.905 I/python  (25239): [[1;32mINFO[0m   ] [Android     ] create joystick <9>
09-18 11:01:05.905 I/python  (25239): [[1;32mINFO[0m   ] [Android     ] create joystick <10>
09-18 11:01:05.915 I/python  (25239): [[1;32mINFO[0m   ] [Android     ] create joystick <11>
09-18 11:01:05.915 I/python  (25239): [[1;32mINFO[0m   ] [Android     ] create joystick <12>
09-18 11:01:05.915 I/python  (25239): [[1;32mINFO[0m   ] [Android     ] create joystick <13>
09-18 11:01:05.915 I/python  (25239): [[1;32mINFO[0m   ] [Android     ] create joystick <14>
09-18 11:01:05.915 I/python  (25239): [[1;32mINFO[0m   ] [Android     ] create joystick <15>
09-18 11:01:05.915 I/python  (25239): [[1;32mINFO[0m   ] [Android     ] create joystick <16>
09-18 11:01:05.965 I/python  (25239): [[1;32mINFO[0m   ] [GL          ] NPOT texture support is available
09-18 11:01:06.035 I/python  (25239): [[1;36mDEBUG[0m  ] [ImagePygame ] Load <media/black_pixel.png>
09-18 11:01:06.265 D/memalloc(111): /dev/pmem: Allocated buffer base:0x418ea000 size:1474560 offset:16773120 fd:54
09-18 11:01:06.275 D/memalloc(25239): /dev/pmem: Mapped buffer base:0x65dd4000 size:18247680 offset:16773120 fd:69
09-18 11:01:06.315 I/Adreno200-EGLSUB(111): <CreateImage:896>: Android Image
09-18 11:01:06.315 I/Adreno200-EGLSUB(111): <GetImageAttributes:1105>: RGBA_8888
09-18 11:01:06.345 I/Adreno200-EGLSUB(111): <CreateImage:896>: Android Image
09-18 11:01:06.345 I/Adreno200-EGLSUB(111): <GetImageAttributes:1105>: RGBA_8888
09-18 11:01:07.546 I/AppsCustomizePagedView(25215): setApps__mContentType = Applications
09-18 11:01:08.287 I/python  (25239): [[1;36mDEBUG[0m  ] [ImagePygame ] Load <media/blue_press_pixel.png>
09-18 11:01:08.357 I/python  (25239): Opening new_board_dialog
09-18 11:01:08.847 I/python  (25239): [[1;36mDEBUG[0m  ] [ImagePygame ] Load <./media/white_pixel.png>
09-18 11:01:09.858 I/ActivityManager(298): Start proc com.google.process.location for service com.google.android.gms/com.google.android.location.internal.GoogleLocationManagerService: pid=25254 uid=10011 gids={3003, 1015, 1007, 1006, 2001, 3006}
09-18 11:01:10.199 I/ActivityThread(25254): Pub com.google.android.location.reporting: com.google.android.location.reporting.service.ReportingContentProvider
09-18 11:01:10.219 I/ActivityThread(25254): Pub com.google.android.location.internal: com.google.android.location.internal.LocationContentProvider
09-18 11:01:10.259 I/ActivityManager(298): Start proc com.google.android.gms for broadcast com.google.android.gms/.init.InitializeGmsReceiver: pid=25266 uid=10011 gids={3003, 1015, 1007, 1006, 2001, 3006}
09-18 11:01:10.519 I/ActivityThread(25266): Pub com.google.android.gms.games.background: com.google.android.gms.games.provider.GamesContentProvider
09-18 11:01:10.559 D/GeofencerStateMachine(25254): Creating GeofencerStateMachine
09-18 11:01:10.559 I/ActivityThread(25266): Pub com.google.android.gms.people: com.google.android.gms.people.service.PeopleContentProvider
09-18 11:01:10.569 I/ActivityThread(25266): Pub com.google.android.gms.appstate: com.google.android.gms.appstate.provider.AppStateContentProvider
09-18 11:01:10.569 I/ActivityThread(25266): Pub com.google.android.gms.people.export: com.google.android.gms.people.debug.PeopleExportProvider
09-18 11:01:10.579 I/ActivityThread(25266): Pub com.google.android.gms.plus;com.google.android.gms.plus.action: com.google.android.gms.plus.provider.PlusProvider
09-18 11:01:10.599 W/dalvikvm(25254): Unable to resolve superclass of Lees; (2294)
09-18 11:01:10.599 W/dalvikvm(25254): Link of class 'Lees;' failed
09-18 11:01:10.599 W/dalvikvm(25254): VFY: unable to find class referenced in signature (Lees;)
09-18 11:01:10.599 W/dalvikvm(25254): Unable to resolve superclass of Lees; (2294)
09-18 11:01:10.599 W/dalvikvm(25254): Link of class 'Lees;' failed
09-18 11:01:10.599 W/dalvikvm(25254): VFY: unable to find class referenced in signature (Lees;)
09-18 11:01:10.599 W/dalvikvm(25254): Unable to resolve superclass of Lees; (2294)
09-18 11:01:10.599 W/dalvikvm(25254): Link of class 'Lees;' failed
09-18 11:01:10.599 W/dalvikvm(25254): VFY: unable to find class referenced in signature (Lees;)
09-18 11:01:10.599 W/dalvikvm(25254): Unable to resolve superclass of Lees; (2294)
09-18 11:01:10.599 W/dalvikvm(25254): Link of class 'Lees;' failed
09-18 11:01:10.599 W/dalvikvm(25254): VFY: unable to resolve static method 28232: Lees;.a ()Lees;
09-18 11:01:10.599 W/dalvikvm(25254): Unable to resolve superclass of Lees; (2294)
09-18 11:01:10.599 W/dalvikvm(25254): Link of class 'Lees;' failed
09-18 11:01:10.599 W/dalvikvm(25254): Unable to resolve superclass of Lees; (2294)
09-18 11:01:10.599 W/dalvikvm(25254): Link of class 'Lees;' failed
09-18 11:01:10.609 W/dalvikvm(25254): Unable to resolve superclass of Lees; (2294)
09-18 11:01:10.609 W/dalvikvm(25254): Link of class 'Lees;' failed
09-18 11:01:10.609 W/dalvikvm(25254): Unable to resolve superclass of Lees; (2294)
09-18 11:01:10.609 W/dalvikvm(25254): Link of class 'Lees;' failed
09-18 11:01:10.609 W/dalvikvm(25254): Unable to resolve superclass of Lees; (2294)
09-18 11:01:10.609 W/dalvikvm(25254): Link of class 'Lees;' failed
09-18 11:01:10.609 W/dalvikvm(25254): VFY: unable to resolve virtual method 28233: Lees;.b ()Ledx;
09-18 11:01:10.619 I/ActivityThread(25266): Pub com.google.android.gms.games: com.google.android.gms.games.provider.NotificationStubContentProvider
09-18 11:01:10.669 W/dalvikvm(25254): VFY: unable to resolve virtual method 3270: Landroid/location/Location;.getElapsedRealtimeNanos ()J
09-18 11:01:10.669 W/dalvikvm(25254): VFY: unable to resolve virtual method 3270: Landroid/location/Location;.getElapsedRealtimeNanos ()J
09-18 11:01:10.709 W/dalvikvm(25254): VFY: unable to resolve virtual method 3287: Landroid/location/Location;.setElapsedRealtimeNanos (J)V
09-18 11:01:10.739 I/Recovery(25266): Received: Intent { act=com.google.android.gms.INITIALIZE flg=0x10 pkg=com.google.android.gms cmp=com.google.android.gms/.auth.be.recovery.AccountRecoveryBackgroundService$Receiver }
09-18 11:01:10.799 I/ActivityManager(298): Start proc com.google.android.gsf.login for service com.google.android.gms/.auth.be.recovery.AccountRecoveryBackgroundService: pid=25296 uid=10011 gids={3003, 1015, 1007, 1006, 2001, 3006}
09-18 11:01:10.839 W/AlarmManager(298): in the set:type  triggerAtTime  operation=2  2067989507  PendingIntent{41d169a0: PendingIntentRecord{41a33810 com.google.android.gms startService}}
09-18 11:01:10.839 D/AlarmManager(298): +++Alarm set:type=2 com.google.android.gms  Trigger after:1827387356ms
09-18 11:01:10.849 D/GCM     (25129): GcmService start Intent { act=com.google.android.gms.INITIALIZE flg=0x10 pkg=com.google.android.gms cmp=com.google.android.gms/.gcm.GcmService } com.google.android.gms.INITIALIZE
09-18 11:01:10.959 W/AlarmManager(298): in the set:type  triggerAtTime  operation=2  2067989659  PendingIntent{41799190: PendingIntentRecord{41933708 com.google.android.gms startService}}
09-18 11:01:10.959 D/AlarmManager(298): +++Alarm set:type=2 com.google.android.gms  Trigger after:1827387391ms
09-18 11:01:11.000 W/AlarmManager(298): in the set:type  triggerAtTime  operation=2  2067989700  PendingIntent{41558530: PendingIntentRecord{423d37d8 com.google.android.gms startService}}
09-18 11:01:11.000 D/AlarmManager(298): +++Alarm set:type=2 com.google.android.gms  Trigger after:1827387391ms
09-18 11:01:11.020 I/Recovery(25266): Received: Intent { act=com.google.android.gms.INITIALIZE flg=0x10 pkg=com.google.android.gms cmp=com.google.android.gms/.auth.be.recovery.AccountRecoveryBackgroundService$Receiver }
09-18 11:01:11.020 D/GCM     (25129): GcmService start Intent { act=com.google.android.gms.INITIALIZE flg=0x10 pkg=com.google.android.gms cmp=com.google.android.gms/.gcm.GcmService } com.google.android.gms.INITIALIZE
09-18 11:01:11.110 V/GeofencerHelper(25254): Initializing geofence's system cache.
09-18 11:01:11.180 I/Recovery(25266): Received: Intent { act=com.google.android.gms.INITIALIZE flg=0x10 pkg=com.google.android.gms cmp=com.google.android.gms/.auth.be.recovery.AccountRecoveryBackgroundService$Receiver }
09-18 11:01:11.190 D/GCM     (25129): GcmService start Intent { act=com.google.android.gms.INITIALIZE flg=0x10 pkg=com.google.android.gms cmp=com.google.android.gms/.gcm.GcmService } com.google.android.gms.INITIALIZE
09-18 11:01:11.290 D/GeofenceStateCache(25254): Recovered 0 geofences.
09-18 11:01:11.290 E/dalvikvm(25296): Could not find class 'android.os.UserManager', referenced from method xg.b
09-18 11:01:11.290 W/dalvikvm(25296): VFY: unable to resolve check-cast 598 (Landroid/os/UserManager;) in Lxg;
09-18 11:01:11.290 W/dalvikvm(25296): VFY: unable to resolve virtual method 2421: Landroid/accounts/AccountManager;.getAccountsByTypeForPackage (Ljava/lang/String;Ljava/lang/String;)[Landroid/accounts/Account;
09-18 11:01:11.290 E/dalvikvm(25296): Could not find class 'android.os.UserManager', referenced from method xg.c
09-18 11:01:11.300 W/dalvikvm(25296): VFY: unable to resolve check-cast 598 (Landroid/os/UserManager;) in Lxg;
09-18 11:01:11.330 I/GeofencerStateMachine(25254): Network location disabled.
09-18 11:01:11.350 W/AlarmManager(298): in the set:type  triggerAtTime  operation=2  2067990051  PendingIntent{4148a500: PendingIntentRecord{423d37d8 com.google.android.gms startService}}
09-18 11:01:11.350 D/AlarmManager(298): +++Alarm set:type=2 com.google.android.gms  Trigger after:1827387391ms
09-18 11:01:11.400 W/AlarmManager(298): in the set:type  triggerAtTime  operation=0  1379525119735  PendingIntent{418c8c18: PendingIntentRecord{41e05680 com.google.android.gms broadcastIntent}}
09-18 11:01:11.400 D/AlarmManager(298): +++Alarm set:type=0 com.google.android.gms  Trigger after:30248325ms
09-18 11:01:11.400 W/AlarmManager(298): in the set:type  triggerAtTime  operation=0  1379525119735  PendingIntent{4184ae08: PendingIntentRecord{41e05680 com.google.android.gms broadcastIntent}}
09-18 11:01:11.400 D/AlarmManager(298): +++Alarm set:type=0 com.google.android.gms  Trigger after:30248322ms
09-18 11:01:11.410 W/AlarmManager(298): in the set:type  triggerAtTime  operation=0  1379525119735  PendingIntent{4183a3e8: PendingIntentRecord{41e05680 com.google.android.gms broadcastIntent}}
09-18 11:01:11.410 D/AlarmManager(298): +++Alarm set:type=0 com.google.android.gms  Trigger after:30248319ms
09-18 11:01:17.356 I/python  (25239): current collections are [SGF collection unsaved with 1 games, SGF collection Pro10 with 8 games, SGF collection IMeijin with 17 games, SGF collection Kisei with 143 games, SGF collection ITengen with 13 games, SGF collection Gosei with 94 games, SGF collection Honinbo with 305 games, SGF collection Shusaku with 59 games, SGF collection Meijin with 238 games, SGF collection CJSuperGo with 115 games, SGF collection Tengen with 107 games, SGF collection Judan with 158 games, SGF collection Oza with 47 games, SGF collection NihonKiin with 10 games]
09-18 11:01:17.356 I/python  (25239): found name unsaved [SGF collection unsaved with 1 games]
09-18 11:01:17.356 I/python  (25239): %% NEW BOARD
09-18 11:01:17.356 I/python  (25239): None SGF collection unsaved with 1 games 
09-18 11:01:17.356 I/python  (25239): <type 'str'>
09-18 11:01:17.356 I/python  (25239): Finishing lazy loading
09-18 11:01:17.356 I/python  (25239): need to load 1
09-18 11:01:17.356 I/python  (25239): currently doing /sdcard/noGo/collections/unsaved//Wed_Sep_18_11:00:51_2013.sgf.json
09-18 11:01:17.356 I/python  (25239): (lazy) Tried to load sgf that doesn't seem to exist. Skipping.
09-18 11:01:17.356 I/python  (25239): game was /sdcard/noGo/collections/unsaved//Wed_Sep_18_11:00:51_2013.sgf.json
09-18 11:01:17.356 I/python  (25239): Finishing lazy loading
09-18 11:01:17.356 I/python  (25239): Finishing lazy loading
09-18 11:01:17.366 I/python  (25239): Finishing lazy loading
09-18 11:01:17.366 I/python  (25239): t2 - t1 is... 0.0103449821472
09-18 11:01:17.456 I/python  (25239): GuiBoard init, making abstractboard with gridsize 19
09-18 11:01:17.456 I/python  (25239): abstractboard initialised with size 19 19
09-18 11:01:17.486 I/python  (25239): result is 
09-18 11:01:17.486 I/python  (25239): self.display_markers is True
09-18 11:01:17.486 I/python  (25239): ### instructions are {'nodeindex': (0, 1), 'variations': (1, 1), 'nextplayer': 'b'}
09-18 11:01:17.486 I/python  (25239): next_to_play from e
09-18 11:01:17.486 I/python  (25239): --> b
09-18 11:01:17.486 I/python  (25239): result is 
09-18 11:01:17.486 I/python  (25239): Tried to set collectionsgf info when it doesn't exist yet.
09-18 11:01:17.486 I/python  (25239): Trying to remind
09-18 11:01:17.486 I/python  (25239): <__main__.NogoManager object at 0x616358b8>
09-18 11:01:17.486 I/python  (25239): []
09-18 11:01:17.486 I/python  (25239): Tried to refresh collectionsgf before it was created?
09-18 11:01:18.036 I/python  (25239): mysize = [100, 480] -> boardsize-20 =  80
09-18 11:01:18.036 I/python  (25239): mypos =  [0, 0]
09-18 11:01:18.036 I/python  (25239): window size (480, 762)
09-18 11:01:18.036 I/python  (25239): parent <boardview.PhoneBoardView object at 0x659938b8>
09-18 11:01:18.237 I/python  (25239): abstractboard initialised with size 19 19
09-18 11:01:18.247 I/python  (25239): New gridsize is 19
09-18 11:01:18.247 I/python  (25239): New abstractboard gridsize 19
09-18 11:01:18.247 I/python  (25239): time_start called
09-18 11:01:18.247 I/python  (25239): new self.ld_markers {}
09-18 11:01:18.247 I/python  (25239): result is 
09-18 11:01:18.257 I/python  (25239): [[1;32mINFO[0m   ] [Base        ] Leaving application in progress...
09-18 11:01:18.257 I/python  (25239):  Traceback (most recent call last):
09-18 11:01:18.257 I/python  (25239):    File "/home/asandy/noGo/.buildozer/android/app/main.py", line 1136, in <module>
09-18 11:01:18.267 I/python  (25239):    File "/home/asandy/noGo/.buildozer/android/platform/python-for-android/build/python-install/lib/python2.7/site-packages/kivy/app.py", line 600, in run
09-18 11:01:18.267 I/python  (25239):    File "/home/asandy/noGo/.buildozer/android/platform/python-for-android/build/python-install/lib/python2.7/site-packages/kivy/base.py", line 454, in runTouchApp
09-18 11:01:18.267 I/python  (25239):    File "/home/asandy/noGo/.buildozer/android/platform/python-for-android/build/python-install/lib/python2.7/site-packages/kivy/core/window/window_pygame.py", line 325, in mainloop
09-18 11:01:18.267 I/python  (25239):    File "/home/asandy/noGo/.buildozer/android/platform/python-for-android/build/python-install/lib/python2.7/site-packages/kivy/core/window/window_pygame.py", line 231, in _mainloop
09-18 11:01:18.277 I/python  (25239):    File "/home/asandy/noGo/.buildozer/android/platform/python-for-android/build/python-install/lib/python2.7/site-packages/kivy/base.py", line 297, in idle
09-18 11:01:18.277 I/python  (25239):    File "/home/asandy/noGo/.buildozer/android/platform/python-for-android/build/python-install/lib/python2.7/site-packages/kivy/base.py", line 284, in dispatch_input
09-18 11:01:18.277 I/python  (25239):    File "/home/asandy/noGo/.buildozer/android/platform/python-for-android/build/python-install/lib/python2.7/site-packages/kivy/base.py", line 209, in post_dispatch_input
09-18 11:01:18.277 I/python  (25239):    File "_event.pyx", line 285, in kivy._event.EventDispatcher.dispatch (kivy/_event.c:4203)
09-18 11:01:18.277 I/python  (25239):    File "/home/asandy/noGo/.buildozer/android/platform/python-for-android/build/python-install/lib/python2.7/site-packages/kivy/core/window/__init__.py", line 630, in on_motion
09-18 11:01:18.277 I/python  (25239):    File "_event.pyx", line 285, in kivy._event.EventDispatcher.dispatch (kivy/_event.c:4203)
09-18 11:01:18.287 I/python  (25239):    File "/home/asandy/noGo/.buildozer/android/platform/python-for-android/build/python-install/lib/python2.7/site-packages/kivy/core/window/__init__.py", line 642, in on_touch_down
09-18 11:01:18.287 I/python  (25239):    File "_event.pyx", line 285, in kivy._event.EventDispatcher.dispatch (kivy/_event.c:4203)
09-18 11:01:18.287 I/python  (25239):    File "/home/asandy/noGo/.buildozer/android/platform/python-for-android/build/python-install/lib/python2.7/site-packages/kivy/uix/modalview.py", line 239, in on_touch_down
09-18 11:01:18.287 I/python  (25239):    File "/home/asandy/noGo/.buildozer/android/platform/python-for-android/build/python-install/lib/python2.7/site-packages/kivy/uix/widget.py", line 266, in on_touch_down
09-18 11:01:18.287 I/python  (25239):    File "_event.pyx", line 285, in kivy._event.EventDispatcher.dispatch (kivy/_event.c:4203)
09-18 11:01:18.287 I/python  (25239):    File "/home/asandy/noGo/.buildozer/android/platform/python-for-android/build/python-install/lib/python2.7/site-packages/kivy/uix/widget.py", line 266, in on_touch_down
09-18 11:01:18.297 I/python  (25239):    File "_event.pyx", line 285, in kivy._event.EventDispatcher.dispatch (kivy/_event.c:4203)
09-18 11:01:18.297 I/python  (25239):    File "/home/asandy/noGo/.buildozer/android/platform/python-for-android/build/python-install/lib/python2.7/site-packages/kivy/uix/widget.py", line 266, in on_touch_down
09-18 11:01:18.297 I/python  (25239):    File "_event.pyx", line 285, in kivy._event.EventDispatcher.dispatch (kivy/_event.c:4203)
09-18 11:01:18.297 I/python  (25239):    File "/home/asandy/noGo/.buildozer/android/platform/python-for-android/build/python-install/lib/python2.7/site-packages/kivy/uix/widget.py", line 266, in on_touch_down
09-18 11:01:18.297 I/python  (25239):    File "_event.pyx", line 285, in kivy._event.EventDispatcher.dispatch (kivy/_event.c:4203)
09-18 11:01:18.297 I/python  (25239):    File "/home/asandy/noGo/.buildozer/android/platform/python-for-android/build/python-install/lib/python2.7/site-packages/kivy/uix/widget.py", line 266, in on_touch_down
09-18 11:01:18.297 I/python  (25239):    File "_event.pyx", line 285, in kivy._event.EventDispatcher.dispatch (kivy/_event.c:4203)
09-18 11:01:18.307 I/python  (25239):    File "/home/asandy/noGo/.buildozer/android/platform/python-for-android/build/python-install/lib/python2.7/site-packages/kivy/uix/button.py", line 124, in on_touch_down
09-18 11:01:18.307 I/python  (25239):    File "_event.pyx", line 281, in kivy._event.EventDispatcher.dispatch (kivy/_event.c:4152)
09-18 11:01:18.307 I/python  (25239):    File "./goban.kv", line 1, in <module>
09-18 11:01:18.307 I/python  (25239):      #:kivy 1.6.0
09-18 11:01:18.317 I/python  (25239):    File "/home/asandy/noGo/.buildozer/android/app/main.py", line 471, in new_board_from_selection
09-18 11:01:18.317 I/python  (25239):    File "/home/asandy/noGo/.buildozer/android/app/main.py", line 578, in new_board
09-18 11:01:18.317 I/python  (25239):    File "/home/asandy/noGo/.buildozer/android/app/boardview.py", line 612, in get_game_info
09-18 11:01:18.317 I/python  (25239):    File "/home/asandy/noGo/.buildozer/android/app/sgfcollections.py", line 363, in save
09-18 11:01:18.317 I/python  (25239):  IOError: [Errno 22] invalid mode ('w') or filename: '/sdcard/noGo/collections/unsaved//Wed_Sep_18_11:01:17_2013.sgf.json'
09-18 11:01:18.567 I/python  (25239): Python for android ended.
09-18 11:01:18.837 D/memalloc(111): /dev/pmem: Freeing buffer base:0x41ec6000 size:1474560 offset:6144000 fd:30
09-18 11:01:18.837 D/memalloc(111): /dev/pmem: Freeing buffer base:0x428e9000 size:1474560 offset:16773120 fd:54
09-18 11:01:18.837 I/WindowManager(298): WIN DEATH: Window{427649c0 net.inclem.nogo/org.renpy.android.PythonActivity paused=false}
09-18 11:01:18.837 W/WindowManager(298): Force-removing child win Window{42765840 SurfaceView paused=false} from container Window{427649c0 net.inclem.nogo/org.renpy.android.PythonActivity paused=false}
09-18 11:01:18.847 I/ActivityManager(298): Process net.inclem.nogo:python (pid 25239) has died.
09-18 11:01:18.847 W/ActivityManager(298): Force removing ActivityRecord{418f6460 net.inclem.nogo/org.renpy.android.PythonActivity}: app died, no saved state
09-18 11:01:18.857 D/memalloc(111): /dev/pmem: Freeing buffer base:0x4303c000 size:1474560 offset:24453120 fd:72
09-18 11:01:18.857 D/memalloc(111): /dev/pmem: Freeing buffer base:0x42d4e000 size:1536000 offset:21381120 fd:66
09-18 11:01:18.857 D/memalloc(111): /dev/pmem: Freeing buffer base:0x42ec5000 size:1536000 offset:22917120 fd:69
09-18 11:01:18.867 W/WindowManager(298): updateFocusedWindowLocked newFocus=null mode=0 mCurrentFocus = Window{427649c0 net.inclem.nogo/org.renpy.android.PythonActivity paused=false}
09-18 11:01:18.867 W/WindowManager(298): updateFocusedWindowLocked newFocus=null mode=0 mCurrentFocus = null
09-18 11:01:18.877 W/WindowManager(298): Failed looking up window
09-18 11:01:18.877 W/WindowManager(298): java.lang.IllegalArgumentException: Requested window android.os.BinderProxy@418f8ef0 does not exist
09-18 11:01:18.877 W/WindowManager(298): 	at com.android.server.wm.WindowManagerService.windowForClientLocked(WindowManagerService.java:7243)
09-18 11:01:18.877 W/WindowManager(298): 	at com.android.server.wm.WindowManagerService.windowForClientLocked(WindowManagerService.java:7234)
09-18 11:01:18.877 W/WindowManager(298): 	at com.android.server.wm.WindowState$DeathRecipient.binderDied(WindowState.java:1545)
09-18 11:01:18.877 W/WindowManager(298): 	at android.os.BinderProxy.sendDeathNotice(Binder.java:417)
09-18 11:01:18.877 W/WindowManager(298): 	at dalvik.system.NativeStart.run(Native Method)
09-18 11:01:18.877 I/WindowManager(298): SCREENLAYOUT_SIZE (1:small, 2:normal, 3:large, 4:xlarge) 2
09-18 11:01:18.877 I/WindowManager(298): WIN DEATH: null
09-18 11:01:18.877 W/WindowManager(298): updateFocusedWindowLocked newFocus=null mode=0 mCurrentFocus = null
09-18 11:01:18.897 W/WindowManager(298): updateFocusedWindowLocked newFocus=null mode=3 mCurrentFocus = null
09-18 11:01:18.907 E/Launcher(25215): onResume
09-18 11:01:19.117 D/Debug   (25215): LayoutParams(writeToParcel) false
09-18 11:01:19.117 D/Debug   (298): LayoutParams(Parcel in) false
09-18 11:01:19.127 W/WindowManager(298): updateFocusedWindowLocked newFocus=Window{424075b8 com.android.launcher/com.android.launcher2.Launcher paused=false} mode=3 mCurrentFocus = null
09-18 11:01:19.157 I/Adreno200-EGLSUB(25215): <ConfigWindowMatch:2081>: Format RGBA_8888.
09-18 11:01:19.157 D/memalloc(111): /dev/pmem: Allocated buffer base:0x418ea000 size:1536000 offset:6144000 fd:30
09-18 11:01:19.157 D/memalloc(25215): /dev/pmem: Mapped buffer base:0x5bdc3000 size:7680000 offset:6144000 fd:49
09-18 11:01:19.177 I/AppsCustomizePagedView(25215): Run__FmLayIsTransitioning___mContentType== Applications
09-18 11:01:19.177 I/AppsCustomizePagedView(25215): showAllAppsCling__mHasShownAllAppsClingfalse
09-18 11:01:19.177 I/AppsCustomizePagedView(25215): showAllAppsCling__isDataReady()true
09-18 11:01:19.177 I/AppsCustomizePagedView(25215): showAllAppsCling__testDataReady()true
09-18 11:01:19.198 W/InputManagerService(298): Got RemoteException sending setActive(false) notification to pid 25239 uid 10005
09-18 11:01:19.288 D/memalloc(111): /dev/pmem: Allocated buffer base:0x418ea000 size:1536000 offset:16773120 fd:54
09-18 11:01:19.298 D/memalloc(25215): /dev/pmem: Mapped buffer base:0x5c586000 size:18309120 offset:16773120 fd:52
09-18 11:01:19.298 I/Adreno200-EGLSUB(111): <CreateImage:896>: Android Image
09-18 11:01:19.298 I/Adreno200-EGLSUB(111): <GetImageAttributes:1105>: RGBA_8888
09-18 11:01:19.308 W/WindowManager(298): updateFocusedWindowLocked newFocus=Window{424075b8 com.android.launcher/com.android.launcher2.Launcher paused=false} mode=2 mCurrentFocus = Window{424075b8 com.android.launcher/com.android.launcher2.Launcher paused=false}
09-18 11:01:19.308 W/WindowManager(298): updateFocusedWindowLocked newFocus=Window{424075b8 com.android.launcher/com.android.launcher2.Launcher paused=false} mode=2 mCurrentFocus = Window{424075b8 com.android.launcher/com.android.launcher2.Launcher paused=false}
09-18 11:01:28.417 E/WifiManager(2171): getWifiState() enter.
09-18 11:01:28.427 E/WifiManager(2171): getNameForPid(2171)=com.android.systemui
09-18 11:01:28.437 D/PhoneStatusBar(2171): getAutoRotateState
09-18 11:01:28.437 D/PhoneStatusBar(2171): enable=true
09-18 11:01:28.447 D/PhoneStatusBar(2171): getRingModState
09-18 11:01:28.447 D/ConnectivityService(298): getMobileDataEnabled returning false
09-18 11:01:28.457 D/PhoneStatusBar(2171): enable=false
09-18 11:01:28.477 D/Debug   (2171): LayoutParams(writeToParcel) false
09-18 11:01:28.477 D/Debug   (298): LayoutParams(Parcel in) false
09-18 11:01:28.487 W/WindowManager(298): updateFocusedWindowLocked newFocus=Window{41563020 TrackingView paused=false} mode=3 mCurrentFocus = Window{424075b8 com.android.launcher/com.android.launcher2.Launcher paused=false}
09-18 11:01:28.497 D/Debug   (2171): LayoutParams(writeToParcel) false
09-18 11:01:28.497 D/Debug   (298): LayoutParams(Parcel in) false
09-18 11:01:28.507 W/WindowManager(298): updateFocusedWindowLocked newFocus=Window{4156c278 StatusBarExpanded paused=false} mode=3 mCurrentFocus = Window{41563020 TrackingView paused=false}
09-18 11:01:28.517 E/WifiManager(2171): getWifiState() enter.
09-18 11:01:28.527 E/WifiManager(2171): getNameForPid(2171)=com.android.systemui
09-18 11:01:28.537 D/PhoneStatusBar(2171): getAutoRotateState
09-18 11:01:28.537 D/PhoneStatusBar(2171): enable=true
09-18 11:01:28.537 D/PhoneStatusBar(2171): getRingModState
09-18 11:01:28.537 D/PhoneStatusBar(2171): enable=false
09-18 11:01:28.537 D/Debug   (2171): LayoutParams(writeToParcel) false
09-18 11:01:28.537 D/ConnectivityService(298): getMobileDataEnabled returning false
09-18 11:01:28.547 D/Debug   (298): LayoutParams(Parcel in) false
09-18 11:01:28.557 D/memalloc(111): /dev/pmem: Allocated buffer base:0x418ea000 size:1474560 offset:18309120 fd:60
09-18 11:01:28.567 D/memalloc(2171): /dev/pmem: Mapped buffer base:0x5fc2d000 size:19783680 offset:18309120 fd:80
09-18 11:01:28.587 I/Adreno200-EGLSUB(111): <CreateImage:896>: Android Image
09-18 11:01:28.587 I/Adreno200-EGLSUB(111): <GetImageAttributes:1105>: RGBA_8888
09-18 11:01:28.607 E/WifiManager(2171): getWifiState() enter.
09-18 11:01:28.607 E/WifiManager(2171): getNameForPid(2171)=com.android.systemui
09-18 11:01:28.617 D/PhoneStatusBar(2171): getAutoRotateState
09-18 11:01:28.617 D/PhoneStatusBar(2171): enable=true
09-18 11:01:28.617 D/PhoneStatusBar(2171): getRingModState
09-18 11:01:28.617 D/PhoneStatusBar(2171): enable=false
09-18 11:01:28.617 D/Debug   (2171): LayoutParams(writeToParcel) false
09-18 11:01:28.617 D/Debug   (298): LayoutParams(Parcel in) false
09-18 11:01:28.617 D/ConnectivityService(298): getMobileDataEnabled returning false
09-18 11:01:28.627 E/WifiManager(2171): getWifiState() enter.
09-18 11:01:28.627 E/WifiManager(2171): getNameForPid(2171)=com.android.systemui
09-18 11:01:28.627 D/PhoneStatusBar(2171): getAutoRotateState
09-18 11:01:28.627 D/PhoneStatusBar(2171): enable=true
09-18 11:01:28.627 D/ConnectivityService(298): getMobileDataEnabled returning false
09-18 11:01:28.637 D/PhoneStatusBar(2171): getRingModState
09-18 11:01:28.637 D/PhoneStatusBar(2171): enable=false
09-18 11:01:28.637 D/Debug   (2171): LayoutParams(writeToParcel) false
09-18 11:01:28.637 D/Debug   (298): LayoutParams(Parcel in) false
09-18 11:01:28.647 E/WifiManager(2171): getWifiState() enter.
09-18 11:01:28.647 E/WifiManager(2171): getNameForPid(2171)=com.android.systemui
09-18 11:01:28.647 D/PhoneStatusBar(2171): getAutoRotateState
09-18 11:01:28.657 D/PhoneStatusBar(2171): enable=true
09-18 11:01:28.657 D/PhoneStatusBar(2171): getRingModState
09-18 11:01:28.657 D/PhoneStatusBar(2171): enable=false
09-18 11:01:28.657 D/ConnectivityService(298): getMobileDataEnabled returning false
09-18 11:01:28.667 D/Debug   (2171): LayoutParams(writeToParcel) false
