build.board: atlas40
build.bootloader: unknown
build.brand: ZTE
build.cpu_abi: armeabi-v7a
build.cpu_abi2: armeabi
build.device: atlas40
build.display: P772N10_VIPV1.0.0B01
build.hardware: atlas40
build.host: zte
build.manufacturer: ZTE
build.model: ZTE Blade III
build.product: P772N10_VIP
build.radio: unknown
build.tags: release-keys
build.type: user
build.user: unknown
version.codename: REL
version.incremental: 20120927.040012.1418
version.release: 4.0.4
version.sdk_int: 15

09-18 10:59:24.125 I/System  (24762): libcore.io.ErrnoException: kill failed: ESRCH (No such process)
09-18 10:59:24.125 I/System  (24762): 	at libcore.io.Posix.kill(Native Method)
09-18 10:59:24.125 I/System  (24762): 	at libcore.io.ForwardingOs.kill(ForwardingOs.java:77)
09-18 10:59:24.125 I/System  (24762): 	at java.lang.ProcessManager$ProcessImpl.destroy(ProcessManager.java:257)
09-18 10:59:24.125 I/System  (24762): 	at com.nolanlawson.logcat.b.i.a(Unknown Source)
09-18 10:59:24.125 I/System  (24762): 	at com.nolanlawson.logcat.b.f.b(Unknown Source)
09-18 10:59:24.125 I/System  (24762): 	at com.nolanlawson.logcat.reader.LogcatReaderLoader.<init>(Unknown Source)
09-18 10:59:24.125 I/System  (24762): 	at com.nolanlawson.logcat.reader.LogcatReaderLoader.a(Unknown Source)
09-18 10:59:24.125 I/System  (24762): 	at com.nolanlawson.logcat.b.l.a(Unknown Source)
09-18 10:59:24.125 I/System  (24762): 	at com.nolanlawson.logcat.b.c.doInBackground(Unknown Source)
09-18 10:59:24.125 I/System  (24762): 	at android.os.AsyncTask$2.call(AsyncTask.java:264)
09-18 10:59:24.125 I/System  (24762): 	at java.util.concurrent.FutureTask$Sync.innerRun(FutureTask.java:305)
09-18 10:59:24.125 I/System  (24762): 	at java.util.concurrent.FutureTask.run(FutureTask.java:137)
09-18 10:59:24.125 I/System  (24762): 	at java.util.concurrent.ThreadPoolExecutor.runWorker(ThreadPoolExecutor.java:1076)
09-18 10:59:24.125 I/System  (24762): 	at java.util.concurrent.ThreadPoolExecutor$Worker.run(ThreadPoolExecutor.java:569)
09-18 10:59:24.125 I/System  (24762): 	at java.lang.Thread.run(Thread.java:856)
09-18 10:59:24.175 W/WindowManager(298): updateFocusedWindowLocked newFocus=Window{42915358 Please wait paused=true} mode=0 mCurrentFocus = Window{42915358 Please wait paused=true}
09-18 10:59:24.315 D/Debug   (2171): LayoutParams(writeToParcel) false
09-18 10:59:24.345 D/Debug   (298): LayoutParams(Parcel in) false
09-18 10:59:24.365 D/Debug   (2171): LayoutParams(writeToParcel) false
09-18 10:59:24.375 D/Debug   (298): LayoutParams(Parcel in) false
09-18 10:59:24.516 D/memalloc(24762): /dev/pmem: Unmapping buffer base:0x61d04000 size:13594624 offset:13189120
09-18 10:59:24.516 D/memalloc(111): /dev/pmem: Freeing buffer base:0x4257e000 size:405504 offset:13189120 fd:69
09-18 10:59:24.516 D/memalloc(24762): /dev/pmem: Unmapping buffer base:0x5c0ad000 size:1142784 offset:737280
09-18 10:59:24.516 W/WindowManager(298): updateFocusedWindowLocked newFocus=Window{41999ce8 com.nolanlawson.logcat/com.nolanlawson.logcat.LogcatActivity paused=false} mode=3 mCurrentFocus = Window{42915358 Please wait paused=true}
09-18 10:59:24.546 I/WindowManager(298): SCREENLAYOUT_SIZE (1:small, 2:normal, 3:large, 4:xlarge) 2
09-18 10:59:24.546 V/PhoneStatusBar(2171): setLightsOn(true)
09-18 10:59:24.566 W/WindowManager(298): updateFocusedWindowLocked newFocus=Window{41999ce8 com.nolanlawson.logcat/com.nolanlawson.logcat.LogcatActivity paused=false} mode=2 mCurrentFocus = Window{41999ce8 com.nolanlawson.logcat/com.nolanlawson.logcat.LogcatActivity paused=false}
09-18 10:59:24.576 W/WindowManager(298): updateFocusedWindowLocked newFocus=Window{41999ce8 com.nolanlawson.logcat/com.nolanlawson.logcat.LogcatActivity paused=false} mode=2 mCurrentFocus = Window{41999ce8 com.nolanlawson.logcat/com.nolanlawson.logcat.LogcatActivity paused=false}
09-18 10:59:24.606 D/memalloc(111): /dev/pmem: Freeing buffer base:0x4199e000 size:405504 offset:737280 fd:60
09-18 10:59:24.966 W/WindowManager(298): updateFocusedWindowLocked newFocus=Window{41999ce8 com.nolanlawson.logcat/com.nolanlawson.logcat.LogcatActivity paused=false} mode=3 mCurrentFocus = Window{41999ce8 com.nolanlawson.logcat/com.nolanlawson.logcat.LogcatActivity paused=false}
09-18 10:59:24.976 D/memalloc(24762): /dev/pmem: Unmapping buffer base:0x5bdad000 size:737280 offset:0
09-18 10:59:24.976 D/memalloc(111): /dev/pmem: Freeing buffer base:0x418ea000 size:737280 offset:0 fd:30
09-18 10:59:24.976 D/memalloc(24762): /dev/pmem: Unmapping buffer base:0x5d1a9000 size:13189120 offset:12451840
09-18 10:59:24.996 D/memalloc(111): /dev/pmem: Freeing buffer base:0x424ca000 size:737280 offset:12451840 fd:54
09-18 10:59:25.126 W/WindowManager(298): updateFocusedWindowLocked newFocus=Window{41999ce8 com.nolanlawson.logcat/com.nolanlawson.logcat.LogcatActivity paused=false} mode=0 mCurrentFocus = Window{41999ce8 com.nolanlawson.logcat/com.nolanlawson.logcat.LogcatActivity paused=false}
09-18 10:59:25.677 D/Debug   (24762): LayoutParams(writeToParcel) false
09-18 10:59:25.677 D/Debug   (298): LayoutParams(Parcel in) false
09-18 10:59:25.677 D/Debug   (24762): LayoutParams(writeToParcel) false
09-18 10:59:25.677 D/Debug   (298): LayoutParams(Parcel in) false
09-18 10:59:25.687 D/memalloc(111): /dev/pmem: Allocated buffer base:0x418ea000 size:110592 offset:2744320 fd:30
09-18 10:59:25.687 W/WindowManager(298): updateFocusedWindowLocked newFocus=Window{41999ce8 com.nolanlawson.logcat/com.nolanlawson.logcat.LogcatActivity paused=false} mode=3 mCurrentFocus = Window{41999ce8 com.nolanlawson.logcat/com.nolanlawson.logcat.LogcatActivity paused=false}
09-18 10:59:25.687 D/PowerManagerService(298): acquireWakeLock flags=0xa tag=KEEP_SCREEN_ON_FLAG
09-18 10:59:25.697 D/memalloc(24762): /dev/pmem: Mapped buffer base:0x5cb0e000 size:2854912 offset:2744320 fd:90
09-18 10:59:25.697 I/Adreno200-EGLSUB(111): <CreateImage:896>: Android Image
09-18 10:59:25.697 I/Adreno200-EGLSUB(111): <GetImageAttributes:1105>: RGBA_8888
09-18 10:59:27.268 I/PhoneWindowManager(298): interceptKeyTi().hapticsEnabled = true
09-18 10:59:27.268 D/PowerManagerService(298): UnPartial  wakeLock  reactivate ,flags=0xa tag=KEEP_SCREEN_ON_FLAG
09-18 10:59:27.469 I/PhoneWindowManager(298): interceptKeyTi().hapticsEnabled = true
09-18 10:59:27.479 I/ActivityManager(298): START {act=android.intent.action.MAIN cat=[android.intent.category.HOME] flg=0x10200000 cmp=com.android.launcher/com.android.launcher2.Launcher} from pid 298
09-18 10:59:27.589 W/WindowManager(298): updateFocusedWindowLocked newFocus=Window{41999ce8 com.nolanlawson.logcat/com.nolanlawson.logcat.LogcatActivity paused=true} mode=3 mCurrentFocus = Window{41999ce8 com.nolanlawson.logcat/com.nolanlawson.logcat.LogcatActivity paused=true}
09-18 10:59:27.599 I/WindowManager(298): SCREENLAYOUT_SIZE (1:small, 2:normal, 3:large, 4:xlarge) 2
09-18 10:59:27.599 E/Launcher(2255): onNewIntent
09-18 10:59:27.599 E/Launcher(2255): onResume
09-18 10:59:27.609 D/Debug   (2255): LayoutParams(writeToParcel) false
09-18 10:59:27.609 W/WindowManager(298): updateFocusedWindowLocked newFocus=null mode=0 mCurrentFocus = Window{41999ce8 com.nolanlawson.logcat/com.nolanlawson.logcat.LogcatActivity paused=true}
09-18 10:59:27.619 D/Debug   (298): LayoutParams(Parcel in) false
09-18 10:59:27.629 I/Adreno200-EGLSUB(2255): <ConfigWindowMatch:2081>: Format RGBA_8888.
09-18 10:59:27.629 D/memalloc(111): /dev/pmem: Allocated buffer base:0x418ea000 size:1536000 offset:6144000 fd:54
09-18 10:59:27.629 W/WindowManager(298): updateFocusedWindowLocked newFocus=null mode=3 mCurrentFocus = null
09-18 10:59:27.639 D/memalloc(2255): /dev/pmem: Mapped buffer base:0x5d7a4000 size:7680000 offset:6144000 fd:50
09-18 10:59:27.679 D/memalloc(111): /dev/pmem: Allocated buffer base:0x418ea000 size:1536000 offset:16773120 fd:60
09-18 10:59:27.679 I/Adreno200-EGLSUB(111): <CreateImage:896>: Android Image
09-18 10:59:27.679 I/Adreno200-EGLSUB(111): <GetImageAttributes:1105>: RGBA_8888
09-18 10:59:27.689 D/memalloc(2255): /dev/pmem: Mapped buffer base:0x5e77d000 size:18309120 offset:16773120 fd:56
09-18 10:59:27.709 W/WindowManager(298): updateFocusedWindowLocked newFocus=Window{4266d190 com.android.launcher/com.android.launcher2.Launcher paused=false} mode=2 mCurrentFocus = null
09-18 10:59:27.709 W/WindowManager(298): updateFocusedWindowLocked newFocus=Window{4266d190 com.android.launcher/com.android.launcher2.Launcher paused=false} mode=2 mCurrentFocus = Window{4266d190 com.android.launcher/com.android.launcher2.Launcher paused=false}
09-18 10:59:27.719 D/memalloc(111): /dev/pmem: Allocated buffer base:0x418ea000 size:1536000 offset:18309120 fd:69
09-18 10:59:27.749 D/memalloc(2255): /dev/pmem: Mapped buffer base:0x5f8f3000 size:19845120 offset:18309120 fd:59
09-18 10:59:27.759 I/Adreno200-EGLSUB(111): <CreateImage:896>: Android Image
09-18 10:59:27.759 I/Adreno200-EGLSUB(111): <GetImageAttributes:1105>: RGBA_8888
09-18 10:59:27.819 I/Adreno200-EGLSUB(111): <CreateImage:896>: Android Image
09-18 10:59:27.819 I/Adreno200-EGLSUB(111): <GetImageAttributes:1105>: RGBA_8888
09-18 10:59:27.929 W/InputManagerService(298): Starting input on non-focused client com.android.internal.view.IInputMethodClient$Stub$Proxy@4180e7f8 (uid=10016 pid=24762)
09-18 10:59:27.959 W/WindowManager(298): updateFocusedWindowLocked newFocus=Window{4266d190 com.android.launcher/com.android.launcher2.Launcher paused=false} mode=3 mCurrentFocus = Window{4266d190 com.android.launcher/com.android.launcher2.Launcher paused=false}
09-18 10:59:27.979 D/memalloc(24762): /dev/pmem: Unmapping buffer base:0x5f2c5000 size:21381120 offset:19845120
09-18 10:59:27.979 D/memalloc(111): /dev/pmem: Freeing buffer base:0x42bd7000 size:1536000 offset:19845120 fd:63
09-18 10:59:27.979 D/memalloc(24762): /dev/pmem: Unmapping buffer base:0x60729000 size:22917120 offset:21381120
09-18 10:59:28.079 D/memalloc(24762): /dev/pmem: Unmapping buffer base:0x5cb0e000 size:2854912 offset:2744320
09-18 10:59:28.079 W/WindowManager(298): updateFocusedWindowLocked newFocus=Window{4266d190 com.android.launcher/com.android.launcher2.Launcher paused=false} mode=3 mCurrentFocus = Window{4266d190 com.android.launcher/com.android.launcher2.Launcher paused=false}
09-18 10:59:28.259 D/memalloc(111): /dev/pmem: Freeing buffer base:0x42d4e000 size:1536000 offset:21381120 fd:66
09-18 10:59:28.630 D/PowerManagerService(298): UnPartial  wakeLock  reactivate ,flags=0xa tag=KEEP_SCREEN_ON_FLAG
09-18 10:59:28.630 D/PowerManagerService(298): releaseWakeLock flags=0xa tag=KEEP_SCREEN_ON_FLAG
09-18 10:59:28.650 D/memalloc(111): /dev/pmem: Freeing buffer base:0x41b88000 size:110592 offset:2744320 fd:30
09-18 10:59:30.181 E/Launcher(2255): wjx __startActivitySafely___intent.com=ComponentInfo{net.inclem.nogo/org.renpy.android.PythonActivity}
09-18 10:59:30.201 I/ActivityManager(298): START {act=android.intent.action.MAIN cat=[android.intent.category.LAUNCHER] flg=0x10000000 pkg=net.inclem.nogo cmp=net.inclem.nogo/org.renpy.android.PythonActivity bnds=[0,98][120,248]} from pid 2255
09-18 10:59:30.431 W/WindowManager(298): updateFocusedWindowLocked newFocus=Window{4266d190 com.android.launcher/com.android.launcher2.Launcher paused=false} mode=3 mCurrentFocus = Window{4266d190 com.android.launcher/com.android.launcher2.Launcher paused=false}
09-18 10:59:30.471 D/memalloc(111): /dev/pmem: Allocated buffer base:0x418ea000 size:1536000 offset:19845120 fd:30
09-18 10:59:30.481 D/memalloc(298): /dev/pmem: Mapped buffer base:0x621a5000 size:21381120 offset:19845120 fd:289
09-18 10:59:30.491 I/Adreno200-EGLSUB(111): <CreateImage:896>: Android Image
09-18 10:59:30.491 I/Adreno200-EGLSUB(111): <GetImageAttributes:1161>: RGBX_8888
09-18 10:59:30.511 I/ActivityManager(298): Start proc net.inclem.nogo:python for activity net.inclem.nogo/org.renpy.android.PythonActivity: pid=24945 uid=10005 gids={1015}
09-18 10:59:30.552 I/WindowManager(298): SCREENLAYOUT_SIZE (1:small, 2:normal, 3:large, 4:xlarge) 2
09-18 10:59:30.562 W/WindowManager(298): updateFocusedWindowLocked newFocus=null mode=0 mCurrentFocus = Window{4266d190 com.android.launcher/com.android.launcher2.Launcher paused=false}
09-18 10:59:30.572 W/WindowManager(298): updateFocusedWindowLocked newFocus=null mode=2 mCurrentFocus = null
09-18 10:59:30.572 W/WindowManager(298): updateFocusedWindowLocked newFocus=null mode=2 mCurrentFocus = null
09-18 10:59:30.702 W/ResourceType(24945): No package identifier when getting value for resource number 0x00000000
09-18 10:59:30.702 V/python  (24945): metadata fullscreen is0
09-18 10:59:30.722 D/memalloc(2255): /dev/pmem: Unmapping buffer base:0x5d7a4000 size:7680000 offset:6144000
09-18 10:59:30.732 D/memalloc(2255): /dev/pmem: Unmapping buffer base:0x5e77d000 size:18309120 offset:16773120
09-18 10:59:30.732 D/memalloc(2255): /dev/pmem: Unmapping buffer base:0x5f8f3000 size:19845120 offset:18309120
09-18 10:59:30.742 D/memalloc(111): /dev/pmem: Freeing buffer base:0x428e9000 size:1536000 offset:16773120 fd:60
09-18 10:59:30.742 D/memalloc(111): /dev/pmem: Freeing buffer base:0x42a60000 size:1536000 offset:18309120 fd:69
09-18 10:59:30.742 W/WindowManager(298): updateFocusedWindowLocked newFocus=null mode=3 mCurrentFocus = null
09-18 10:59:30.772 W/ResourceType(24945): No package identifier when getting value for resource number 0x00000000
09-18 10:59:30.792 D/Debug   (24945): LayoutParams(writeToParcel) false
09-18 10:59:30.792 D/Debug   (298): LayoutParams(Parcel in) false
09-18 10:59:30.802 D/Debug   (24945): LayoutParams(writeToParcel) false
09-18 10:59:30.802 D/Debug   (298): LayoutParams(Parcel in) false
09-18 10:59:30.802 W/WindowManager(298): updateFocusedWindowLocked newFocus=Window{423da008 net.inclem.nogo/org.renpy.android.PythonActivity paused=false} mode=3 mCurrentFocus = null
09-18 10:59:30.822 D/Debug   (24945): LayoutParams(writeToParcel) false
09-18 10:59:30.822 D/Debug   (298): LayoutParams(Parcel in) false
09-18 10:59:30.822 D/Debug   (24945): LayoutParams(writeToParcel) false
09-18 10:59:30.822 D/Debug   (298): LayoutParams(Parcel in) false
09-18 10:59:30.832 W/WindowManager(298): updateFocusedWindowLocked newFocus=Window{423da008 net.inclem.nogo/org.renpy.android.PythonActivity paused=false} mode=3 mCurrentFocus = Window{423da008 net.inclem.nogo/org.renpy.android.PythonActivity paused=false}
09-18 10:59:30.842 I/SDLSurface(24945): surfaceCreated() is not handled :|
09-18 10:59:30.852 D/Debug   (24945): LayoutParams(writeToParcel) false
09-18 10:59:30.852 D/Debug   (298): LayoutParams(Parcel in) false
09-18 10:59:30.862 D/Debug   (24945): LayoutParams(writeToParcel) false
09-18 10:59:30.862 D/Debug   (298): LayoutParams(Parcel in) false
09-18 10:59:30.882 D/memalloc(111): /dev/pmem: Allocated buffer base:0x418ea000 size:1536000 offset:16773120 fd:60
09-18 10:59:30.942 D/memalloc(24945): /dev/pmem: Mapped buffer base:0x5b8f5000 size:18309120 offset:16773120 fd:44
09-18 10:59:31.002 I/Adreno200-EGLSUB(111): <CreateImage:896>: Android Image
09-18 10:59:31.002 I/Adreno200-EGLSUB(111): <GetImageAttributes:1105>: RGBA_8888
09-18 10:59:31.002 I/python  (24945): Starting audio thread
09-18 10:59:31.012 I/ActivityManager(298): Displayed net.inclem.nogo/org.renpy.android.PythonActivity: +538ms
09-18 10:59:31.032 D/memalloc(111): /dev/pmem: Allocated buffer base:0x418ea000 size:1536000 offset:18309120 fd:63
09-18 10:59:31.032 W/WindowManager(298): updateFocusedWindowLocked newFocus=Window{423da008 net.inclem.nogo/org.renpy.android.PythonActivity paused=false} mode=3 mCurrentFocus = Window{423da008 net.inclem.nogo/org.renpy.android.PythonActivity paused=false}
09-18 10:59:31.042 D/memalloc(24945): /dev/pmem: Mapped buffer base:0x5ccb8000 size:19845120 offset:18309120 fd:50
09-18 10:59:31.102 I/Adreno200-EGLSUB(111): <CreateImage:896>: Android Image
09-18 10:59:31.102 I/Adreno200-EGLSUB(111): <GetImageAttributes:1105>: RGBA_8888
09-18 10:59:31.102 W/InputMethodManager(24945): Ignoring onBind: cur seq=1172, given seq=1171
09-18 10:59:31.112 W/SDLSurface(24945): Choose egl configuration
09-18 10:59:31.112 I/SDLSurface(24945): Try to use graphics config R8G8B8A8S8
09-18 10:59:31.112 W/SDLSurface(24945): Create egl context
09-18 10:59:31.192 W/SDLSurface(24945): Create egl surface
09-18 10:59:31.192 I/Adreno200-EGLSUB(24945): <ConfigWindowMatch:2081>: Format RGBA_8888.
09-18 10:59:31.192 D/memalloc(111): /dev/pmem: Allocated buffer base:0x418ea000 size:1474560 offset:21381120 fd:66
09-18 10:59:31.202 D/memalloc(24945): /dev/pmem: Mapped buffer base:0x5e2cd000 size:22855680 offset:21381120 fd:54
09-18 10:59:31.212 D/memalloc(111): /dev/pmem: Freeing buffer base:0x41ec6000 size:1536000 offset:6144000 fd:54
09-18 10:59:31.212 D/memalloc(111): /dev/pmem: Freeing buffer base:0x42bd7000 size:1536000 offset:19845120 fd:30
09-18 10:59:31.212 D/memalloc(298): /dev/pmem: Unmapping buffer base:0x621a5000 size:21381120 offset:19845120
09-18 10:59:31.222 I/libSDL  (24945): Physical screen resolution is 480x762
09-18 10:59:31.222 W/SDLSurface(24945): Done
09-18 10:59:31.442 D/memalloc(111): /dev/pmem: Allocated buffer base:0x418ea000 size:1474560 offset:6144000 fd:30
09-18 10:59:31.442 D/memalloc(24945): /dev/pmem: Mapped buffer base:0x5fba1000 size:7618560 offset:6144000 fd:57
09-18 10:59:31.442 I/Adreno200-EGLSUB(111): <CreateImage:896>: Android Image
09-18 10:59:31.442 I/Adreno200-EGLSUB(111): <GetImageAttributes:1105>: RGBA_8888
09-18 10:59:31.452 I/libSDL  (24945): Physical screen resolution is 480x762
09-18 10:59:31.452 I/python  (24945): Initialize Python for Android
09-18 10:59:31.753 I/python  (24945): ['/data/data/net.inclem.nogo/files/lib/python2.7/site-packages', '/data/data/net.inclem.nogo/files/lib/site-python']
09-18 10:59:31.753 I/python  (24945): Android path ['/data/data/net.inclem.nogo/files/lib/python27.zip', '/data/data/net.inclem.nogo/files/lib/python2.7', '/data/data/net.inclem.nogo/files/lib/python2.7/lib-dynload', '/data/data/net.inclem.nogo/files/lib/python2.7/site-packages', '/data/data/net.inclem.nogo/files', '/data/data/net.inclem.nogo/files/lib/python2.7/site-packages/PIL']
09-18 10:59:31.753 I/python  (24945): Android kivy bootstrap done. __name__ is __main__
09-18 10:59:31.753 I/python  (24945): Run user program, change dir and execute main.py
09-18 10:59:32.043 I/python  (24945): [[1;32mINFO[0m   ] Kivy v1.7.1
09-18 10:59:32.203 I/python  (24945): [[1;32mINFO[0m   ] [Logger      ] Record log in /data/data/net.inclem.nogo/files/.kivy/logs/kivy_13-09-18_6.txt
09-18 10:59:32.203 I/python  (24945): [[1;32mINFO[0m   ] [Factory     ] 144 symbols loaded
09-18 10:59:32.233 I/python  (24945): [[1;36mDEBUG[0m  ] [Cache       ] register <kv.lang> with limit=None, timeout=Nones
09-18 10:59:32.904 I/python  (24945): [[1;36mDEBUG[0m  ] [Cache       ] register <kv.image> with limit=None, timeout=60s
09-18 10:59:32.904 I/python  (24945): [[1;36mDEBUG[0m  ] [Cache       ] register <kv.atlas> with limit=None, timeout=Nones
09-18 10:59:32.954 I/python  (24945):  /data/data/net.inclem.nogo/files/lib/python2.7/site-packages/kivy/core/image/img_pygame.py:11: RuntimeWarning: import cdrom: No module named cdrom
09-18 10:59:32.954 I/python  (24945):  (ImportError: No module named cdrom)
09-18 10:59:33.014 I/python  (24945): [[1;32mINFO[0m   ] [Image       ] Providers: img_tex, img_dds, img_pygame, img_pil, img_gif 
09-18 10:59:33.024 I/python  (24945): [[1;36mDEBUG[0m  ] [Cache       ] register <kv.texture> with limit=1000, timeout=60s
09-18 10:59:33.024 I/python  (24945): [[1;36mDEBUG[0m  ] [Cache       ] register <kv.shader> with limit=1000, timeout=3600s
09-18 10:59:33.064 I/python  (24945): [[1;36mDEBUG[0m  ] [Window      ] Ignored <egl_rpi> (import error)
09-18 10:59:33.104 I/python  (24945): [[1;32mINFO[0m   ] [Window      ] Provider: pygame(['window_egl_rpi'] ignored)
09-18 10:59:33.124 I/python  (24945): [[1;36mDEBUG[0m  ] [WinPygame   ] Set window to fullscreen mode
09-18 10:59:33.124 I/libSDL  (24945): SDL_SetVideoMode(): application requested mode 480x762
09-18 10:59:33.134 I/python  (24945): [[1;36mDEBUG[0m  ] [Window      ] Display driver android
09-18 10:59:33.134 I/python  (24945): [[1;36mDEBUG[0m  ] [Window      ] Actual window size: 480x762
09-18 10:59:33.134 I/python  (24945): [[1;32mINFO[0m   ] [GL          ] OpenGL version <OpenGL ES 2.0 2184622>
09-18 10:59:33.134 I/python  (24945): [[1;32mINFO[0m   ] [GL          ] OpenGL vendor <Qualcomm>
09-18 10:59:33.134 I/python  (24945): [[1;32mINFO[0m   ] [GL          ] OpenGL renderer <Adreno (TM) 200>
09-18 10:59:33.134 I/python  (24945): [[1;32mINFO[0m   ] [GL          ] OpenGL parsed version: 2, 0
09-18 10:59:33.144 I/python  (24945): [[1;32mINFO[0m   ] [GL          ] Texture max size <4096>
09-18 10:59:33.144 I/python  (24945): [[1;32mINFO[0m   ] [GL          ] Texture max units <16>
09-18 10:59:33.184 I/python  (24945): [[1;36mDEBUG[0m  ] [Shader      ] Fragment compiled successfully
09-18 10:59:33.184 I/python  (24945): [[1;36mDEBUG[0m  ] [Shader      ] Vertex compiled successfully
09-18 10:59:33.224 I/python  (24945): [[1;32mINFO[0m   ] [Shader      ] program: <--From Fragment Shader:
09-18 10:59:33.224 I/python  (24945): --From Vertex Shader:
09-18 10:59:33.224 I/python  (24945): Link was successful.>
09-18 10:59:33.224 I/python  (24945): [[1;36mDEBUG[0m  ] [ImagePygame ] Load </data/data/net.inclem.nogo/files/lib/python2.7/site-packages/kivy/data/glsl/default.png>
09-18 10:59:33.234 I/python  (24945): [[1;32mINFO[0m   ] [Support     ] Android install hooks
09-18 10:59:33.234 I/python  (24945): [[1;32mINFO[0m   ] [Window      ] virtual keyboard not allowed, single mode, not docked
09-18 10:59:33.264 I/python  (24945): [[1;32mINFO[0m   ] [Text        ] Provider: pygame
09-18 10:59:33.725 I/python  (24945): [[1;36mDEBUG[0m  ] [Cache       ] register <kv.loader> with limit=500, timeout=60s
09-18 10:59:33.725 I/python  (24945): [[1;32mINFO[0m   ] [Loader      ] using a thread pool of 2 workers
09-18 10:59:33.795 I/python  (24945): [[1;36mDEBUG[0m  ] [Audio       ] register SoundPygame
09-18 10:59:33.795 I/python  (24945): [[1;32mINFO[0m   ] [Audio       ] Providers: audio_pygame (audio_gstreamer, audio_sdl ignored)
09-18 10:59:33.965 I/python  (24945): [[1;32mINFO[0m   ] [OSC         ] using <thread> for socket
09-18 10:59:34.035 I/python  (24945): [[1;36mDEBUG[0m  ] [Cache       ] register <textinput.label> with limit=None, timeout=60.0s
09-18 10:59:34.035 I/python  (24945): [[1;36mDEBUG[0m  ] [Cache       ] register <textinput.width> with limit=None, timeout=60.0s
09-18 10:59:34.055 I/python  (24945): [[1;36mDEBUG[0m  ] [App         ] Loading configuration </sdcard/noGo/nogo.ini>
09-18 10:59:34.065 I/python  (24945): [[1;36mDEBUG[0m  ] [App         ] Loading kv <./goban.kv>
09-18 10:59:35.036 I/python  (24945): ENTERED BUILD()
09-18 10:59:35.096 I/python  (24945): CONSTRUCTED manager and home 0.0620720386505
09-18 10:59:35.096 I/python  (24945): board file is ./media/boards/plain_light.png
09-18 10:59:35.096 I/python  (24945): propagating boardtype plain dark ./media/boards/plain_light.png
09-18 10:59:35.106 I/python  (24945): PROPAGATING VIEW MODE phone
09-18 10:59:35.136 I/python  (24945): [[1;36mDEBUG[0m  ] [Atlas       ] Load </data/data/net.inclem.nogo/files/lib/python2.7/site-packages/kivy/data/../data/images/defaulttheme.atlas>
09-18 10:59:35.156 I/python  (24945): [[1;36mDEBUG[0m  ] [Atlas       ] Need to load 1 images
09-18 10:59:35.166 I/python  (24945): [[1;36mDEBUG[0m  ] [Atlas       ] Load </data/data/net.inclem.nogo/files/lib/python2.7/site-packages/kivy/data/../data/images/defaulttheme-0.png>
09-18 10:59:35.166 I/python  (24945): [[1;36mDEBUG[0m  ] [ImagePygame ] Load </data/data/net.inclem.nogo/files/lib/python2.7/site-packages/kivy/data/../data/images/defaulttheme-0.png>
09-18 10:59:35.226 I/ActivityManager(298): Process com.android.keychain (pid 24316) has died.
09-18 10:59:35.266 I/ActivityManager(298): Process com.android.musicfx (pid 24328) has died.
09-18 10:59:35.476 I/python  (24945): [[1;36mDEBUG[0m  ] [Atlas       ] Load <media/mainimages/mainatlas.atlas>
09-18 10:59:35.496 I/python  (24945): [[1;36mDEBUG[0m  ] [Atlas       ] Need to load 1 images
09-18 10:59:35.496 I/python  (24945): [[1;36mDEBUG[0m  ] [Atlas       ] Load <media/mainimages/mainatlas-0.png>
09-18 10:59:35.496 I/python  (24945): [[1;36mDEBUG[0m  ] [ImagePygame ] Load <media/mainimages/mainatlas-0.png>
09-18 10:59:35.807 I/ActivityManager(298): Process com.google.android.googlequicksearchbox (pid 24406) has died.
09-18 10:59:36.187 W/InputDispatcher(298): channel '418796b0 com.android.vending/com.android.vending.AssetBrowserActivity (server)' ~ Consumer closed input channel or an error occurred.  events=0x8
09-18 10:59:36.187 E/InputDispatcher(298): channel '418796b0 com.android.vending/com.android.vending.AssetBrowserActivity (server)' ~ Channel is unrecoverably broken and will be disposed!
09-18 10:59:36.337 W/InputDispatcher(298): Attempted to unregister already unregistered input channel '418796b0 com.android.vending/com.android.vending.AssetBrowserActivity (server)'
09-18 10:59:36.337 I/WindowManager(298): WINDOW DIED Window{418796b0 com.android.vending/com.android.vending.AssetBrowserActivity paused=false}
09-18 10:59:36.487 W/WindowManager(298): updateFocusedWindowLocked newFocus=Window{423da008 net.inclem.nogo/org.renpy.android.PythonActivity paused=false} mode=0 mCurrentFocus = Window{423da008 net.inclem.nogo/org.renpy.android.PythonActivity paused=false}
09-18 10:59:36.587 W/WindowManager(298): Failed looking up window
09-18 10:59:36.587 W/WindowManager(298): java.lang.IllegalArgumentException: Requested window android.os.BinderProxy@418433b0 does not exist
09-18 10:59:36.587 W/WindowManager(298): 	at com.android.server.wm.WindowManagerService.windowForClientLocked(WindowManagerService.java:7243)
09-18 10:59:36.587 W/WindowManager(298): 	at com.android.server.wm.WindowManagerService.windowForClientLocked(WindowManagerService.java:7234)
09-18 10:59:36.587 W/WindowManager(298): 	at com.android.server.wm.WindowState$DeathRecipient.binderDied(WindowState.java:1545)
09-18 10:59:36.587 W/WindowManager(298): 	at android.os.BinderProxy.sendDeathNotice(Binder.java:417)
09-18 10:59:36.587 W/WindowManager(298): 	at dalvik.system.NativeStart.run(Native Method)
09-18 10:59:36.587 I/WindowManager(298): WIN DEATH: null
09-18 10:59:36.597 I/ActivityManager(298): Process com.android.defcontainer (pid 24389) has died.
09-18 10:59:36.597 I/ActivityManager(298): Process com.android.vending (pid 24572) has died.
09-18 10:59:36.597 I/ActivityManager(298): Process com.google.android.partnersetup (pid 24739) has died.
09-18 10:59:36.708 I/WindowManager(298): WIN DEATH: Window{415fb240 com.android.settings/com.android.settings.Settings paused=false}
09-18 10:59:36.708 I/ActivityManager(298): Process com.android.settings (pid 24019) has died.
09-18 10:59:36.708 W/WindowManager(298): updateFocusedWindowLocked newFocus=Window{423da008 net.inclem.nogo/org.renpy.android.PythonActivity paused=false} mode=0 mCurrentFocus = Window{423da008 net.inclem.nogo/org.renpy.android.PythonActivity paused=false}
09-18 10:59:36.718 I/WindowManager(298): WIN DEATH: Window{41993cc0 com.android.settings/com.android.settings.SubSettings paused=false}
09-18 10:59:36.718 W/WindowManager(298): updateFocusedWindowLocked newFocus=Window{423da008 net.inclem.nogo/org.renpy.android.PythonActivity paused=false} mode=0 mCurrentFocus = Window{423da008 net.inclem.nogo/org.renpy.android.PythonActivity paused=false}
09-18 10:59:38.319 I/ActivityManager(298): Process com.google.android.gsf.login (pid 24004) has died.
09-18 10:59:38.519 I/ActivityManager(298): Process com.google.android.youtube (pid 24148) has died.
09-18 10:59:38.689 I/ActivityManager(298): Process com.dropbox.android (pid 24031) has died.
09-18 10:59:39.050 I/ActivityManager(298): Process com.google.android.apps.uploader (pid 24667) has died.
09-18 10:59:39.080 I/ActivityManager(298): Process android.process.media (pid 24127) has died.
09-18 10:59:39.210 I/ActivityManager(298): Process com.koushikdutta.superuser (pid 24106) has died.
09-18 10:59:39.931 I/ActivityManager(298): Process com.google.android.gms (pid 24343) has died.
09-18 10:59:39.931 I/WindowManager(298): WIN DEATH: Window{4266d190 com.android.launcher/com.android.launcher2.Launcher paused=false}
09-18 10:59:40.021 W/InputDispatcher(298): channel '4266d190 com.android.launcher/com.android.launcher2.Launcher (server)' ~ Consumer closed input channel or an error occurred.  events=0x8
09-18 10:59:40.021 E/InputDispatcher(298): channel '4266d190 com.android.launcher/com.android.launcher2.Launcher (server)' ~ Channel is unrecoverably broken and will be disposed!
09-18 10:59:40.021 W/InputDispatcher(298): Attempted to unregister already unregistered input channel '4266d190 com.android.launcher/com.android.launcher2.Launcher (server)'
09-18 10:59:40.151 W/WindowManager(298): updateFocusedWindowLocked newFocus=Window{423da008 net.inclem.nogo/org.renpy.android.PythonActivity paused=false} mode=0 mCurrentFocus = Window{423da008 net.inclem.nogo/org.renpy.android.PythonActivity paused=false}
09-18 10:59:40.151 I/WindowManager(298): WINDOW DIED Window{4266d190 com.android.launcher/com.android.launcher2.Launcher paused=false}
09-18 10:59:40.151 W/WindowManager(298): updateFocusedWindowLocked newFocus=Window{423da008 net.inclem.nogo/org.renpy.android.PythonActivity paused=false} mode=0 mCurrentFocus = Window{423da008 net.inclem.nogo/org.renpy.android.PythonActivity paused=false}
09-18 10:59:40.161 I/ActivityManager(298): Process com.google.process.location (pid 23776) has died.
09-18 10:59:40.161 W/ActivityManager(298): Scheduling restart of crashed service com.google.android.gms/com.google.android.location.internal.GoogleLocationManagerService in 5000ms
09-18 10:59:40.161 W/ActivityManager(298): Scheduling restart of crashed service com.google.android.gms/com.google.android.location.fused.NlpLocationReceiverService in 5000ms
09-18 10:59:40.161 I/ActivityManager(298): Process com.zte.okb.service:remote (pid 23846) has died.
09-18 10:59:40.161 W/ActivityManager(298): Scheduling restart of crashed service com.zte.okb.service/.RestoreAppService in 5000ms
09-18 10:59:40.161 I/ActivityManager(298): Process com.android.launcher (pid 2255) has died.
09-18 10:59:40.161 I/ActivityManager(298): Process com.android.qualcomm (pid 22410) has died.
09-18 10:59:40.161 W/ActivityManager(298): Scheduling restart of crashed service com.android.qualcomm/.DunService in 5000ms
09-18 10:59:40.711 I/python  (24945): [[1;36mDEBUG[0m  ] [ImagePygame ] Load <media/logo_big.png>
09-18 10:59:41.432 I/python  (24945): RETURNING SM 6.33087205887 6.39294409752
09-18 10:59:41.432 I/python  (24945): ON_START () {} 
09-18 10:59:41.432 I/python  (24945): environment None
09-18 10:59:41.432 I/python  (24945): open_file is 
09-18 10:59:41.442 I/python  (24945): [[1;36mDEBUG[0m  ] [Base        ] Create provider from android
09-18 10:59:41.442 I/python  (24945): [[1;32mINFO[0m   ] [Base        ] Start application main loop
09-18 10:59:41.442 I/python  (24945): [[1;32mINFO[0m   ] [Android     ] found 17 joystick
09-18 10:59:41.442 I/python  (24945): [[1;32mINFO[0m   ] [Android     ] create joystick <0>
09-18 10:59:41.442 I/python  (24945): [[1;32mINFO[0m   ] [Android     ] discard joystick <0> cause no button
09-18 10:59:41.452 I/python  (24945): [[1;32mINFO[0m   ] [Android     ] create joystick <1>
09-18 10:59:41.452 I/python  (24945): [[1;32mINFO[0m   ] [Android     ] create joystick <2>
09-18 10:59:41.452 I/python  (24945): [[1;32mINFO[0m   ] [Android     ] create joystick <3>
09-18 10:59:41.452 I/python  (24945): [[1;32mINFO[0m   ] [Android     ] create joystick <4>
09-18 10:59:41.452 I/python  (24945): [[1;32mINFO[0m   ] [Android     ] create joystick <5>
09-18 10:59:41.452 I/python  (24945): [[1;32mINFO[0m   ] [Android     ] create joystick <6>
09-18 10:59:41.462 I/python  (24945): [[1;32mINFO[0m   ] [Android     ] create joystick <7>
09-18 10:59:41.462 I/python  (24945): [[1;32mINFO[0m   ] [Android     ] create joystick <8>
09-18 10:59:41.462 I/python  (24945): [[1;32mINFO[0m   ] [Android     ] create joystick <9>
09-18 10:59:41.462 I/python  (24945): [[1;32mINFO[0m   ] [Android     ] create joystick <10>
09-18 10:59:41.462 I/python  (24945): [[1;32mINFO[0m   ] [Android     ] create joystick <11>
09-18 10:59:41.462 I/python  (24945): [[1;32mINFO[0m   ] [Android     ] create joystick <12>
09-18 10:59:41.472 I/python  (24945): [[1;32mINFO[0m   ] [Android     ] create joystick <13>
09-18 10:59:41.472 I/python  (24945): [[1;32mINFO[0m   ] [Android     ] create joystick <14>
09-18 10:59:41.472 I/python  (24945): [[1;32mINFO[0m   ] [Android     ] create joystick <15>
09-18 10:59:41.472 I/python  (24945): [[1;32mINFO[0m   ] [Android     ] create joystick <16>
09-18 10:59:41.512 I/python  (24945): [[1;32mINFO[0m   ] [GL          ] NPOT texture support is available
09-18 10:59:41.562 I/python  (24945): [[1;36mDEBUG[0m  ] [ImagePygame ] Load <media/black_pixel.png>
09-18 10:59:41.742 D/memalloc(111): /dev/pmem: Allocated buffer base:0x418ea000 size:1474560 offset:19845120 fd:54
09-18 10:59:41.772 D/memalloc(24945): /dev/pmem: Mapped buffer base:0x6521d000 size:21319680 offset:19845120 fd:69
09-18 10:59:41.772 I/Adreno200-EGLSUB(111): <CreateImage:896>: Android Image
09-18 10:59:41.772 I/Adreno200-EGLSUB(111): <GetImageAttributes:1105>: RGBA_8888
09-18 10:59:41.802 I/Adreno200-EGLSUB(111): <CreateImage:896>: Android Image
09-18 10:59:41.802 I/Adreno200-EGLSUB(111): <GetImageAttributes:1105>: RGBA_8888
09-18 10:59:44.075 I/python  (24945): [[1;36mDEBUG[0m  ] [ImagePygame ] Load <media/blue_press_pixel.png>
09-18 10:59:44.135 I/python  (24945): Opening new_board_dialog
09-18 10:59:44.625 I/python  (24945): [[1;36mDEBUG[0m  ] [ImagePygame ] Load <./media/white_pixel.png>
09-18 10:59:45.196 I/ActivityManager(298): Start proc com.google.process.location for service com.google.android.gms/com.google.android.location.internal.GoogleLocationManagerService: pid=24960 uid=10011 gids={3003, 1015, 1007, 1006, 2001, 3006}
09-18 10:59:45.256 I/ActivityManager(298): Start proc com.zte.okb.service:remote for service com.zte.okb.service/.RestoreAppService: pid=24970 uid=1000 gids={1015, 3002, 3001, 3003, 3007}
09-18 10:59:45.296 I/ActivityManager(298): Start proc com.android.qualcomm for service com.android.qualcomm/.DunService: pid=24981 uid=1000 gids={1015, 3002, 3001, 3003, 3007}
09-18 10:59:45.676 I/ActivityThread(24960): Pub com.google.android.location.reporting: com.google.android.location.reporting.service.ReportingContentProvider
09-18 10:59:45.776 I/ActivityThread(24960): Pub com.google.android.location.internal: com.google.android.location.internal.LocationContentProvider
09-18 10:59:45.906 W/dalvikvm(24981): Refusing to reopen boot DEX '/system/framework/qcrilhook.jar'
09-18 10:59:45.906 W/dalvikvm(24981): Refusing to reopen boot DEX '/system/framework/qcnvitems.jar'
09-18 10:59:46.037 I/ActivityManager(298): Start proc com.google.android.gms for broadcast com.google.android.gms/.init.InitializeGmsReceiver: pid=24996 uid=10011 gids={3003, 1015, 1007, 1006, 2001, 3006}
09-18 10:59:46.067 I/Dun Service(24981): Dun Service Created Successfully
09-18 10:59:46.067 I/Dun Service(24981): /data/dun File Not Found - port_bridge App Not Running
09-18 10:59:46.077 E/Dun Service(24981): Background Service Not Started Successfully ...
09-18 10:59:46.077 I/RestoreAppService(24970): RestoreAppService onCreate 
09-18 10:59:46.217 I/ActivityThread(24996): Pub com.google.android.gms.games.background: com.google.android.gms.games.provider.GamesContentProvider
09-18 10:59:46.247 I/ActivityThread(24996): Pub com.google.android.gms.people: com.google.android.gms.people.service.PeopleContentProvider
09-18 10:59:46.247 I/ActivityThread(24996): Pub com.google.android.gms.appstate: com.google.android.gms.appstate.provider.AppStateContentProvider
09-18 10:59:46.267 D/GeofencerStateMachine(24960): Creating GeofencerStateMachine
09-18 10:59:46.267 I/ActivityThread(24996): Pub com.google.android.gms.people.export: com.google.android.gms.people.debug.PeopleExportProvider
09-18 10:59:46.267 I/ActivityThread(24996): Pub com.google.android.gms.plus;com.google.android.gms.plus.action: com.google.android.gms.plus.provider.PlusProvider
09-18 10:59:46.267 W/dalvikvm(24960): Unable to resolve superclass of Lees; (2294)
09-18 10:59:46.267 W/dalvikvm(24960): Link of class 'Lees;' failed
09-18 10:59:46.267 W/dalvikvm(24960): VFY: unable to find class referenced in signature (Lees;)
09-18 10:59:46.267 W/dalvikvm(24960): Unable to resolve superclass of Lees; (2294)
09-18 10:59:46.277 W/dalvikvm(24960): Link of class 'Lees;' failed
09-18 10:59:46.277 W/dalvikvm(24960): VFY: unable to find class referenced in signature (Lees;)
09-18 10:59:46.277 W/dalvikvm(24960): Unable to resolve superclass of Lees; (2294)
09-18 10:59:46.277 W/dalvikvm(24960): Link of class 'Lees;' failed
09-18 10:59:46.277 W/dalvikvm(24960): VFY: unable to find class referenced in signature (Lees;)
09-18 10:59:46.277 W/dalvikvm(24960): Unable to resolve superclass of Lees; (2294)
09-18 10:59:46.277 W/dalvikvm(24960): Link of class 'Lees;' failed
09-18 10:59:46.277 W/dalvikvm(24960): VFY: unable to resolve static method 28232: Lees;.a ()Lees;
09-18 10:59:46.277 W/dalvikvm(24960): Unable to resolve superclass of Lees; (2294)
09-18 10:59:46.277 W/dalvikvm(24960): Link of class 'Lees;' failed
09-18 10:59:46.287 W/dalvikvm(24960): Unable to resolve superclass of Lees; (2294)
09-18 10:59:46.287 I/ActivityThread(24996): Pub com.google.android.gms.games: com.google.android.gms.games.provider.NotificationStubContentProvider
09-18 10:59:46.287 W/dalvikvm(24960): Link of class 'Lees;' failed
09-18 10:59:46.287 W/dalvikvm(24960): Unable to resolve superclass of Lees; (2294)
09-18 10:59:46.297 W/dalvikvm(24960): Link of class 'Lees;' failed
09-18 10:59:46.297 W/dalvikvm(24960): Unable to resolve superclass of Lees; (2294)
09-18 10:59:46.297 W/dalvikvm(24960): Link of class 'Lees;' failed
09-18 10:59:46.297 W/dalvikvm(24960): Unable to resolve superclass of Lees; (2294)
09-18 10:59:46.297 W/dalvikvm(24960): Link of class 'Lees;' failed
09-18 10:59:46.297 W/dalvikvm(24960): VFY: unable to resolve virtual method 28233: Lees;.b ()Ledx;
09-18 10:59:46.327 W/dalvikvm(24960): VFY: unable to resolve virtual method 3270: Landroid/location/Location;.getElapsedRealtimeNanos ()J
09-18 10:59:46.337 W/dalvikvm(24960): VFY: unable to resolve virtual method 3270: Landroid/location/Location;.getElapsedRealtimeNanos ()J
09-18 10:59:46.367 W/dalvikvm(24960): VFY: unable to resolve virtual method 3287: Landroid/location/Location;.setElapsedRealtimeNanos (J)V
09-18 10:59:46.397 I/Recovery(24996): Received: Intent { act=com.google.android.gms.INITIALIZE flg=0x10 pkg=com.google.android.gms cmp=com.google.android.gms/.auth.be.recovery.AccountRecoveryBackgroundService$Receiver }
09-18 10:59:46.427 I/ActivityManager(298): Start proc com.google.android.gsf.login for service com.google.android.gms/.auth.be.recovery.AccountRecoveryBackgroundService: pid=25027 uid=10011 gids={3003, 1015, 1007, 1006, 2001, 3006}
09-18 10:59:46.437 W/AlarmManager(298): in the set:type  triggerAtTime  operation=2  2067905139  PendingIntent{41cfebb0: PendingIntentRecord{41a33810 com.google.android.gms startService}}
09-18 10:59:46.437 D/AlarmManager(298): +++Alarm set:type=2 com.google.android.gms  Trigger after:1827387387ms
09-18 10:59:46.447 D/GCM     (22169): GcmService start Intent { act=com.google.android.gms.INITIALIZE flg=0x10 pkg=com.google.android.gms cmp=com.google.android.gms/.gcm.GcmService } com.google.android.gms.INITIALIZE
09-18 10:59:46.477 W/AlarmManager(298): in the set:type  triggerAtTime  operation=2  2067905181  PendingIntent{41b07308: PendingIntentRecord{41933708 com.google.android.gms startService}}
09-18 10:59:46.477 D/AlarmManager(298): +++Alarm set:type=2 com.google.android.gms  Trigger after:1827387391ms
09-18 10:59:46.517 W/AlarmManager(298): in the set:type  triggerAtTime  operation=2  2067905227  PendingIntent{41a274f8: PendingIntentRecord{423d37d8 com.google.android.gms startService}}
09-18 10:59:46.527 D/AlarmManager(298): +++Alarm set:type=2 com.google.android.gms  Trigger after:1827387391ms
09-18 10:59:46.577 V/GeofencerHelper(24960): Initializing geofence's system cache.
09-18 10:59:46.677 I/Recovery(24996): Received: Intent { act=com.google.android.gms.INITIALIZE flg=0x10 pkg=com.google.android.gms cmp=com.google.android.gms/.auth.be.recovery.AccountRecoveryBackgroundService$Receiver }
09-18 10:59:46.697 D/GCM     (22169): GcmService start Intent { act=com.google.android.gms.INITIALIZE flg=0x10 pkg=com.google.android.gms cmp=com.google.android.gms/.gcm.GcmService } com.google.android.gms.INITIALIZE
09-18 10:59:46.717 I/Recovery(24996): Received: Intent { act=com.google.android.gms.INITIALIZE flg=0x10 pkg=com.google.android.gms cmp=com.google.android.gms/.auth.be.recovery.AccountRecoveryBackgroundService$Receiver }
09-18 10:59:46.737 D/GCM     (22169): GcmService start Intent { act=com.google.android.gms.INITIALIZE flg=0x10 pkg=com.google.android.gms cmp=com.google.android.gms/.gcm.GcmService } com.google.android.gms.INITIALIZE
09-18 10:59:46.767 E/dalvikvm(25027): Could not find class 'android.os.UserManager', referenced from method xg.b
09-18 10:59:46.777 W/dalvikvm(25027): VFY: unable to resolve check-cast 598 (Landroid/os/UserManager;) in Lxg;
09-18 10:59:46.777 W/dalvikvm(25027): VFY: unable to resolve virtual method 2421: Landroid/accounts/AccountManager;.getAccountsByTypeForPackage (Ljava/lang/String;Ljava/lang/String;)[Landroid/accounts/Account;
09-18 10:59:46.777 E/dalvikvm(25027): Could not find class 'android.os.UserManager', referenced from method xg.c
09-18 10:59:46.777 W/dalvikvm(25027): VFY: unable to resolve check-cast 598 (Landroid/os/UserManager;) in Lxg;
09-18 10:59:46.787 D/GeofenceStateCache(24960): Recovered 0 geofences.
09-18 10:59:46.817 W/AlarmManager(298): in the set:type  triggerAtTime  operation=0  1379525119735  PendingIntent{419d33d8: PendingIntentRecord{41e05680 com.google.android.gms broadcastIntent}}
09-18 10:59:46.817 D/AlarmManager(298): +++Alarm set:type=0 com.google.android.gms  Trigger after:30332904ms
09-18 10:59:46.827 W/AlarmManager(298): in the set:type  triggerAtTime  operation=0  1379525119735  PendingIntent{419d1530: PendingIntentRecord{41e05680 com.google.android.gms broadcastIntent}}
09-18 10:59:46.827 D/AlarmManager(298): +++Alarm set:type=0 com.google.android.gms  Trigger after:30332899ms
09-18 10:59:46.827 W/AlarmManager(298): in the set:type  triggerAtTime  operation=0  1379525119735  PendingIntent{419d05d0: PendingIntentRecord{41e05680 com.google.android.gms broadcastIntent}}
09-18 10:59:46.827 D/AlarmManager(298): +++Alarm set:type=0 com.google.android.gms  Trigger after:30332897ms
09-18 10:59:46.837 I/GeofencerStateMachine(24960): Network location disabled.
09-18 10:59:46.847 W/AlarmManager(298): in the set:type  triggerAtTime  operation=2  2067905557  PendingIntent{417e8080: PendingIntentRecord{423d37d8 com.google.android.gms startService}}
09-18 10:59:46.847 D/AlarmManager(298): +++Alarm set:type=2 com.google.android.gms  Trigger after:1827387391ms
09-18 10:59:47.688 E/Adreno200-ES20(24945): <__load_uniform_float:547>: GL_INVALID_OPERATION
09-18 10:59:47.918 W/AlarmManager(298): in the set:mDescriptor  alarm.type  alarmSeconds   alarmNanoseconds=93  3  240531   301000000
09-18 10:59:47.948 W/AlarmManager(298): in the set:type  triggerAtTime  operation=3  240579255  PendingIntent{41460ef8: PendingIntentRecord{4162e8e8 com.android.phone broadcastIntent}}
09-18 10:59:49.010 I/python  (24945): %% NEW BOARD
09-18 10:59:49.010 I/python  (24945): None SGF collection Pro10 with 8 games 
09-18 10:59:49.010 I/python  (24945): <type 'str'>
09-18 10:59:49.020 I/python  (24945): Finishing lazy loading
09-18 10:59:49.020 I/python  (24945): need to load 8
09-18 10:59:49.020 I/python  (24945): currently doing ./games/Pro10/Pro-1974-5.sgf.json
09-18 10:59:49.030 I/python  (24945): currently doing ./games/Pro10/Pro-1974-6.sgf.json
09-18 10:59:49.030 I/python  (24945): currently doing ./games/Pro10/Pro-1975-1.sgf.json
09-18 10:59:49.030 I/python  (24945): currently doing ./games/Pro10/Pro-1975-3.sgf.json
09-18 10:59:49.040 I/python  (24945): currently doing ./games/Pro10/Pro-1968-2.sgf.json
09-18 10:59:49.040 I/python  (24945): currently doing ./games/Pro10/Pro-1968-1.sgf.json
09-18 10:59:49.050 I/python  (24945): currently doing ./games/Pro10/Pro-1975-2.sgf.json
09-18 10:59:49.050 I/python  (24945): currently doing ./games/Pro10/Sat_Aug_24_21:51:52_2013.sgf.json
09-18 10:59:49.050 I/python  (24945): (lazy) Tried to load sgf that doesn't seem to exist. Skipping.
09-18 10:59:49.050 I/python  (24945): game was ./games/Pro10/Sat_Aug_24_21:51:52_2013.sgf.json
09-18 10:59:49.050 I/python  (24945): Finishing lazy loading
09-18 10:59:49.070 I/python  (24945): Finishing lazy loading
09-18 10:59:49.070 I/python  (24945): Finishing lazy loading
09-18 10:59:49.070 I/python  (24945): t2 - t1 is... 0.0566101074219
09-18 10:59:49.160 I/python  (24945): GuiBoard init, making abstractboard with gridsize 19
09-18 10:59:49.160 I/python  (24945): abstractboard initialised with size 19 19
09-18 10:59:49.190 I/python  (24945): result is 
09-18 10:59:49.190 I/python  (24945): self.display_markers is True
09-18 10:59:49.190 I/python  (24945): ### instructions are {'nodeindex': (0, 1), 'variations': (1, 1), 'nextplayer': 'b'}
09-18 10:59:49.190 I/python  (24945): next_to_play from e
09-18 10:59:49.190 I/python  (24945): --> b
09-18 10:59:49.190 I/python  (24945): result is 
09-18 10:59:49.190 I/python  (24945): Tried to set collectionsgf info when it doesn't exist yet.
09-18 10:59:49.190 I/python  (24945): Trying to remind
09-18 10:59:49.190 I/python  (24945): <__main__.NogoManager object at 0x60a7e8b8>
09-18 10:59:49.190 I/python  (24945): []
09-18 10:59:49.190 I/python  (24945): Tried to refresh collectionsgf before it was created?
09-18 10:59:49.830 I/python  (24945): mysize = [100, 480] -> boardsize-20 =  80
09-18 10:59:49.830 I/python  (24945): mypos =  [0, 0]
09-18 10:59:49.830 I/python  (24945): window size (480, 762)
09-18 10:59:49.830 I/python  (24945): parent <boardview.PhoneBoardView object at 0x64cda8f0>
09-18 10:59:50.031 I/python  (24945): abstractboard initialised with size 19 19
09-18 10:59:50.041 I/python  (24945): New gridsize is 19
09-18 10:59:50.041 I/python  (24945): New abstractboard gridsize 19
09-18 10:59:50.041 I/python  (24945): time_start called
09-18 10:59:50.041 I/python  (24945): new self.ld_markers {}
09-18 10:59:50.041 I/python  (24945): result is 
09-18 10:59:50.051 I/python  (24945): Trying to remind
09-18 10:59:50.051 I/python  (24945): <__main__.NogoManager object at 0x60a7e8b8>
09-18 10:59:50.051 I/python  (24945): []
09-18 10:59:50.051 I/python  (24945): Asked to remind collection refresh SGF collection Pro10 with 8 games
09-18 10:59:50.051 I/python  (24945): Added collection refresh reminder
09-18 10:59:50.051 I/python  (24945): Set homescreen refresh reminder
09-18 10:59:50.051 I/python  (24945): filen from collectionsgf is ./games/Pro10/Wed_Sep_18_10:59:49_2013.sgf
09-18 10:59:50.061 I/python  (24945): timings are
09-18 10:59:50.061 I/python  (24945): 1.04238891602 0.0250849723816 0.95272898674 0.00750684738159 0.000458002090454 0.0566101074219
09-18 10:59:50.071 I/python  (24945): [[1;36mDEBUG[0m  ] [ImagePygame ] Load <media/dull_pixel.png>
09-18 10:59:50.091 I/python  (24945): [[1;36mDEBUG[0m  ] [ImagePygame ] Load <./media/boards/plain_light.png>
09-18 10:59:50.241 I/python  (24945): comment box size changed [40.0, 100]
09-18 10:59:50.341 I/python  (24945): comment box size changed [40.0, 0.0]
09-18 10:59:50.351 I/python  (24945): mysize = [480, 480] -> boardsize-20 =  460
09-18 10:59:50.351 I/python  (24945): mypos =  [0, 222.0]
09-18 10:59:50.351 I/python  (24945): window size (480, 762)
09-18 10:59:50.351 I/python  (24945): parent <boardview.PhoneBoardView object at 0x64cda8f0>
09-18 10:59:50.521 I/python  (24945): comment box size changed [420.0, 151.5]
09-18 10:59:57.818 I/PhoneWindowManager(298): interceptKeyTi().hapticsEnabled = true
09-18 10:59:57.898 I/PhoneWindowManager(298): interceptKeyTi().hapticsEnabled = true
09-18 10:59:59.560 I/python  (24945): Opening new_board_dialog
09-18 10:59:59.990 W/AlarmManager(298): in the set:mDescriptor  alarm.type  alarmSeconds   alarmNanoseconds=93  3  240579   255000000
09-18 11:00:00.000 D/AlarmManager(298): scheduleTimeTickEvent calendar=Wed Sep 18 11:01:00 CEST 2013
09-18 11:00:00.000 D/AlarmManager(298): calendar.getTimeInMillis()1379494860000
09-18 11:00:00.000 W/AlarmManager(298): in the set:type  triggerAtTime  operation=3  240591302  PendingIntent{416b46c8: PendingIntentRecord{416bb7a8 android broadcastIntent}}
09-18 11:00:00.010 D/Clock   (2171): Clock.mIntentReceiver.onReceive - received broadcast: android.intent.action.TIME_TICK
09-18 11:00:00.010 D/Clock   (2171): Clock.updateClock - System.currentTimeMillis: 1379494800023
09-18 11:00:06.056 I/python  (24945): current collections are [SGF collection unsaved with 1 games, SGF collection Pro10 with 8 games, SGF collection IMeijin with 17 games, SGF collection Kisei with 143 games, SGF collection ITengen with 13 games, SGF collection Gosei with 94 games, SGF collection Honinbo with 305 games, SGF collection Shusaku with 59 games, SGF collection Meijin with 238 games, SGF collection CJSuperGo with 115 games, SGF collection Tengen with 107 games, SGF collection Judan with 158 games, SGF collection Oza with 47 games, SGF collection NihonKiin with 10 games]
09-18 11:00:06.056 I/python  (24945): found name unsaved [SGF collection unsaved with 1 games]
09-18 11:00:06.056 I/python  (24945): %% NEW BOARD
